{"id":48171,"date":"2023-12-12T10:57:01","date_gmt":"2023-12-12T09:57:01","guid":{"rendered":"https:\/\/pet-shopping.de\/shop\/produkt\/zeus-mini-trinkbrunnen-fuer-kleine-hunde\/"},"modified":"2023-12-12T10:57:03","modified_gmt":"2023-12-12T09:57:03","slug":"zeus-mini-trinkbrunnen-fuer-kleine-hunde","status":"publish","type":"product","link":"https:\/\/all-pets.de\/shop\/produkt\/zeus-mini-trinkbrunnen-fuer-kleine-hunde\/","title":{"rendered":"Zeus Mini-Trinkbrunnen f\u00fcr kleine Hunde"},"content":{"rendered":"<p>Der Zeus Mini-Trinkbrunnen arbeitet mit flie\u00dfendem Wasser, um Ihr Heimtier dazu zu ermuntern, mehr zu trinken. F\u00fcr die Gesundheit Ihres Tieres ist es wichtig, regelm\u00e4\u00dfig zu trinken, da dies zu einer einwandfreien Nierenfunktion beitr\u00e4gt und das Risiko von Kristallbildungen verhindert, die zu Harnwegserkrankungen f\u00fchren k\u00f6nnen.<\/p>\n<ul>\n<li>Bietet Zugang zu frischem, gefilterten Wasser<\/li>\n<li>Tr\u00e4gt dazu bei, dass ihr Heimtier viel trinkt und gesund bleibt<\/li>\n<li>Filtert Verunreinigungen aus dem Wasser heraus<\/li>\n<li>BPA-frei<\/li>\n<li>Einfach zu reinigen<\/li>\n<li>Niederspannungspumpe<\/li>\n<li>1 Dual-Action Filtereinsatz enthalten <\/li>\n<\/ul>\n<p>Der Zeus Mini-Trinkbrunnen kann einfach auseinander genommen und gereinigt werden. Waschen Sie einfach jedes Teil mit Neutralseife (ohne Chemikalien oder Scheuermittel) mit der Hand ab und sp\u00fclen Sie die Teile gr\u00fcndlich ab. <\/p>\n<p>Ma\u00dfe:<br \/> Grundfl\u00e4che 14 x 14 cm<br \/> H\u00f6he 8,5 cm<\/p>\n","protected":false},"excerpt":{"rendered":"<p>Der Zeus Mini-Trinkbrunnen arbeitet mit flie\u00dfendem Wasser, um Ihr Heimtier dazu zu ermuntern, mehr zu trinken. F\u00fcr die Gesundheit Ihres Tieres ist es wichtig, regelm\u00e4\u00dfig zu trinken, da dies zu einer einwandfreien Nierenfunktion beitr\u00e4gt und das Risiko von Kristallbildungen verhindert, die zu Harnwegserkrankungen f\u00fchren k\u00f6nnen. Bietet Zugang zu frischem, gefilterten Wasser Tr\u00e4gt dazu bei, dass [&hellip;]<\/p>\n","protected":false},"featured_media":33420,"comment_status":"closed","ping_status":"open","template":"","meta":[],"product_cat":[13904],"product_tag":[],"class_list":{"0":"post-48171","1":"product","2":"type-product","3":"status-publish","4":"has-post-thumbnail","6":"product_cat-futterspender-traenken-hundenaepfe-traenken-katzentraenken-trinkbrunnenhundewelt","8":"first","9":"instock","10":"taxable","11":"shipping-taxable","12":"purchasable","13":"product-type-simple"},"_links":{"self":[{"href":"https:\/\/all-pets.de\/shop\/wp-json\/wp\/v2\/product\/48171","targetHints":{"allow":["GET"]}}],"collection":[{"href":"https:\/\/all-pets.de\/shop\/wp-json\/wp\/v2\/product"}],"about":[{"href":"https:\/\/all-pets.de\/shop\/wp-json\/wp\/v2\/types\/product"}],"replies":[{"embeddable":true,"href":"https:\/\/all-pets.de\/shop\/wp-json\/wp\/v2\/comments?post=48171"}],"wp:featuredmedia":[{"embeddable":true,"href":"https:\/\/all-pets.de\/shop\/wp-json\/wp\/v2\/media\/33420"}],"wp:attachment":[{"href":"https:\/\/all-pets.de\/shop\/wp-json\/wp\/v2\/media?parent=48171"}],"wp:term":[{"taxonomy":"product_cat","embeddable":true,"href":"https:\/\/all-pets.de\/shop\/wp-json\/wp\/v2\/product_cat?post=48171"},{"taxonomy":"product_tag","embeddable":true,"href":"https:\/\/all-pets.de\/shop\/wp-json\/wp\/v2\/product_tag?post=48171"}],"curies":[{"name":"wp","href":"https:\/\/api.w.org\/{rel}","templated":true}]}}