{"id":48205,"date":"2023-12-12T10:57:05","date_gmt":"2023-12-12T09:57:05","guid":{"rendered":"https:\/\/pet-shopping.de\/shop\/produkt\/trixie-kuschelsack-xxl-fuer-heizkoerper-dunkelgrau\/"},"modified":"2023-12-12T10:57:09","modified_gmt":"2023-12-12T09:57:09","slug":"trixie-kuschelsack-xxl-fuer-heizkoerper-dunkelgrau","status":"publish","type":"product","link":"https:\/\/all-pets.de\/shop\/produkt\/trixie-kuschelsack-xxl-fuer-heizkoerper-dunkelgrau\/","title":{"rendered":"Trixie Kuschelsack XXL f\u00fcr Heizk\u00f6rper &#8211; dunkelgrau"},"content":{"rendered":"<p><\/p>\n<ul>\n<li>Pl\u00fcsch-Bezug (Polyester)<\/li>\n<li>besonders f\u00fcr gro\u00dfe Katzen geeignet<\/li>\n<li>Wendekissen mit Polyestervlies-F\u00fcllung<\/li>\n<li>Boden und R\u00fcckenteil gepolstert<\/li>\n<li>mit stabilem Metallrahmen<\/li>\n<li>mit verstellbarer Halterung (9\u201312 cm)<\/li>\n<li>f\u00fcr alle g\u00e4ngigen Heizk\u00f6rper<\/li>\n<li>Kissenbezug bei 30\u00b0 waschbar, Rest Handw\u00e4sche<\/li>\n<li>Ma\u00dfe: ca. 55 \u00d7 15 \u00d7 36 cm <\/li>\n<li>Farbe: dunkelgrau<\/li>\n<\/ul>\n","protected":false},"excerpt":{"rendered":"<p>Pl\u00fcsch-Bezug (Polyester) besonders f\u00fcr gro\u00dfe Katzen geeignet Wendekissen mit Polyestervlies-F\u00fcllung Boden und R\u00fcckenteil gepolstert mit stabilem Metallrahmen mit verstellbarer Halterung (9\u201312 cm) f\u00fcr alle g\u00e4ngigen Heizk\u00f6rper Kissenbezug bei 30\u00b0 waschbar, Rest Handw\u00e4sche Ma\u00dfe: ca. 55 \u00d7 15 \u00d7 36 cm Farbe: dunkelgrau<\/p>\n","protected":false},"featured_media":48206,"comment_status":"closed","ping_status":"open","template":"","meta":[],"product_cat":[14257],"product_tag":[],"class_list":{"0":"post-48205","1":"product","2":"type-product","3":"status-publish","4":"has-post-thumbnail","6":"product_cat-heizungsliegen","8":"first","9":"instock","10":"taxable","11":"shipping-taxable","12":"purchasable","13":"product-type-simple"},"_links":{"self":[{"href":"https:\/\/all-pets.de\/shop\/wp-json\/wp\/v2\/product\/48205","targetHints":{"allow":["GET"]}}],"collection":[{"href":"https:\/\/all-pets.de\/shop\/wp-json\/wp\/v2\/product"}],"about":[{"href":"https:\/\/all-pets.de\/shop\/wp-json\/wp\/v2\/types\/product"}],"replies":[{"embeddable":true,"href":"https:\/\/all-pets.de\/shop\/wp-json\/wp\/v2\/comments?post=48205"}],"wp:featuredmedia":[{"embeddable":true,"href":"https:\/\/all-pets.de\/shop\/wp-json\/wp\/v2\/media\/48206"}],"wp:attachment":[{"href":"https:\/\/all-pets.de\/shop\/wp-json\/wp\/v2\/media?parent=48205"}],"wp:term":[{"taxonomy":"product_cat","embeddable":true,"href":"https:\/\/all-pets.de\/shop\/wp-json\/wp\/v2\/product_cat?post=48205"},{"taxonomy":"product_tag","embeddable":true,"href":"https:\/\/all-pets.de\/shop\/wp-json\/wp\/v2\/product_tag?post=48205"}],"curies":[{"name":"wp","href":"https:\/\/api.w.org\/{rel}","templated":true}]}}