{"id":48228,"date":"2023-12-12T10:57:13","date_gmt":"2023-12-12T09:57:13","guid":{"rendered":"https:\/\/pet-shopping.de\/shop\/produkt\/versele-laga-nature-zwerghamster\/"},"modified":"2023-12-12T10:57:15","modified_gmt":"2023-12-12T09:57:15","slug":"versele-laga-nature-zwerghamster","status":"publish","type":"product","link":"https:\/\/all-pets.de\/shop\/produkt\/versele-laga-nature-zwerghamster\/","title":{"rendered":"Versele-Laga Nature Zwerghamster"},"content":{"rendered":"<p><strong><span>Abwechslungsreiche, getreidereiche Mischung f\u00fcr Zwerghamster<br \/> <\/span><\/strong><\/p>\n<ul>\n<li>Mit Mehlw\u00fcrmern als tierische Proteine f\u00fcr eine ausgewogene Ern\u00e4hrung<\/li>\n<li>Zusammensetzung aus Obst und Gem\u00fcse bringt Abwechslung und allen essenziellen Vitamine zum t\u00e4glichen Speiseplan<\/li>\n<li>Mit einer zus\u00e4tzlichen Dosis Vit. E zur St\u00e4rkung der Abwehrkr\u00e4fte<\/li>\n<\/ul>\n<div>\n<div><strong>Anwendung<\/strong><br \/> T\u00e4glich das Futter und Trinkwasser erneuern. Je nach Gr\u00f6\u00dfe und Rasse ist f\u00fcr einen Zwerghamster eine durchschnittliche t\u00e4gliche Futterration von ungef\u00e4hr 10 g angemessen.<\/p>\n<div id=\"corporatebody_1_CompositionTitleDiv\" class=\"tabTitle\"><strong>Zusammensetzung <\/strong><\/div>\n<p>Getreide (Hafer 8%), Saaten, pflanzliche Nebenerzeugnisse, Gem\u00fcse (Erbsen 10%, Pastinak 2%, Porree 1%), pflanzliche Eiwei\u00dfextrakte, Fr\u00fcchte (Ananas 2%, Rosinen 2%), Insekten (Mehlw\u00fcrmer 4%), N\u00fcsse, Mineralstoffe, Kr\u00e4uter, MOS, FOS, Calendula, Traubenkerne<\/p>\n<div id=\"corporatebody_1_ComponentAnalysisTitleDiv\" class=\"tabTitle\"><strong>Analytische Bestandteile<\/strong><\/div>\n<p>Protein 16,5%, Fettgehalt 7,5%, Rohfaser 7,0%, Rohashe 5,0%, Calcium 0,65%, Phosphor 0,35% <\/p>\n<div id=\"corporatebody_1_ToevoegingsMiddelenTitleDiv\" class=\"tabTitle\"> <strong>Zusatzstoffe\/kg:<\/strong><\/p>\n<\/div>\n<div id=\"corporatebody_1_NutritionalInformationTitleDiv\" class=\"tabSubtitle\"><strong>Ern\u00e4hrungsphysiologische Zusatzstoffe<\/strong><\/div>\n<p>Vitamin A 12000 IE, Vitamin D3 1500 IE, Vitamin E 90 mg, 3b103 (Eisen) 110 mg, 3b202 (Jod) 2 mg, E4 (Kupfer) 11 mg, 3b502 (Mangan) 87 mg, 3b603 (Zink) 81 mg, E8 (Selen) 0,24 mg, 3b815 (Selen) 0,14 mg<\/p>\n<div id=\"corporatebody_1_TechnologicalTitleDiv\" class=\"tabSubtitle\"><strong>Technologische Zusatzstoffe<\/strong><\/div>\n<p>Antioxidantien<\/p><\/div>\n<\/div>\n","protected":false},"excerpt":{"rendered":"<p>Abwechslungsreiche, getreidereiche Mischung f\u00fcr Zwerghamster Mit Mehlw\u00fcrmern als tierische Proteine f\u00fcr eine ausgewogene Ern\u00e4hrung Zusammensetzung aus Obst und Gem\u00fcse bringt Abwechslung und allen essenziellen Vitamine zum t\u00e4glichen Speiseplan Mit einer zus\u00e4tzlichen Dosis Vit. E zur St\u00e4rkung der Abwehrkr\u00e4fte Anwendung T\u00e4glich das Futter und Trinkwasser erneuern. Je nach Gr\u00f6\u00dfe und Rasse ist f\u00fcr einen Zwerghamster eine [&hellip;]<\/p>\n","protected":false},"featured_media":1472,"comment_status":"closed","ping_status":"open","template":"","meta":[],"product_cat":[15034],"product_tag":[],"class_list":{"0":"post-48228","1":"product","2":"type-product","3":"status-publish","4":"has-post-thumbnail","6":"product_cat-versele-laga","8":"first","9":"instock","10":"taxable","11":"shipping-taxable","12":"purchasable","13":"product-type-simple"},"_links":{"self":[{"href":"https:\/\/all-pets.de\/shop\/wp-json\/wp\/v2\/product\/48228","targetHints":{"allow":["GET"]}}],"collection":[{"href":"https:\/\/all-pets.de\/shop\/wp-json\/wp\/v2\/product"}],"about":[{"href":"https:\/\/all-pets.de\/shop\/wp-json\/wp\/v2\/types\/product"}],"replies":[{"embeddable":true,"href":"https:\/\/all-pets.de\/shop\/wp-json\/wp\/v2\/comments?post=48228"}],"wp:featuredmedia":[{"embeddable":true,"href":"https:\/\/all-pets.de\/shop\/wp-json\/wp\/v2\/media\/1472"}],"wp:attachment":[{"href":"https:\/\/all-pets.de\/shop\/wp-json\/wp\/v2\/media?parent=48228"}],"wp:term":[{"taxonomy":"product_cat","embeddable":true,"href":"https:\/\/all-pets.de\/shop\/wp-json\/wp\/v2\/product_cat?post=48228"},{"taxonomy":"product_tag","embeddable":true,"href":"https:\/\/all-pets.de\/shop\/wp-json\/wp\/v2\/product_tag?post=48228"}],"curies":[{"name":"wp","href":"https:\/\/api.w.org\/{rel}","templated":true}]}}