{"id":48276,"date":"2023-12-12T10:57:24","date_gmt":"2023-12-12T09:57:24","guid":{"rendered":"https:\/\/pet-shopping.de\/shop\/produkt\/karlie-flamingo-kuehlmatte-fuer-nager\/"},"modified":"2023-12-12T10:57:25","modified_gmt":"2023-12-12T09:57:25","slug":"karlie-flamingo-kuehlmatte-fuer-nager","status":"publish","type":"product","link":"https:\/\/all-pets.de\/shop\/produkt\/karlie-flamingo-kuehlmatte-fuer-nager\/","title":{"rendered":"Karlie Flamingo K\u00fchlmatte f\u00fcr Nager"},"content":{"rendered":"<p>Auch Kleintieren macht die sommerliche Hitze zu schaffen. Die Karlie K\u00fchlmatte f\u00fcr Nager bietet da Abhilfe und sorgt f\u00fcr eine angenehme Abk\u00fchlung. Die Matte wird einfach vor dem Gebrauch f\u00fcr drei bis vier Stunden in den Gefrierschrank gelegt, um das K\u00fchlgel zu aktivieren,\u00a0und dann im K\u00e4fig oder Auslauf platziert. Sie eignet sich f\u00fcr Kaninchen, Meerschweinchen und Frettchen.<\/p>\n<p>Gr\u00f6\u00dfe: ca. 21 x 3,5 cm (Durchmesser x H\u00f6he)<\/p>\n","protected":false},"excerpt":{"rendered":"<p>Auch Kleintieren macht die sommerliche Hitze zu schaffen. Die Karlie K\u00fchlmatte f\u00fcr Nager bietet da Abhilfe und sorgt f\u00fcr eine angenehme Abk\u00fchlung. Die Matte wird einfach vor dem Gebrauch f\u00fcr drei bis vier Stunden in den Gefrierschrank gelegt, um das K\u00fchlgel zu aktivieren,\u00a0und dann im K\u00e4fig oder Auslauf platziert. Sie eignet sich f\u00fcr Kaninchen, Meerschweinchen [&hellip;]<\/p>\n","protected":false},"featured_media":5901,"comment_status":"closed","ping_status":"open","template":"","meta":[],"product_cat":[13841],"product_tag":[],"class_list":{"0":"post-48276","1":"product","2":"type-product","3":"status-publish","4":"has-post-thumbnail","6":"product_cat-betten-haengematten","8":"first","9":"instock","10":"taxable","11":"shipping-taxable","12":"purchasable","13":"product-type-simple"},"_links":{"self":[{"href":"https:\/\/all-pets.de\/shop\/wp-json\/wp\/v2\/product\/48276","targetHints":{"allow":["GET"]}}],"collection":[{"href":"https:\/\/all-pets.de\/shop\/wp-json\/wp\/v2\/product"}],"about":[{"href":"https:\/\/all-pets.de\/shop\/wp-json\/wp\/v2\/types\/product"}],"replies":[{"embeddable":true,"href":"https:\/\/all-pets.de\/shop\/wp-json\/wp\/v2\/comments?post=48276"}],"wp:featuredmedia":[{"embeddable":true,"href":"https:\/\/all-pets.de\/shop\/wp-json\/wp\/v2\/media\/5901"}],"wp:attachment":[{"href":"https:\/\/all-pets.de\/shop\/wp-json\/wp\/v2\/media?parent=48276"}],"wp:term":[{"taxonomy":"product_cat","embeddable":true,"href":"https:\/\/all-pets.de\/shop\/wp-json\/wp\/v2\/product_cat?post=48276"},{"taxonomy":"product_tag","embeddable":true,"href":"https:\/\/all-pets.de\/shop\/wp-json\/wp\/v2\/product_tag?post=48276"}],"curies":[{"name":"wp","href":"https:\/\/api.w.org\/{rel}","templated":true}]}}