{"id":48298,"date":"2023-12-12T10:57:28","date_gmt":"2023-12-12T09:57:28","guid":{"rendered":"https:\/\/pet-shopping.de\/shop\/produkt\/biokats-deo-pearls-cotton-blossom-700g\/"},"modified":"2023-12-12T10:57:29","modified_gmt":"2023-12-12T09:57:29","slug":"biokats-deo-pearls-cotton-blossom-700g","status":"publish","type":"product","link":"https:\/\/all-pets.de\/shop\/produkt\/biokats-deo-pearls-cotton-blossom-700g\/","title":{"rendered":"Biokats Deo Pearls Cotton Blossom 700g"},"content":{"rendered":"<div class=\"std\">Mit Deo Pearls Cotton Blossom erfrischen Sie Ihre Katzentoilette nach Belieben, so oft Sie m\u00f6gen. Tauchen Sie ein in unsere Duftwelten und lassen Sie sich verzaubern von einer harmonischen Kombination aus Baumwollbl\u00fcten und der dezenten Note von Jasmin. Cotton Blossom bringt wie ein sanfter Windhauch jeden Tag einen luftig-leichten Duft nach frisch gewaschener W\u00e4sche in Ihr Zuhause. Deo Pearls Cotton Blossom zeichnen sich durch die AromaProtect Formula\u2122 aus. Diese kapselt zuverl\u00e4ssig unangenehme Ger\u00fcche ein und setzt unseren wohlriechenden Cotton Blossom Duft frei. Die von unseren Experten f\u00fcr Katzenhygiene entwickelte Biokat\u2019s AromaProtect Formula\u2122 sorgt dadurch f\u00fcr eine langanhaltende Geruchsbindung! Au\u00dferdem verst\u00e4rken Deo Pearls Cotton Blossom die Klumpenbildung und erm\u00f6glichen Ihnen somit eine l\u00e4ngere Nutzung der \u00fcblichen Katzenstreu. Dosierungsempfehlung: Nach Belieben gleichm\u00e4\u00dfig \u00fcber die Streu verteilen.<\/div>\n<div class=\"std\"> Hygienemittel f\u00fcr Katzen, a.n.g. <\/div>\n<div class=\"info-list\">\n<ul>\n<li>AromaProtect Formula\u2122 <\/li>\n<li>Aus nat\u00fcrlichem Ton <\/li>\n<li>Feine K\u00f6rnung <\/li>\n<li>Hygiene <\/li>\n<li>Made in Germany <\/li>\n<li>Zusatz f\u00fcr Katzenstreu <\/li>\n<li>Mit Duft <\/li>\n<\/ul>\n<\/div>\n","protected":false},"excerpt":{"rendered":"<p>Mit Deo Pearls Cotton Blossom erfrischen Sie Ihre Katzentoilette nach Belieben, so oft Sie m\u00f6gen. Tauchen Sie ein in unsere Duftwelten und lassen Sie sich verzaubern von einer harmonischen Kombination aus Baumwollbl\u00fcten und der dezenten Note von Jasmin. Cotton Blossom bringt wie ein sanfter Windhauch jeden Tag einen luftig-leichten Duft nach frisch gewaschener W\u00e4sche in [&hellip;]<\/p>\n","protected":false},"featured_media":32116,"comment_status":"closed","ping_status":"open","template":"","meta":[],"product_cat":[14386],"product_tag":[],"class_list":{"0":"post-48298","1":"product","2":"type-product","3":"status-publish","4":"has-post-thumbnail","6":"product_cat-toiletten-zubehoer-toiletten-katzenstreu-katzenstreukatzenwelt","8":"first","9":"instock","10":"taxable","11":"shipping-taxable","12":"purchasable","13":"product-type-simple"},"_links":{"self":[{"href":"https:\/\/all-pets.de\/shop\/wp-json\/wp\/v2\/product\/48298","targetHints":{"allow":["GET"]}}],"collection":[{"href":"https:\/\/all-pets.de\/shop\/wp-json\/wp\/v2\/product"}],"about":[{"href":"https:\/\/all-pets.de\/shop\/wp-json\/wp\/v2\/types\/product"}],"replies":[{"embeddable":true,"href":"https:\/\/all-pets.de\/shop\/wp-json\/wp\/v2\/comments?post=48298"}],"wp:featuredmedia":[{"embeddable":true,"href":"https:\/\/all-pets.de\/shop\/wp-json\/wp\/v2\/media\/32116"}],"wp:attachment":[{"href":"https:\/\/all-pets.de\/shop\/wp-json\/wp\/v2\/media?parent=48298"}],"wp:term":[{"taxonomy":"product_cat","embeddable":true,"href":"https:\/\/all-pets.de\/shop\/wp-json\/wp\/v2\/product_cat?post=48298"},{"taxonomy":"product_tag","embeddable":true,"href":"https:\/\/all-pets.de\/shop\/wp-json\/wp\/v2\/product_tag?post=48298"}],"curies":[{"name":"wp","href":"https:\/\/api.w.org\/{rel}","templated":true}]}}