{"id":48318,"date":"2023-12-12T10:57:32","date_gmt":"2023-12-12T09:57:32","guid":{"rendered":"https:\/\/pet-shopping.de\/shop\/produkt\/trixie-bett-fuer-regale-mit-kratzbrett\/"},"modified":"2023-12-12T10:57:32","modified_gmt":"2023-12-12T09:57:32","slug":"trixie-bett-fuer-regale-mit-kratzbrett","status":"publish","type":"product","link":"https:\/\/all-pets.de\/shop\/produkt\/trixie-bett-fuer-regale-mit-kratzbrett\/","title":{"rendered":"Trixie Bett f\u00fcr Regale mit Kratzbrett"},"content":{"rendered":"<div class=\"mb-3 row\">\n<div class=\"col\">\n<ul>\n<li>\n<ul>\n<ul>\n<li>Pl\u00fcsch-Bezug (Polyester) und Sisalkratzfl\u00e4che<\/li>\n<li>passend f\u00fcr IKEA Kallax<\/li>\n<li>mit Wendekissen<\/li>\n<li>Kissenbezug bei 30\u00b0C waschbar<\/li>\n<li>Ma\u00dfe: ca. 33 \u00d7 48 \u00d7 37 cm<\/li>\n<li>Farbe: lichtgrau<\/li>\n<\/ul>\n<\/ul>\n<\/li>\n<\/ul>\n<\/div>\n<\/div>\n","protected":false},"excerpt":{"rendered":"<p>Pl\u00fcsch-Bezug (Polyester) und Sisalkratzfl\u00e4che passend f\u00fcr IKEA Kallax mit Wendekissen Kissenbezug bei 30\u00b0C waschbar Ma\u00dfe: ca. 33 \u00d7 48 \u00d7 37 cm Farbe: lichtgrau<\/p>\n","protected":false},"featured_media":48319,"comment_status":"closed","ping_status":"open","template":"","meta":[],"product_cat":[15059],"product_tag":[],"class_list":{"0":"post-48318","1":"product","2":"type-product","3":"status-publish","4":"has-post-thumbnail","6":"product_cat-betten-sofas-katzenbetten-katzenkoerbe-kratzbretter-artikelkatzenwelt-kratzbaeume-moebel","8":"first","9":"instock","10":"taxable","11":"shipping-taxable","12":"purchasable","13":"product-type-simple"},"_links":{"self":[{"href":"https:\/\/all-pets.de\/shop\/wp-json\/wp\/v2\/product\/48318","targetHints":{"allow":["GET"]}}],"collection":[{"href":"https:\/\/all-pets.de\/shop\/wp-json\/wp\/v2\/product"}],"about":[{"href":"https:\/\/all-pets.de\/shop\/wp-json\/wp\/v2\/types\/product"}],"replies":[{"embeddable":true,"href":"https:\/\/all-pets.de\/shop\/wp-json\/wp\/v2\/comments?post=48318"}],"wp:featuredmedia":[{"embeddable":true,"href":"https:\/\/all-pets.de\/shop\/wp-json\/wp\/v2\/media\/48319"}],"wp:attachment":[{"href":"https:\/\/all-pets.de\/shop\/wp-json\/wp\/v2\/media?parent=48318"}],"wp:term":[{"taxonomy":"product_cat","embeddable":true,"href":"https:\/\/all-pets.de\/shop\/wp-json\/wp\/v2\/product_cat?post=48318"},{"taxonomy":"product_tag","embeddable":true,"href":"https:\/\/all-pets.de\/shop\/wp-json\/wp\/v2\/product_tag?post=48318"}],"curies":[{"name":"wp","href":"https:\/\/api.w.org\/{rel}","templated":true}]}}