{"id":48337,"date":"2023-12-12T10:57:32","date_gmt":"2023-12-12T09:57:32","guid":{"rendered":"https:\/\/pet-shopping.de\/shop\/produkt\/catit-blumentrinkbrunnen-mit-edelstahleinsatz\/"},"modified":"2023-12-12T10:57:36","modified_gmt":"2023-12-12T09:57:36","slug":"catit-blumentrinkbrunnen-mit-edelstahleinsatz","status":"publish","type":"product","link":"https:\/\/all-pets.de\/shop\/produkt\/catit-blumentrinkbrunnen-mit-edelstahleinsatz\/","title":{"rendered":"Catit Blumentrinkbrunnen mit Edelstahleinsatz"},"content":{"rendered":"<p>Der Catit Trinkbrunnen Blume mit Edelstahleinsatz bietet eine flie\u00dfende Wasserquelle, die Ihre Katze animiert mehr zu trinken.<\/p>\n<p>Der Catit Trinkbrunnen Blume mit Edelstahl besitzt ein praktisches Wasserstandsanzeigefenster, sodass Sie st\u00e4ndig \u00fcberpr\u00fcfen k\u00f6nnen, ob gen\u00fcgend Wasser f\u00fcr Ihren Liebling zur Verf\u00fcgung steht. Insgesamt bietet der Trinkbrunnen Platz f\u00fcr ungef\u00e4hr 3L Wasser. Durch die drei verschiedenen Wasserflusseinstellungen kann der Fluss des Wassers an die Bed\u00fcrfnisse und W\u00fcnsche Ihres Lieblings angepasst werden und bietet auch w\u00e4hlerischen Trinkern eine optimale Wasserquelle. Zudem animiert das flie\u00dfende Wasser Ihren Liebling mehr zu trinken und durch den Filter und die Bewegung des Wasser bleibt dieses langanhaltend frisch. Der Filter enth\u00e4rtet das Wasser und filtert gleichzeitig Schmutz und Verunreinigungen wie zum Beispiel Haare heraus. Dank des LED-Nachtlicht findet Ihr Liebling auch in der Nacht den Weg zum Trinkbrunnen und kann so auch zu sp\u00e4ter Stunde frisches Wasser aufnehmen. Der hochwertige Edelstahleinsatz ist sp\u00fclmaschinengeeignet und somit sehr hygienisch. <\/p>\n<p>Ma\u00dfe: ca. 21,5 x 21,5 x 18,5 cm<br \/>Fassungsverm\u00f6gen: 3L <\/p>\n<p>Passende Ersatz-Filter:<br \/>CATIT 2.0 Dreifachwirkender Trinkbrunnenfilter (unsere Artikelnr.: 43745-HAG-VAR)<\/p>\n","protected":false},"excerpt":{"rendered":"<p>Der Catit Trinkbrunnen Blume mit Edelstahleinsatz bietet eine flie\u00dfende Wasserquelle, die Ihre Katze animiert mehr zu trinken. Der Catit Trinkbrunnen Blume mit Edelstahl besitzt ein praktisches Wasserstandsanzeigefenster, sodass Sie st\u00e4ndig \u00fcberpr\u00fcfen k\u00f6nnen, ob gen\u00fcgend Wasser f\u00fcr Ihren Liebling zur Verf\u00fcgung steht. Insgesamt bietet der Trinkbrunnen Platz f\u00fcr ungef\u00e4hr 3L Wasser. Durch die drei verschiedenen Wasserflusseinstellungen [&hellip;]<\/p>\n","protected":false},"featured_media":23298,"comment_status":"closed","ping_status":"open","template":"","meta":[],"product_cat":[13880],"product_tag":[],"class_list":{"0":"post-48337","1":"product","2":"type-product","3":"status-publish","4":"has-post-thumbnail","6":"product_cat-katzentraenken-trinkbrunnen-katzennaepfe-traenken","8":"first","9":"instock","10":"taxable","11":"shipping-taxable","12":"purchasable","13":"product-type-simple"},"_links":{"self":[{"href":"https:\/\/all-pets.de\/shop\/wp-json\/wp\/v2\/product\/48337","targetHints":{"allow":["GET"]}}],"collection":[{"href":"https:\/\/all-pets.de\/shop\/wp-json\/wp\/v2\/product"}],"about":[{"href":"https:\/\/all-pets.de\/shop\/wp-json\/wp\/v2\/types\/product"}],"replies":[{"embeddable":true,"href":"https:\/\/all-pets.de\/shop\/wp-json\/wp\/v2\/comments?post=48337"}],"wp:featuredmedia":[{"embeddable":true,"href":"https:\/\/all-pets.de\/shop\/wp-json\/wp\/v2\/media\/23298"}],"wp:attachment":[{"href":"https:\/\/all-pets.de\/shop\/wp-json\/wp\/v2\/media?parent=48337"}],"wp:term":[{"taxonomy":"product_cat","embeddable":true,"href":"https:\/\/all-pets.de\/shop\/wp-json\/wp\/v2\/product_cat?post=48337"},{"taxonomy":"product_tag","embeddable":true,"href":"https:\/\/all-pets.de\/shop\/wp-json\/wp\/v2\/product_tag?post=48337"}],"curies":[{"name":"wp","href":"https:\/\/api.w.org\/{rel}","templated":true}]}}