{"id":48388,"date":"2023-12-12T10:57:59","date_gmt":"2023-12-12T09:57:59","guid":{"rendered":"https:\/\/pet-shopping.de\/shop\/produkt\/adaptil-junior-halsband-verstellbar\/"},"modified":"2023-12-12T10:58:00","modified_gmt":"2023-12-12T09:58:00","slug":"adaptil-junior-halsband-verstellbar","status":"publish","type":"product","link":"https:\/\/all-pets.de\/shop\/produkt\/adaptil-junior-halsband-verstellbar\/","title":{"rendered":"Adaptil Junior Halsband &#8211; verstellbar"},"content":{"rendered":"<div class=\"row\">\n<div class=\"col-12\">\n<p><strong>Hilft Ihrem Welpen beim Lernen und der Gew\u00f6hnung an sein neues Umfeld.<\/strong><\/p>\n<p>ADAPTIL\u00ae Junior ist die Produktl\u00f6sung, die Ihrem Welpen hilft sich wohlzuf\u00fchlen und die Erziehung Ihres Welpen erleichtert.<\/p>\n<p>Welpen erleben eine Vielzahl an Herausforderungen &#8211; von der Trennung von derMutterh\u00fcndin, der ersten Autofahrt, neuen Eindr\u00fccken und Situationensowie dem Erlernen der Regeln der neuen Familie.<\/p>\n<p>ADAPTIL\u00ae Juniorist die Produktl\u00f6sung, um Welpen von den ersten N\u00e4chten im neuen Zuhause bis zum Abschluss der Sozialisationsphase Geborgenheit und Sicherheitzu vermitteln. Es erleichtert die Eingew\u00f6hnung, das Lernen und dieErziehung Ihres Welpens zu einem ausgeglichenen, entspannten Mitgliedder Familie.<\/p>\n<p><strong>Das Wichtigste zum Adaptil Junior Halsband im \u00dcberblick:<\/strong><\/p>\n<ul>\n<li>Verstellbares Halsband f\u00fcr Welpen bis ca. 15 kg<\/li>\n<li>F\u00fcr Welpen mit einem Halsumfang von bis zu 37,5 cm<\/li>\n<li>Ein Halsband h\u00e4lt bis zu 4 Wochen<\/li>\n<li>Legen Sie das Halsband ab dem Adoptionstag bis zum Alter von 6 Monaten an<\/li>\n<li>Wissenschaftlich belegt<\/li>\n<li>Von Tier\u00e4rzten empfohlen und entwickelt<\/li>\n<li>Die nichtmedikament\u00f6se Hilfe zum Wohlf\u00fchlen f\u00fcr Welpen und zur Erleichterung ihrer Ausbildung und Entwicklung<\/li>\n<li>Hilft Ihrem Welpen beim Lernen und der Gew\u00f6hnung an sein neues Umfeld<\/li>\n<\/ul>\n<p><strong>Wie funktioniert Adaptil Junior?<\/strong><br \/>Mutterh\u00fcndinnen kommunizieren mit ihren Welpen \u00fcber einen &#8222;nat\u00fcrlichen Botenstoff&#8220;, der in die Umgebungsluft abgegeben wird: &#8222;Entspannungsbotschaft&#8220;(wissenschaftlich bezeichnet als Dog Appeasing Pheromone). Diesegeruchlose Entspannungsbotschaft kann nur von Hunden und weder vonMenschen noch von anderen Tieren wahrgenommen werden. Diese&#8220;Entspannungsbotschaften&#8220; vermitteln Welpen ein starkes Gef\u00fchl vonSicherheit und Geborgenheit.<\/p>\n<p>ADAPTIL\u00ae Junior vermittelt eben diese &#8222;Wohlf\u00fchlbotschaften&#8220;, um Ihrem Welpen ein gutes Gef\u00fchl w\u00e4hrend derErkundung seiner Welt und dem Erlernen der Spielregeln des neuen Lebenszu vermitteln. So hilft ADAPTIL\u00ae Junior, dass sich Ihr Welpe in IhrerFamilie genauso wohlf\u00fchlt wie bei seiner Mutter.<\/p>\n<p>ADAPTIL\u00ae Juniorsorgt daf\u00fcr, dass sich Ihr Welpe wohlf\u00fchlt, und schenkt ihmSelbstvertrauen w\u00e4hrend der Adoptions- und Eingew\u00f6hnungszeit sowieerleichtert die Entwicklung und das Training.<\/p>\n<p>Mit ADAPTIL\u00ae Junior wei\u00df Ihr Welpe, dass er Teil der Familie ist.<\/p>\n<\/div>\n<\/div>\n<div class=\"row\">\n<div class=\"col\">\n<p><strong>Zusammensetzung:<\/strong><\/p>\n<p>Analogon des Hunde-Entspannungs-Pheromons 5 %<\/p>\n<p>Sonstige Bestandteile: q.s. 1 Halsband 100 g<\/p>\n<\/div>\n<\/div>\n<p><strong>\/Anwendungsempfehlung:<\/strong><\/p>\n<p>F\u00fcr Welpen bis ca. 15 kg mit einem Halsumfang bis 37,5 cm.<\/p>\n<p>Adaptil Junior wird ab der Adoption bis zum Alter von 6 Monaten empfohlen.Adaptil Junior sollte ohne Unterbrechung vom Welpen getragen werden.Nach jeweils 1 Monat sollte es durch ein neues Halsband ersetzt werden.<\/p>\n<p><em><strong>Verwenden Sie Adaptil Junior, um Ihrem Welpen in folgenden Situationen zu helfen:<\/strong><\/em><\/p>\n<ul>\n<li><strong>Erste Fahrt ins neue Zuhause:<\/strong> Legen Sie das Adaptil Junior Halsband bereits vor der Fahrt vom Z\u00fcchter ins neue Zuhause an.<\/li>\n<li><strong>N\u00e4chtliches Jaulen:<\/strong> Auf die Trennung von der Mutterh\u00fcndin und die neue Umgebung reagierenviele Welpen mit Jaulen in den ersten N\u00e4chten. Adaptil Junior schenktIhrem Welpen Geborgenheit in den ersten N\u00e4chten. Ihr Welpe schl\u00e4ftschneller durch und sorgt f\u00fcr weniger n\u00e4chtliche Unruhe.<\/li>\n<li><strong>Allein zuhause bleiben:<\/strong> Viele Welpen reagieren gestresst und mit Winseln auf die Abwesenheitdes Besitzers. Gew\u00f6hnen Sie Ihren Welpen schon fr\u00fch daran kurze Zeitauch mal alleine zu bleiben. Adaptil Junior schenkt Ihrem Welpen dabeiSicherheit und Entspannung.<\/li>\n<li><strong>Ungewohnte Situationen:<\/strong> Die neue Umgebung mit unbekannten Eindr\u00fccken und Situationen k\u00f6nnen den Welpen verunsichern. Adaptil Junior hilft Welpen dabei auf ungewohnteSituationen entspannter zu reagieren und sich schneller daran zugew\u00f6hnen.<\/li>\n<li><strong>Erlernen von neuen Regeln:<\/strong> ObStubenreinheit oder Leinentraining in den ersten Wochen muss Ihr Welpeviele, neue Regeln in Ihrer Familie erst lernen. ADAPTIL\u00ae Juniorunterst\u00fctzt ihn dabei und f\u00f6rdert die Lernerfolge.<\/li>\n<li><strong>Sozialisation:<\/strong> Die Sozialisation ist eine entscheidende Entwicklungsphase und findetje nach Rasse zwischen der 6. und 16. Lebenswoche statt. Macht Ihr Welpe in dieser Zeit keine oder negative Erfahrungen, pr\u00e4gen diese ihn f\u00fcrsLeben, \u00c4ngste und unerw\u00fcnschtes Verhalten k\u00f6nnen entstehen. AdaptilJunior hilft Ihrem Welpen die vielen, neuen Reize positiv wahrzunehmenund unterst\u00fctzt die Entwicklung zu einem gut sozialisierten Hund.<\/li>\n<\/ul>\n","protected":false},"excerpt":{"rendered":"<p>Hilft Ihrem Welpen beim Lernen und der Gew\u00f6hnung an sein neues Umfeld. ADAPTIL\u00ae Junior ist die Produktl\u00f6sung, die Ihrem Welpen hilft sich wohlzuf\u00fchlen und die Erziehung Ihres Welpen erleichtert. Welpen erleben eine Vielzahl an Herausforderungen &#8211; von der Trennung von derMutterh\u00fcndin, der ersten Autofahrt, neuen Eindr\u00fccken und Situationensowie dem Erlernen der Regeln der neuen Familie. [&hellip;]<\/p>\n","protected":false},"featured_media":21387,"comment_status":"closed","ping_status":"open","template":"","meta":[],"product_cat":[14332],"product_tag":[],"class_list":{"0":"post-48388","1":"product","2":"type-product","3":"status-publish","4":"has-post-thumbnail","6":"product_cat-adaptil","8":"first","9":"instock","10":"taxable","11":"shipping-taxable","12":"purchasable","13":"product-type-simple"},"_links":{"self":[{"href":"https:\/\/all-pets.de\/shop\/wp-json\/wp\/v2\/product\/48388","targetHints":{"allow":["GET"]}}],"collection":[{"href":"https:\/\/all-pets.de\/shop\/wp-json\/wp\/v2\/product"}],"about":[{"href":"https:\/\/all-pets.de\/shop\/wp-json\/wp\/v2\/types\/product"}],"replies":[{"embeddable":true,"href":"https:\/\/all-pets.de\/shop\/wp-json\/wp\/v2\/comments?post=48388"}],"wp:featuredmedia":[{"embeddable":true,"href":"https:\/\/all-pets.de\/shop\/wp-json\/wp\/v2\/media\/21387"}],"wp:attachment":[{"href":"https:\/\/all-pets.de\/shop\/wp-json\/wp\/v2\/media?parent=48388"}],"wp:term":[{"taxonomy":"product_cat","embeddable":true,"href":"https:\/\/all-pets.de\/shop\/wp-json\/wp\/v2\/product_cat?post=48388"},{"taxonomy":"product_tag","embeddable":true,"href":"https:\/\/all-pets.de\/shop\/wp-json\/wp\/v2\/product_tag?post=48388"}],"curies":[{"name":"wp","href":"https:\/\/api.w.org\/{rel}","templated":true}]}}