{"id":48465,"date":"2023-12-12T10:58:08","date_gmt":"2023-12-12T09:58:08","guid":{"rendered":"https:\/\/pet-shopping.de\/shop\/produkt\/catit-pixi-trinkbrunnen-rosa\/"},"modified":"2023-12-12T10:58:16","modified_gmt":"2023-12-12T09:58:16","slug":"catit-pixi-trinkbrunnen-rosa","status":"publish","type":"product","link":"https:\/\/all-pets.de\/shop\/produkt\/catit-pixi-trinkbrunnen-rosa\/","title":{"rendered":"Catit PIXI Trinkbrunnen &#8211; Rosa"},"content":{"rendered":"<p>Wasserversorgung in ihrer sch\u00f6nsten Form<br \/>Der Catit PIXI Trinkbrunnen versorgt deine Katze kontinuierlich mitfrischem, sauberem Wasser. Flie\u00dfendes Wasser regt Katzen dazu an, mehrzu trinken, was dazu beitr\u00e4gt, Harnwegserkrankungen vorzubeugen.<\/p>\n<p>Dreifach wirksame Filterung<br \/>Der enthaltene Filter entfernt Schmutzpartikel, Ger\u00fcche undVerunreinigungen aus dem Trinkwasser deiner Katze. Au\u00dferdem enth\u00e4rtet er das Wasser, indem er den Magnesium- und Kalziumgehalt im Wasserreduziert.<\/p>\n<p>Ein Blick auf PIXIs Nase und du wei\u00dft Bescheid:<br \/>Wei\u00df: Nachtlicht<br \/>Rot blinkend: Zeit zum Nachf\u00fcllen des Wassers<br \/>Rot: Kein Wasser  automatische Abschaltung<\/p>\n<p>Ergonomische Trinkoptionen f\u00fcr maximalen Komfort<br \/>Der PIXI Trinkbrunnen erm\u00f6glicht es deiner Katze bequem zu trinken, ohne dass sie ihren Kopf komisch abknicken muss. Stecke einfach denD\u00fcsenkopf auf, um einen bogenf\u00f6rmigen Wasserstrom zu erzeugen.<\/p>\n<p>Schnurrhaarfreundliche Trinkoberfl\u00e4che <\/p>\n<p>Deine Katze kann trinken, auch wenn der Trinkbrunnen ausgeschaltet ist<\/p>\n<p>So leise wie ein M\u00e4uschen <br \/>Da die Trinkbrunnenpumpe im Reservoir aufgeh\u00e4ngt ist, l\u00e4uft sie superleise.<\/p>\n<p>Ma\u00dfe: ca. 20,5 x 20,5 x 17 cm<br \/>Kapazit\u00e4t des Reservoirs: 2,5L<\/p>\n<p>USB-Anschluss mit DC 5V 1A<br \/>Adapter < 1 W\n\nFarbe: Rosa<\/p>\n","protected":false},"excerpt":{"rendered":"<p>Wasserversorgung in ihrer sch\u00f6nsten FormDer Catit PIXI Trinkbrunnen versorgt deine Katze kontinuierlich mitfrischem, sauberem Wasser. Flie\u00dfendes Wasser regt Katzen dazu an, mehrzu trinken, was dazu beitr\u00e4gt, Harnwegserkrankungen vorzubeugen. Dreifach wirksame FilterungDer enthaltene Filter entfernt Schmutzpartikel, Ger\u00fcche undVerunreinigungen aus dem Trinkwasser deiner Katze. Au\u00dferdem enth\u00e4rtet er das Wasser, indem er den Magnesium- und Kalziumgehalt im Wasserreduziert. [&hellip;]<\/p>\n","protected":false},"featured_media":48466,"comment_status":"closed","ping_status":"open","template":"","meta":[],"product_cat":[13880],"product_tag":[],"class_list":{"0":"post-48465","1":"product","2":"type-product","3":"status-publish","4":"has-post-thumbnail","6":"product_cat-katzentraenken-trinkbrunnen-katzennaepfe-traenken","8":"first","9":"instock","10":"taxable","11":"shipping-taxable","12":"purchasable","13":"product-type-simple"},"_links":{"self":[{"href":"https:\/\/all-pets.de\/shop\/wp-json\/wp\/v2\/product\/48465","targetHints":{"allow":["GET"]}}],"collection":[{"href":"https:\/\/all-pets.de\/shop\/wp-json\/wp\/v2\/product"}],"about":[{"href":"https:\/\/all-pets.de\/shop\/wp-json\/wp\/v2\/types\/product"}],"replies":[{"embeddable":true,"href":"https:\/\/all-pets.de\/shop\/wp-json\/wp\/v2\/comments?post=48465"}],"wp:featuredmedia":[{"embeddable":true,"href":"https:\/\/all-pets.de\/shop\/wp-json\/wp\/v2\/media\/48466"}],"wp:attachment":[{"href":"https:\/\/all-pets.de\/shop\/wp-json\/wp\/v2\/media?parent=48465"}],"wp:term":[{"taxonomy":"product_cat","embeddable":true,"href":"https:\/\/all-pets.de\/shop\/wp-json\/wp\/v2\/product_cat?post=48465"},{"taxonomy":"product_tag","embeddable":true,"href":"https:\/\/all-pets.de\/shop\/wp-json\/wp\/v2\/product_tag?post=48465"}],"curies":[{"name":"wp","href":"https:\/\/api.w.org\/{rel}","templated":true}]}}