{"id":48529,"date":"2023-12-12T10:58:29","date_gmt":"2023-12-12T09:58:29","guid":{"rendered":"https:\/\/pet-shopping.de\/shop\/produkt\/kerbl-kletterwand-alps-4-teilig\/"},"modified":"2023-12-12T10:58:30","modified_gmt":"2023-12-12T09:58:30","slug":"kerbl-kletterwand-alps-4-teilig","status":"publish","type":"product","link":"https:\/\/all-pets.de\/shop\/produkt\/kerbl-kletterwand-alps-4-teilig\/","title":{"rendered":"Kerbl Kletterwand Alps 4-teilig"},"content":{"rendered":"<div class=\"col-xl\">\n<div id=\"BodyContentPlaceHolder_BodyContentPlaceHolder_ctl00_ProductDescriptionCtrl\" class=\"item-desc has-mb\">\n<div class=\"smlMain\">\n<ul style=\"padding-left: 20px\">\n<li class=\"smlP\">4-teilig<\/li>\n<li class=\"smlP\">Trittstufe mit Sisal: 15 cm, \u00d8 9 cm<\/li>\n<li class=\"smlP\">Liegebrett mit abnehmbarem Kissen: 40 x 31 cm<\/li>\n<li class=\"smlP\">Sisals\u00e4ule als Rampe: 50 cm, \u00d8 9 cm<\/li>\n<li class=\"smlP\">H\u00e4ngematte: 35 x 33 cm<\/li>\n<li class=\"smlP\">Material: Massivholz<\/li>\n<li> zur Wandbefestigung<\/li>\n<li> Sisal an der S\u00e4ule verklebt<\/li>\n<\/ul>\n<\/div>\n<\/div>\n<\/div>\n<div class=\"col-xl\"> <\/div>\n","protected":false},"excerpt":{"rendered":"<p>4-teilig Trittstufe mit Sisal: 15 cm, \u00d8 9 cm Liegebrett mit abnehmbarem Kissen: 40 x 31 cm Sisals\u00e4ule als Rampe: 50 cm, \u00d8 9 cm H\u00e4ngematte: 35 x 33 cm Material: Massivholz zur Wandbefestigung Sisal an der S\u00e4ule verklebt<\/p>\n","protected":false},"featured_media":48530,"comment_status":"closed","ping_status":"open","template":"","meta":[],"product_cat":[15080],"product_tag":[],"class_list":{"0":"post-48529","1":"product","2":"type-product","3":"status-publish","4":"has-post-thumbnail","6":"product_cat-wandmoebel-kratzbaeume-moebel-kratzbretter-artikelkatzenwelt-kratzbaeume-moebel","8":"first","9":"instock","10":"taxable","11":"shipping-taxable","12":"purchasable","13":"product-type-simple"},"_links":{"self":[{"href":"https:\/\/all-pets.de\/shop\/wp-json\/wp\/v2\/product\/48529","targetHints":{"allow":["GET"]}}],"collection":[{"href":"https:\/\/all-pets.de\/shop\/wp-json\/wp\/v2\/product"}],"about":[{"href":"https:\/\/all-pets.de\/shop\/wp-json\/wp\/v2\/types\/product"}],"replies":[{"embeddable":true,"href":"https:\/\/all-pets.de\/shop\/wp-json\/wp\/v2\/comments?post=48529"}],"wp:featuredmedia":[{"embeddable":true,"href":"https:\/\/all-pets.de\/shop\/wp-json\/wp\/v2\/media\/48530"}],"wp:attachment":[{"href":"https:\/\/all-pets.de\/shop\/wp-json\/wp\/v2\/media?parent=48529"}],"wp:term":[{"taxonomy":"product_cat","embeddable":true,"href":"https:\/\/all-pets.de\/shop\/wp-json\/wp\/v2\/product_cat?post=48529"},{"taxonomy":"product_tag","embeddable":true,"href":"https:\/\/all-pets.de\/shop\/wp-json\/wp\/v2\/product_tag?post=48529"}],"curies":[{"name":"wp","href":"https:\/\/api.w.org\/{rel}","templated":true}]}}