{"id":48543,"date":"2023-12-12T10:58:29","date_gmt":"2023-12-12T09:58:29","guid":{"rendered":"https:\/\/pet-shopping.de\/shop\/produkt\/trixie-silikon-finger-zahnbuersten-set\/"},"modified":"2023-12-12T10:58:33","modified_gmt":"2023-12-12T09:58:33","slug":"trixie-silikon-finger-zahnbuersten-set","status":"publish","type":"product","link":"https:\/\/all-pets.de\/shop\/produkt\/trixie-silikon-finger-zahnbuersten-set\/","title":{"rendered":"Trixie Silikon-Finger-Zahnb\u00fcrsten-Set"},"content":{"rendered":"<ul>\n<li>f\u00fcr Hunde und Katzen<\/li>\n<li>Zahn- und Massageb\u00fcrste zum Aufsetzen auf den Finger<\/li>\n<li>besonders f\u00fcr empfindliches Zahnfleisch geeignet<\/li>\n<li>Gr\u00f6\u00dfe: ca. 6 cm<\/li>\n<li>Inhalt: 2 St\u00fcck<\/li>\n<\/ul>\n","protected":false},"excerpt":{"rendered":"<p>f\u00fcr Hunde und Katzen Zahn- und Massageb\u00fcrste zum Aufsetzen auf den Finger besonders f\u00fcr empfindliches Zahnfleisch geeignet Gr\u00f6\u00dfe: ca. 6 cm Inhalt: 2 St\u00fcck<\/p>\n","protected":false},"featured_media":48544,"comment_status":"closed","ping_status":"open","template":"","meta":[],"product_cat":[14156],"product_tag":[],"class_list":{"0":"post-48543","1":"product","2":"type-product","3":"status-publish","4":"has-post-thumbnail","6":"product_cat-zahnpflege-pflege-gesundheit-zahnpflegekatzenwelt","8":"first","9":"instock","10":"taxable","11":"shipping-taxable","12":"purchasable","13":"product-type-simple"},"_links":{"self":[{"href":"https:\/\/all-pets.de\/shop\/wp-json\/wp\/v2\/product\/48543","targetHints":{"allow":["GET"]}}],"collection":[{"href":"https:\/\/all-pets.de\/shop\/wp-json\/wp\/v2\/product"}],"about":[{"href":"https:\/\/all-pets.de\/shop\/wp-json\/wp\/v2\/types\/product"}],"replies":[{"embeddable":true,"href":"https:\/\/all-pets.de\/shop\/wp-json\/wp\/v2\/comments?post=48543"}],"wp:featuredmedia":[{"embeddable":true,"href":"https:\/\/all-pets.de\/shop\/wp-json\/wp\/v2\/media\/48544"}],"wp:attachment":[{"href":"https:\/\/all-pets.de\/shop\/wp-json\/wp\/v2\/media?parent=48543"}],"wp:term":[{"taxonomy":"product_cat","embeddable":true,"href":"https:\/\/all-pets.de\/shop\/wp-json\/wp\/v2\/product_cat?post=48543"},{"taxonomy":"product_tag","embeddable":true,"href":"https:\/\/all-pets.de\/shop\/wp-json\/wp\/v2\/product_tag?post=48543"}],"curies":[{"name":"wp","href":"https:\/\/api.w.org\/{rel}","templated":true}]}}