{"id":48547,"date":"2023-12-12T10:58:29","date_gmt":"2023-12-12T09:58:29","guid":{"rendered":"https:\/\/pet-shopping.de\/shop\/produkt\/dokas-snack-kaustange-mit-entenbrust-50g\/"},"modified":"2023-12-12T10:58:34","modified_gmt":"2023-12-12T09:58:34","slug":"dokas-snack-kaustange-mit-entenbrust-50g","status":"publish","type":"product","link":"https:\/\/all-pets.de\/shop\/produkt\/dokas-snack-kaustange-mit-entenbrust-50g\/","title":{"rendered":"Dokas Snack Kaustange mit Entenbrust 50g"},"content":{"rendered":"<div class=\"row\">\n<div class=\"col-12\">\n<p>Kaustangen &#8211; Rinderhautstangen mit feinemEntenbrustfilet umwickelt, sorgen f\u00fcr ein un\u00fcbertreffliches Kauerlebnis. Durch intensives Kauen wird die Muskulatur gest\u00e4rkt und nebenbei k\u00f6nnen die Kaustangen noch die t\u00e4gliche Zahnpflege unterst\u00fctzen.<\/p>\n<\/div>\n<\/div>\n<div class=\"row\">\n<div class=\"col\">\n<p>54 % Rinderhaut, 41 % Entenbrustfilet, pflanzliche Nebenerzeugnisse, Mineralstoffe<\/p>\n<p>Rohprotein: 83,4%  Rohfett: 2,6%  Rohfaser: 0,5%  Feuchtigkeit: 15,0%<\/p>\n<\/div>\n<\/div>\n<div class=\"row\">\n<div class=\"col\">\n<p>Als Belohnung zwischen den \u00fcblichen Mahlzeiten.Reduzierung der t\u00e4glichen Futtermenge nach Bedarf (Siehe Energieangabe). Stets ausreichend Trinkwasser bereitstellen. Nach Anbruch bitte k\u00fchlund trocken lagern. Frischebeutel verschlie\u00dfen und Inhalt baldverf\u00fcttern. Der im Beutel befindliche Absorber dient der Frische desProduktes und ist nicht zum Verzehr geeignet. Den Snack unter Aufsichtf\u00fcttern.<\/p>\n<\/div>\n<\/div>\n","protected":false},"excerpt":{"rendered":"<p>Kaustangen &#8211; Rinderhautstangen mit feinemEntenbrustfilet umwickelt, sorgen f\u00fcr ein un\u00fcbertreffliches Kauerlebnis. Durch intensives Kauen wird die Muskulatur gest\u00e4rkt und nebenbei k\u00f6nnen die Kaustangen noch die t\u00e4gliche Zahnpflege unterst\u00fctzen. 54 % Rinderhaut, 41 % Entenbrustfilet, pflanzliche Nebenerzeugnisse, Mineralstoffe Rohprotein: 83,4% Rohfett: 2,6% Rohfaser: 0,5% Feuchtigkeit: 15,0% Als Belohnung zwischen den \u00fcblichen Mahlzeiten.Reduzierung der t\u00e4glichen Futtermenge nach [&hellip;]<\/p>\n","protected":false},"featured_media":48548,"comment_status":"closed","ping_status":"open","template":"","meta":[],"product_cat":[13814],"product_tag":[],"class_list":{"0":"post-48547","1":"product","2":"type-product","3":"status-publish","4":"has-post-thumbnail","6":"product_cat-dokas","8":"first","9":"instock","10":"taxable","11":"shipping-taxable","12":"purchasable","13":"product-type-simple"},"_links":{"self":[{"href":"https:\/\/all-pets.de\/shop\/wp-json\/wp\/v2\/product\/48547","targetHints":{"allow":["GET"]}}],"collection":[{"href":"https:\/\/all-pets.de\/shop\/wp-json\/wp\/v2\/product"}],"about":[{"href":"https:\/\/all-pets.de\/shop\/wp-json\/wp\/v2\/types\/product"}],"replies":[{"embeddable":true,"href":"https:\/\/all-pets.de\/shop\/wp-json\/wp\/v2\/comments?post=48547"}],"wp:featuredmedia":[{"embeddable":true,"href":"https:\/\/all-pets.de\/shop\/wp-json\/wp\/v2\/media\/48548"}],"wp:attachment":[{"href":"https:\/\/all-pets.de\/shop\/wp-json\/wp\/v2\/media?parent=48547"}],"wp:term":[{"taxonomy":"product_cat","embeddable":true,"href":"https:\/\/all-pets.de\/shop\/wp-json\/wp\/v2\/product_cat?post=48547"},{"taxonomy":"product_tag","embeddable":true,"href":"https:\/\/all-pets.de\/shop\/wp-json\/wp\/v2\/product_tag?post=48547"}],"curies":[{"name":"wp","href":"https:\/\/api.w.org\/{rel}","templated":true}]}}