{"id":48683,"date":"2023-12-12T10:58:50","date_gmt":"2023-12-12T09:58:50","guid":{"rendered":"https:\/\/pet-shopping.de\/shop\/produkt\/trixie-geruchsneutralisierer-750ml\/"},"modified":"2023-12-12T10:59:01","modified_gmt":"2023-12-12T09:59:01","slug":"trixie-geruchsneutralisierer-750ml","status":"publish","type":"product","link":"https:\/\/all-pets.de\/shop\/produkt\/trixie-geruchsneutralisierer-750ml\/","title":{"rendered":"Trixie Geruchsneutralisierer &#8211; 750ml"},"content":{"rendered":"<ul>\n<li>f\u00fcr die Anwendung auf Oberfl\u00e4chen wie Teppichen, Vorh\u00e4ngen und Polstern<\/li>\n<li>gegen Ger\u00fcche von Haustieren, wie z. B. Urin, Kot und Erbrochenes<\/li>\n<li>geruchsneutralisierende Inhaltsstoffe beseitigen unangenehme Ger\u00fcche, statt sie nur zu \u00fcberdecken<\/li>\n<li>hinterl\u00e4sst einen leichten, frischen Geruch<\/li>\n<li>Inhalt: 750 ml<\/li>\n<\/ul>\n<div class=\"infotextWrap\">Inhaltsstoffe gem. Wasch- und Reinigungsmittelgesetz: AQUA, ALCOHOL, PEG-40-HDROGENATED CASTOR OIL, PARFUM, MEK, SODIUM CITRATE (INCI-Bezeichnungen. Entsprechende Bezeichnungen gem\u00e4\u00df EU-Arzneibuch und CAS-Nummern finden Sie in der Datenbank ?CosIng? der Europ\u00e4ischen Kommission und einen Link dorthin unter ?Mehr Informationen?)<\/div><\/p>\n","protected":false},"excerpt":{"rendered":"<p>f\u00fcr die Anwendung auf Oberfl\u00e4chen wie Teppichen, Vorh\u00e4ngen und Polstern gegen Ger\u00fcche von Haustieren, wie z. B. Urin, Kot und Erbrochenes geruchsneutralisierende Inhaltsstoffe beseitigen unangenehme Ger\u00fcche, statt sie nur zu \u00fcberdecken hinterl\u00e4sst einen leichten, frischen Geruch Inhalt: 750 ml Inhaltsstoffe gem. Wasch- und Reinigungsmittelgesetz: AQUA, ALCOHOL, PEG-40-HDROGENATED CASTOR OIL, PARFUM, MEK, SODIUM CITRATE (INCI-Bezeichnungen. Entsprechende [&hellip;]<\/p>\n","protected":false},"featured_media":48684,"comment_status":"closed","ping_status":"open","template":"","meta":[],"product_cat":[15106],"product_tag":[],"class_list":{"0":"post-48683","1":"product","2":"type-product","3":"status-publish","4":"has-post-thumbnail","6":"product_cat-nuetzliche-helfer-haus-hof-reinigen-trocknenhundewelt-pflege-gesundheit-reinigen-trocknenkatzenwelt-fellpflege-pflege-gesundheit-hygiene-reinigunghundewelt-hundetoiletten-hygiene-vogelwelt","8":"first","9":"instock","10":"taxable","11":"shipping-taxable","12":"purchasable","13":"product-type-simple"},"_links":{"self":[{"href":"https:\/\/all-pets.de\/shop\/wp-json\/wp\/v2\/product\/48683","targetHints":{"allow":["GET"]}}],"collection":[{"href":"https:\/\/all-pets.de\/shop\/wp-json\/wp\/v2\/product"}],"about":[{"href":"https:\/\/all-pets.de\/shop\/wp-json\/wp\/v2\/types\/product"}],"replies":[{"embeddable":true,"href":"https:\/\/all-pets.de\/shop\/wp-json\/wp\/v2\/comments?post=48683"}],"wp:featuredmedia":[{"embeddable":true,"href":"https:\/\/all-pets.de\/shop\/wp-json\/wp\/v2\/media\/48684"}],"wp:attachment":[{"href":"https:\/\/all-pets.de\/shop\/wp-json\/wp\/v2\/media?parent=48683"}],"wp:term":[{"taxonomy":"product_cat","embeddable":true,"href":"https:\/\/all-pets.de\/shop\/wp-json\/wp\/v2\/product_cat?post=48683"},{"taxonomy":"product_tag","embeddable":true,"href":"https:\/\/all-pets.de\/shop\/wp-json\/wp\/v2\/product_tag?post=48683"}],"curies":[{"name":"wp","href":"https:\/\/api.w.org\/{rel}","templated":true}]}}