{"id":48719,"date":"2023-12-12T10:59:04","date_gmt":"2023-12-12T09:59:04","guid":{"rendered":"https:\/\/pet-shopping.de\/shop\/produkt\/trixie-nistkasten-fuer-sperlinge\/"},"modified":"2023-12-12T10:59:09","modified_gmt":"2023-12-12T09:59:09","slug":"trixie-nistkasten-fuer-sperlinge","status":"publish","type":"product","link":"https:\/\/all-pets.de\/shop\/produkt\/trixie-nistkasten-fuer-sperlinge\/","title":{"rendered":"Trixie Nistkasten f\u00fcr Sperlinge"},"content":{"rendered":"<ul>\n<li>mit aufklappbarer Front<\/li>\n<li>mit besandeter Dachpappe<\/li>\n<li>Kiefernholz, unbehandelt<\/li>\n<li>wetterfest<\/li>\n<li>Ma\u00dfe: ca. 33 \u00d7 30 \u00d7 21 cm<\/li>\n<\/ul>\n","protected":false},"excerpt":{"rendered":"<p>mit aufklappbarer Front mit besandeter Dachpappe Kiefernholz, unbehandelt wetterfest Ma\u00dfe: ca. 33 \u00d7 30 \u00d7 21 cm<\/p>\n","protected":false},"featured_media":48720,"comment_status":"closed","ping_status":"open","template":"","meta":[],"product_cat":[13813],"product_tag":[],"class_list":{"0":"post-48719","1":"product","2":"type-product","3":"status-publish","4":"has-post-thumbnail","6":"product_cat-futterhaeuser-nistkaesten","8":"first","9":"instock","10":"taxable","11":"shipping-taxable","12":"purchasable","13":"product-type-simple"},"_links":{"self":[{"href":"https:\/\/all-pets.de\/shop\/wp-json\/wp\/v2\/product\/48719","targetHints":{"allow":["GET"]}}],"collection":[{"href":"https:\/\/all-pets.de\/shop\/wp-json\/wp\/v2\/product"}],"about":[{"href":"https:\/\/all-pets.de\/shop\/wp-json\/wp\/v2\/types\/product"}],"replies":[{"embeddable":true,"href":"https:\/\/all-pets.de\/shop\/wp-json\/wp\/v2\/comments?post=48719"}],"wp:featuredmedia":[{"embeddable":true,"href":"https:\/\/all-pets.de\/shop\/wp-json\/wp\/v2\/media\/48720"}],"wp:attachment":[{"href":"https:\/\/all-pets.de\/shop\/wp-json\/wp\/v2\/media?parent=48719"}],"wp:term":[{"taxonomy":"product_cat","embeddable":true,"href":"https:\/\/all-pets.de\/shop\/wp-json\/wp\/v2\/product_cat?post=48719"},{"taxonomy":"product_tag","embeddable":true,"href":"https:\/\/all-pets.de\/shop\/wp-json\/wp\/v2\/product_tag?post=48719"}],"curies":[{"name":"wp","href":"https:\/\/api.w.org\/{rel}","templated":true}]}}