{"id":48761,"date":"2023-12-12T10:59:17","date_gmt":"2023-12-12T09:59:17","guid":{"rendered":"https:\/\/pet-shopping.de\/shop\/produkt\/trixie-fahrradkorb-fuer-gepaecktraeger\/"},"modified":"2023-12-12T10:59:18","modified_gmt":"2023-12-12T09:59:18","slug":"trixie-fahrradkorb-fuer-gepaecktraeger","status":"publish","type":"product","link":"https:\/\/all-pets.de\/shop\/produkt\/trixie-fahrradkorb-fuer-gepaecktraeger\/","title":{"rendered":"Trixie Fahrradkorb f\u00fcr Gep\u00e4cktr\u00e4ger"},"content":{"rendered":"<ul>\n<li>f\u00fcr Gep\u00e4cktr\u00e4ger mit der Breite 6\u201316 cm <\/li>\n<li>mit Gitter, pulverbeschichtet<\/li>\n<li>Gitter mit Schnellfixierung<\/li>\n<li>Gitterauflage mit Klapperschutz (TPR)<\/li>\n<li>mit rutschfester Liegematte: Maschinenw\u00e4sche bis 30 \u00b0C<\/li>\n<li>eine Kurzleine kann optional befestigt werden<\/li>\n<li>Kunststoff<\/li>\n<li>f\u00fcr E-Bikes geeignet<\/li>\n<li>Ma\u00dfe: ca. 36 \u00d7 47 \u00d7 46 cm<\/li>\n<li>bis zu: 6 kg<\/li>\n<li>Farbe: grau<\/li>\n<\/ul>\n","protected":false},"excerpt":{"rendered":"<p>f\u00fcr Gep\u00e4cktr\u00e4ger mit der Breite 6\u201316 cm mit Gitter, pulverbeschichtet Gitter mit Schnellfixierung Gitterauflage mit Klapperschutz (TPR) mit rutschfester Liegematte: Maschinenw\u00e4sche bis 30 \u00b0C eine Kurzleine kann optional befestigt werden Kunststoff f\u00fcr E-Bikes geeignet Ma\u00dfe: ca. 36 \u00d7 47 \u00d7 46 cm bis zu: 6 kg Farbe: grau<\/p>\n","protected":false},"featured_media":48762,"comment_status":"closed","ping_status":"open","template":"","meta":[],"product_cat":[13843],"product_tag":[],"class_list":{"0":"post-48761","1":"product","2":"type-product","3":"status-publish","4":"has-post-thumbnail","6":"product_cat-rad-und-joggingzubehoer","8":"first","9":"instock","10":"taxable","11":"shipping-taxable","12":"purchasable","13":"product-type-simple"},"_links":{"self":[{"href":"https:\/\/all-pets.de\/shop\/wp-json\/wp\/v2\/product\/48761","targetHints":{"allow":["GET"]}}],"collection":[{"href":"https:\/\/all-pets.de\/shop\/wp-json\/wp\/v2\/product"}],"about":[{"href":"https:\/\/all-pets.de\/shop\/wp-json\/wp\/v2\/types\/product"}],"replies":[{"embeddable":true,"href":"https:\/\/all-pets.de\/shop\/wp-json\/wp\/v2\/comments?post=48761"}],"wp:featuredmedia":[{"embeddable":true,"href":"https:\/\/all-pets.de\/shop\/wp-json\/wp\/v2\/media\/48762"}],"wp:attachment":[{"href":"https:\/\/all-pets.de\/shop\/wp-json\/wp\/v2\/media?parent=48761"}],"wp:term":[{"taxonomy":"product_cat","embeddable":true,"href":"https:\/\/all-pets.de\/shop\/wp-json\/wp\/v2\/product_cat?post=48761"},{"taxonomy":"product_tag","embeddable":true,"href":"https:\/\/all-pets.de\/shop\/wp-json\/wp\/v2\/product_tag?post=48761"}],"curies":[{"name":"wp","href":"https:\/\/api.w.org\/{rel}","templated":true}]}}