{"id":48765,"date":"2023-12-12T10:59:17","date_gmt":"2023-12-12T09:59:17","guid":{"rendered":"https:\/\/pet-shopping.de\/shop\/produkt\/trixie-reisebett-und-tragetasche-holly\/"},"modified":"2023-12-12T10:59:19","modified_gmt":"2023-12-12T09:59:19","slug":"trixie-reisebett-und-tragetasche-holly","status":"publish","type":"product","link":"https:\/\/all-pets.de\/shop\/produkt\/trixie-reisebett-und-tragetasche-holly\/","title":{"rendered":"Trixie Reisebett und Tragetasche Holly"},"content":{"rendered":"<ul>\n<li>Reisebett und Tragetasche in einem<\/li>\n<li>Abdeckung durch Rei\u00dfverschluss komplett abnehmbar<\/li>\n<li>abnehmbarer Schulterriemen<\/li>\n<li>seitlich und von vorne zu \u00f6ffnen<\/li>\n<li>mit Au\u00dfentaschen<\/li>\n<li>mit integrierter Kurzleine<\/li>\n<li>gepolsterte Bodenplatte in Lammfell-Optik (Polyester), herausnehmbar<\/li>\n<li>aus hochwertigem Polyester<\/li>\n<li>Ma\u00dfe: ca. 30 \u00d7 30 \u00d7 50 cm<\/li>\n<li>bis zu: 15 kg<\/li>\n<li>Farbe: schwarz\/grau<\/li>\n<\/ul>\n","protected":false},"excerpt":{"rendered":"<p>Reisebett und Tragetasche in einem Abdeckung durch Rei\u00dfverschluss komplett abnehmbar abnehmbarer Schulterriemen seitlich und von vorne zu \u00f6ffnen mit Au\u00dfentaschen mit integrierter Kurzleine gepolsterte Bodenplatte in Lammfell-Optik (Polyester), herausnehmbar aus hochwertigem Polyester Ma\u00dfe: ca. 30 \u00d7 30 \u00d7 50 cm bis zu: 15 kg Farbe: schwarz\/grau<\/p>\n","protected":false},"featured_media":48766,"comment_status":"closed","ping_status":"open","template":"","meta":[],"product_cat":[14751],"product_tag":[],"class_list":{"0":"post-48765","1":"product","2":"type-product","3":"status-publish","4":"has-post-thumbnail","6":"product_cat-hundetaschen","8":"first","9":"instock","10":"taxable","11":"shipping-taxable","12":"purchasable","13":"product-type-simple"},"_links":{"self":[{"href":"https:\/\/all-pets.de\/shop\/wp-json\/wp\/v2\/product\/48765","targetHints":{"allow":["GET"]}}],"collection":[{"href":"https:\/\/all-pets.de\/shop\/wp-json\/wp\/v2\/product"}],"about":[{"href":"https:\/\/all-pets.de\/shop\/wp-json\/wp\/v2\/types\/product"}],"replies":[{"embeddable":true,"href":"https:\/\/all-pets.de\/shop\/wp-json\/wp\/v2\/comments?post=48765"}],"wp:featuredmedia":[{"embeddable":true,"href":"https:\/\/all-pets.de\/shop\/wp-json\/wp\/v2\/media\/48766"}],"wp:attachment":[{"href":"https:\/\/all-pets.de\/shop\/wp-json\/wp\/v2\/media?parent=48765"}],"wp:term":[{"taxonomy":"product_cat","embeddable":true,"href":"https:\/\/all-pets.de\/shop\/wp-json\/wp\/v2\/product_cat?post=48765"},{"taxonomy":"product_tag","embeddable":true,"href":"https:\/\/all-pets.de\/shop\/wp-json\/wp\/v2\/product_tag?post=48765"}],"curies":[{"name":"wp","href":"https:\/\/api.w.org\/{rel}","templated":true}]}}