{"id":48858,"date":"2023-12-12T10:59:30","date_gmt":"2023-12-12T09:59:30","guid":{"rendered":"https:\/\/pet-shopping.de\/shop\/produkt\/bunny-schnueffelbrett\/"},"modified":"2023-12-12T10:59:39","modified_gmt":"2023-12-12T09:59:39","slug":"bunny-schnueffelbrett","status":"publish","type":"product","link":"https:\/\/all-pets.de\/shop\/produkt\/bunny-schnueffelbrett\/","title":{"rendered":"Bunny Schn\u00fcffelbrett"},"content":{"rendered":"<ul class=\"benefits\">\n<li class=\"benefit\">\n<div class=\"titel\">Einfach Leckerchen in den Sisal-Zwischenr\u00e4umen verstecken und schon kann das Schn\u00fcffelabenteuer beginnen. Jackpot garantiert!<\/div>\n<\/li>\n<li class=\"benefit\">\n<div class=\"titel\">Garant gegen Langeweile<\/div>\n<div class=\"content\">Abwechslungsreich und spannend ist die Suche nach Leckerchen, da es alle Sinne anspricht!<\/div>\n<\/li>\n<li class=\"benefit\">\n<div class=\"titel\">Nat\u00fcrliches Sisal<\/div>\n<div class=\"content\">40 Fr\u00e4sungen mit je 4 Sisalstr\u00e4ngen f\u00fcr maximalen Suchspa\u00df.<\/div>\n<\/li>\n<li class=\"benefit\">\n<div class=\"titel\">Naturmaterialien<\/div>\n<div class=\"content\">Stabiles Birkenholz sorgt f\u00fcr einen sicheren Stand.<\/div>\n<\/li>\n<\/ul>\n<ul><\/ul>\n<p>Abmessungen:<\/p>\n<p>24,2 x 9 x 24,2 cm (BxHxT)<\/p><\/p>\n","protected":false},"excerpt":{"rendered":"<p>Einfach Leckerchen in den Sisal-Zwischenr\u00e4umen verstecken und schon kann das Schn\u00fcffelabenteuer beginnen. Jackpot garantiert! Garant gegen Langeweile Abwechslungsreich und spannend ist die Suche nach Leckerchen, da es alle Sinne anspricht! Nat\u00fcrliches Sisal 40 Fr\u00e4sungen mit je 4 Sisalstr\u00e4ngen f\u00fcr maximalen Suchspa\u00df. Naturmaterialien Stabiles Birkenholz sorgt f\u00fcr einen sicheren Stand. Abmessungen: 24,2 x 9 x 24,2 [&hellip;]<\/p>\n","protected":false},"featured_media":48859,"comment_status":"closed","ping_status":"open","template":"","meta":[],"product_cat":[13745],"product_tag":[],"class_list":{"0":"post-48858","1":"product","2":"type-product","3":"status-publish","4":"has-post-thumbnail","6":"product_cat-spiel-sport","8":"first","9":"instock","10":"taxable","11":"shipping-taxable","12":"purchasable","13":"product-type-simple"},"_links":{"self":[{"href":"https:\/\/all-pets.de\/shop\/wp-json\/wp\/v2\/product\/48858","targetHints":{"allow":["GET"]}}],"collection":[{"href":"https:\/\/all-pets.de\/shop\/wp-json\/wp\/v2\/product"}],"about":[{"href":"https:\/\/all-pets.de\/shop\/wp-json\/wp\/v2\/types\/product"}],"replies":[{"embeddable":true,"href":"https:\/\/all-pets.de\/shop\/wp-json\/wp\/v2\/comments?post=48858"}],"wp:featuredmedia":[{"embeddable":true,"href":"https:\/\/all-pets.de\/shop\/wp-json\/wp\/v2\/media\/48859"}],"wp:attachment":[{"href":"https:\/\/all-pets.de\/shop\/wp-json\/wp\/v2\/media?parent=48858"}],"wp:term":[{"taxonomy":"product_cat","embeddable":true,"href":"https:\/\/all-pets.de\/shop\/wp-json\/wp\/v2\/product_cat?post=48858"},{"taxonomy":"product_tag","embeddable":true,"href":"https:\/\/all-pets.de\/shop\/wp-json\/wp\/v2\/product_tag?post=48858"}],"curies":[{"name":"wp","href":"https:\/\/api.w.org\/{rel}","templated":true}]}}