{"id":48882,"date":"2023-12-12T10:59:44","date_gmt":"2023-12-12T09:59:44","guid":{"rendered":"https:\/\/pet-shopping.de\/shop\/produkt\/trixie-flecken-und-geruchsentferner-fuer-glatte-oberflaechen-750ml\/"},"modified":"2023-12-12T10:59:46","modified_gmt":"2023-12-12T09:59:46","slug":"trixie-flecken-und-geruchsentferner-fuer-glatte-oberflaechen-750ml","status":"publish","type":"product","link":"https:\/\/all-pets.de\/shop\/produkt\/trixie-flecken-und-geruchsentferner-fuer-glatte-oberflaechen-750ml\/","title":{"rendered":"Trixie Flecken- und Geruchsentferner f\u00fcr glatte Oberfl\u00e4chen &#8211; 750ml"},"content":{"rendered":"<ul>\n<li>geeignet f\u00fcr Kunststoff, Fliesen, Glas und lackiertes Holz<\/li>\n<li>entfernt zuverl\u00e4ssig R\u00fcckst\u00e4nde von Haustieren, wie z. B. Urin, Erbrochenes, Kot<\/li>\n<li>geruchsentfernende Inhaltsstoffe beseitigen unangenehme Ger\u00fcche, statt sie nur zu \u00fcberdecken<\/li>\n<li>Inhalt: 750 ml<\/li>\n<\/ul>\n<div class=\"infotextWrap\">Inhaltsstoffe gem. Wasch- und Reinigungsmittelgesetz: AQUA, ALCOHOL, CAPRYLYL\/CAPRYL GLUCOSIDE, SODIUM CITRATE, PEG-40-HDROGENATED CASTOR OIL, PARFUM, SODIUM CARBONATE, MEK, CITRIC ACID (INCI-Bezeichnungen. Entsprechende Bezeichnungen gem\u00e4\u00df EU-Arzneibuch und CAS-Nummern finden Sie in der Datenbank ?CosIng? der Europ\u00e4ischen Kommission und einen Link dorthin unter ?Mehr Informationen?)<\/div><\/p>\n","protected":false},"excerpt":{"rendered":"<p>geeignet f\u00fcr Kunststoff, Fliesen, Glas und lackiertes Holz entfernt zuverl\u00e4ssig R\u00fcckst\u00e4nde von Haustieren, wie z. B. Urin, Erbrochenes, Kot geruchsentfernende Inhaltsstoffe beseitigen unangenehme Ger\u00fcche, statt sie nur zu \u00fcberdecken Inhalt: 750 ml Inhaltsstoffe gem. Wasch- und Reinigungsmittelgesetz: AQUA, ALCOHOL, CAPRYLYL\/CAPRYL GLUCOSIDE, SODIUM CITRATE, PEG-40-HDROGENATED CASTOR OIL, PARFUM, SODIUM CARBONATE, MEK, CITRIC ACID (INCI-Bezeichnungen. Entsprechende Bezeichnungen [&hellip;]<\/p>\n","protected":false},"featured_media":48883,"comment_status":"closed","ping_status":"open","template":"","meta":[],"product_cat":[15145],"product_tag":[],"class_list":{"0":"post-48882","1":"product","2":"type-product","3":"status-publish","4":"has-post-thumbnail","6":"product_cat-hundetoiletten-hygiene-pflege-gesundheit-nuetzliche-helferhundewelt-haus-hof-2","8":"first","9":"instock","10":"taxable","11":"shipping-taxable","12":"purchasable","13":"product-type-simple"},"_links":{"self":[{"href":"https:\/\/all-pets.de\/shop\/wp-json\/wp\/v2\/product\/48882","targetHints":{"allow":["GET"]}}],"collection":[{"href":"https:\/\/all-pets.de\/shop\/wp-json\/wp\/v2\/product"}],"about":[{"href":"https:\/\/all-pets.de\/shop\/wp-json\/wp\/v2\/types\/product"}],"replies":[{"embeddable":true,"href":"https:\/\/all-pets.de\/shop\/wp-json\/wp\/v2\/comments?post=48882"}],"wp:featuredmedia":[{"embeddable":true,"href":"https:\/\/all-pets.de\/shop\/wp-json\/wp\/v2\/media\/48883"}],"wp:attachment":[{"href":"https:\/\/all-pets.de\/shop\/wp-json\/wp\/v2\/media?parent=48882"}],"wp:term":[{"taxonomy":"product_cat","embeddable":true,"href":"https:\/\/all-pets.de\/shop\/wp-json\/wp\/v2\/product_cat?post=48882"},{"taxonomy":"product_tag","embeddable":true,"href":"https:\/\/all-pets.de\/shop\/wp-json\/wp\/v2\/product_tag?post=48882"}],"curies":[{"name":"wp","href":"https:\/\/api.w.org\/{rel}","templated":true}]}}