{"id":48916,"date":"2023-12-12T10:59:44","date_gmt":"2023-12-12T09:59:44","guid":{"rendered":"https:\/\/pet-shopping.de\/shop\/produkt\/trixie-cat-tower-jorge\/"},"modified":"2023-12-12T10:59:53","modified_gmt":"2023-12-12T09:59:53","slug":"trixie-cat-tower-jorge","status":"publish","type":"product","link":"https:\/\/all-pets.de\/shop\/produkt\/trixie-cat-tower-jorge\/","title":{"rendered":"Trixie Cat Tower Jorge"},"content":{"rendered":"<ul>\n<li>H\u00f6hle komplett mit Pl\u00fcsch (Polyester) ausgestattet<\/li>\n<li>mit 3 Wendekissen: Handw\u00e4sche<\/li>\n<li>Farbe: anthrazit\/lichtgrau<\/li>\n<li>Sisal\/Webstoff\/Pl\u00fcsch (Polyester): 280 g\/m\u00b2<\/li>\n<li>Ma\u00dfe: ca. 40 x 40 x 78 cm (BxTxH)<\/li>\n<\/ul>\n","protected":false},"excerpt":{"rendered":"<p>H\u00f6hle komplett mit Pl\u00fcsch (Polyester) ausgestattet mit 3 Wendekissen: Handw\u00e4sche Farbe: anthrazit\/lichtgrau Sisal\/Webstoff\/Pl\u00fcsch (Polyester): 280 g\/m\u00b2 Ma\u00dfe: ca. 40 x 40 x 78 cm (BxTxH)<\/p>\n","protected":false},"featured_media":48917,"comment_status":"closed","ping_status":"open","template":"","meta":[],"product_cat":[15065],"product_tag":[],"class_list":{"0":"post-48916","1":"product","2":"type-product","3":"status-publish","4":"has-post-thumbnail","6":"product_cat-bis-100-cm-kratzbaeume-moebel-kratztonnenkatzenwelt","8":"first","9":"instock","10":"taxable","11":"shipping-taxable","12":"purchasable","13":"product-type-simple"},"_links":{"self":[{"href":"https:\/\/all-pets.de\/shop\/wp-json\/wp\/v2\/product\/48916","targetHints":{"allow":["GET"]}}],"collection":[{"href":"https:\/\/all-pets.de\/shop\/wp-json\/wp\/v2\/product"}],"about":[{"href":"https:\/\/all-pets.de\/shop\/wp-json\/wp\/v2\/types\/product"}],"replies":[{"embeddable":true,"href":"https:\/\/all-pets.de\/shop\/wp-json\/wp\/v2\/comments?post=48916"}],"wp:featuredmedia":[{"embeddable":true,"href":"https:\/\/all-pets.de\/shop\/wp-json\/wp\/v2\/media\/48917"}],"wp:attachment":[{"href":"https:\/\/all-pets.de\/shop\/wp-json\/wp\/v2\/media?parent=48916"}],"wp:term":[{"taxonomy":"product_cat","embeddable":true,"href":"https:\/\/all-pets.de\/shop\/wp-json\/wp\/v2\/product_cat?post=48916"},{"taxonomy":"product_tag","embeddable":true,"href":"https:\/\/all-pets.de\/shop\/wp-json\/wp\/v2\/product_tag?post=48916"}],"curies":[{"name":"wp","href":"https:\/\/api.w.org\/{rel}","templated":true}]}}