{"id":48957,"date":"2023-12-12T12:29:18","date_gmt":"2023-12-12T11:29:18","guid":{"rendered":"https:\/\/pet-shopping.de\/shop\/produkt\/trixie-universal-beutel-spielzeug-halterung\/"},"modified":"2023-12-12T12:29:20","modified_gmt":"2023-12-12T11:29:20","slug":"trixie-universal-beutel-spielzeug-halterung","status":"publish","type":"product","link":"https:\/\/all-pets.de\/shop\/produkt\/trixie-universal-beutel-spielzeug-halterung\/","title":{"rendered":"Trixie Universal Beutel-\/Spielzeug-Halterung"},"content":{"rendered":"<ul>\n<li>l\u00e4stiges Tragen des vollen Beutels in der Hand entf\u00e4llt<\/li>\n<li>f\u00fcr benutzte und unbenutzte Hundekotbeutel<\/li>\n<li>einfache Befestigung an der Leine oder z. B. dem Griff einer Roll-Leine<\/li>\n<li>schnelle Entnahme des Beutels ohne L\u00f6sen eines Knotens<\/li>\n<li>Silikon<\/li>\n<li>Ma\u00dfe: ca. 14 \u00d7 4 cm<\/li>\n<li>Farbe: schwarz<\/li>\n<\/ul>\n","protected":false},"excerpt":{"rendered":"<p>l\u00e4stiges Tragen des vollen Beutels in der Hand entf\u00e4llt f\u00fcr benutzte und unbenutzte Hundekotbeutel einfache Befestigung an der Leine oder z. B. dem Griff einer Roll-Leine schnelle Entnahme des Beutels ohne L\u00f6sen eines Knotens Silikon Ma\u00dfe: ca. 14 \u00d7 4 cm Farbe: schwarz<\/p>\n","protected":false},"featured_media":48958,"comment_status":"closed","ping_status":"open","template":"","meta":[],"product_cat":[15154],"product_tag":[],"class_list":{"0":"post-48957","1":"product","2":"type-product","3":"status-publish","4":"has-post-thumbnail","6":"product_cat-hundetoiletten-hygiene-pflege-gesundheit-hundekotbeutel-zubehoerhundewelt-unterwegs-nuetzliche-helferhundewelt-haus-hof-hundewelt","8":"first","9":"instock","10":"taxable","11":"shipping-taxable","12":"purchasable","13":"product-type-simple"},"_links":{"self":[{"href":"https:\/\/all-pets.de\/shop\/wp-json\/wp\/v2\/product\/48957","targetHints":{"allow":["GET"]}}],"collection":[{"href":"https:\/\/all-pets.de\/shop\/wp-json\/wp\/v2\/product"}],"about":[{"href":"https:\/\/all-pets.de\/shop\/wp-json\/wp\/v2\/types\/product"}],"replies":[{"embeddable":true,"href":"https:\/\/all-pets.de\/shop\/wp-json\/wp\/v2\/comments?post=48957"}],"wp:featuredmedia":[{"embeddable":true,"href":"https:\/\/all-pets.de\/shop\/wp-json\/wp\/v2\/media\/48958"}],"wp:attachment":[{"href":"https:\/\/all-pets.de\/shop\/wp-json\/wp\/v2\/media?parent=48957"}],"wp:term":[{"taxonomy":"product_cat","embeddable":true,"href":"https:\/\/all-pets.de\/shop\/wp-json\/wp\/v2\/product_cat?post=48957"},{"taxonomy":"product_tag","embeddable":true,"href":"https:\/\/all-pets.de\/shop\/wp-json\/wp\/v2\/product_tag?post=48957"}],"curies":[{"name":"wp","href":"https:\/\/api.w.org\/{rel}","templated":true}]}}