{"id":49029,"date":"2023-12-12T12:29:31","date_gmt":"2023-12-12T11:29:31","guid":{"rendered":"https:\/\/pet-shopping.de\/shop\/produkt\/wolfsblut-dose-black-bird-800g\/"},"modified":"2023-12-12T12:29:35","modified_gmt":"2023-12-12T11:29:35","slug":"wolfsblut-dose-black-bird-800g","status":"publish","type":"product","link":"https:\/\/all-pets.de\/shop\/produkt\/wolfsblut-dose-black-bird-800g\/","title":{"rendered":"Wolfsblut Dose Black Bird 800g"},"content":{"rendered":"<p>Black Bird &#8211; Truthahn mit S\u00fc\u00dfkartoffeln<\/p>\n<p>In den Rocky Mountains Nordamerikas, der arktischen Tundra, den Bergen und W\u00e4ldern Europas bis hin zu den W\u00fcsten und Steppen Zentralasiens jagen W\u00f6lfe ihre Beute. Diese versorgt sie mit Fleisch und n\u00e4hrstoffreichen Innereien, aber auch mit Gem\u00fcse, Fr\u00fcchten, Beeren, Wurzeln und Kr\u00e4utern \u00fcber den Mageninhalt der Beute. Getreide geh\u00f6rt hier nicht dazu. So erh\u00e4lt der Wolf seine ben\u00f6tigten Vitamine, Mineralstoffe, Spurenelemente, Enzyme und sekund\u00e4ren Pflanzenstoffe. Da der Wolf der Urahn aller Hunde ist, orientiert sich unser Wolfsblut Hundenassfutter an diesen nat\u00fcrlichen Fressgewohnheiten des Wolfs. Es enth\u00e4lt viel Fleisch oder Fisch kombiniert mit Superfoods, die wertvolle Inhaltsstoffe enthalten \u2013 und das wie in der Natur, ganz ohne Getreide. Unsere Auswahl an au\u00dfergew\u00f6hnlichen Fleischsorten und n\u00e4hrstoffreichen Superfoods baut dabei auf den Lebensr\u00e4umen des Wolfs und deren bunter Nahrungsvielfalt auf. Wolfsblut bietet jedem Hund eine artgerechte und urspr\u00fcngliche Ern\u00e4hrung und mit seiner Sortenvielfalt ist f\u00fcr jeden etwas dabei, das er vertr\u00e4gt.<\/p>\n<p>Das Nassfutter Black Bird von Wolfsblut im \u00dcberblick:<\/p>\n<p>\u00a0\u00a0\u00a0 Rezeptur nach dem Vorbild des Wolfes mit nat\u00fcrlichen Inhaltsstoffen<br \/>\u00a0\u00a0\u00a0 Frischer und gut bek\u00f6mmlicher Truthahn als Hauptbestandteil<br \/>\u00a0\u00a0\u00a0 Truthahn ist eiwei\u00dfreich, fettarm und enth\u00e4lt die wichtigen Mineralstoffe und Spurenelemente<br \/>\u00a0\u00a0\u00a0 Ohne Getreide<br \/>\u00a0\u00a0\u00a0 Mit wertvollen Superfoods <br \/>\u00a0\u00a0\u00a0 Gem\u00e4\u00df Lebensmittelstandard produziert<br \/>\u00a0\u00a0\u00a0 Ohne Zucker, Soja, Geschmacksverst\u00e4rkern &#038; k\u00fcnstlichen Zus\u00e4tzen (ausgenommen Vitamine &#038; Mineralstoffe)<br \/>\u00a0\u00a0\u00a0 Wird sehr gern gefressen<br \/>\u00a0\u00a0\u00a0 Mit Tier\u00e4rzten entwickelt<br \/>\u00a0\u00a0\u00a0 Ohne Tierversuche<\/p>\n<p>Inhaltsstoffe<br \/>Zusammensetzung<\/p>\n<p>Zusammensetzung: Truthahn 65 %, Br\u00fche, S\u00fc\u00dfkartoffeln 1 %, Mineralstoffe, K\u00fcrbis 0,7 %, Kichererbsen, M\u00f6hren, Erbsen, Topinambur, Fenchel, Fruchtmischung (Aroniabeeren, Brombeeren, Himbeeren, Holunderbeeren, Schwarze Johannisbeeren, Heidelbeeren, Cranberries), Seegras, Spirulina, Leinsamen, Yucca-Extrakt, Kr\u00e4utermischung (Anissamen, Bockshornklee, Pfefferminze, Petersilie, Oregano, Thymian, Brennnessel, L\u00f6wenzahn, Wei\u00dfdorn, Ginseng).<br \/>Analytische Bestandteile<\/p>\n<p>Rohprotein 10,6 %, Rohfett 5,4 %, Rohasche 2,4 %, Rohfaser 0,8 %, Feuchtigkeit 79 %.<\/p>\n","protected":false},"excerpt":{"rendered":"<p>Black Bird &#8211; Truthahn mit S\u00fc\u00dfkartoffeln In den Rocky Mountains Nordamerikas, der arktischen Tundra, den Bergen und W\u00e4ldern Europas bis hin zu den W\u00fcsten und Steppen Zentralasiens jagen W\u00f6lfe ihre Beute. Diese versorgt sie mit Fleisch und n\u00e4hrstoffreichen Innereien, aber auch mit Gem\u00fcse, Fr\u00fcchten, Beeren, Wurzeln und Kr\u00e4utern \u00fcber den Mageninhalt der Beute. Getreide geh\u00f6rt [&hellip;]<\/p>\n","protected":false},"featured_media":49030,"comment_status":"closed","ping_status":"open","template":"","meta":[],"product_cat":[13837],"product_tag":[],"class_list":{"0":"post-49029","1":"product","2":"type-product","3":"status-publish","4":"has-post-thumbnail","6":"product_cat-wolfsblut","8":"first","9":"instock","10":"taxable","11":"shipping-taxable","12":"purchasable","13":"product-type-simple"},"_links":{"self":[{"href":"https:\/\/all-pets.de\/shop\/wp-json\/wp\/v2\/product\/49029","targetHints":{"allow":["GET"]}}],"collection":[{"href":"https:\/\/all-pets.de\/shop\/wp-json\/wp\/v2\/product"}],"about":[{"href":"https:\/\/all-pets.de\/shop\/wp-json\/wp\/v2\/types\/product"}],"replies":[{"embeddable":true,"href":"https:\/\/all-pets.de\/shop\/wp-json\/wp\/v2\/comments?post=49029"}],"wp:featuredmedia":[{"embeddable":true,"href":"https:\/\/all-pets.de\/shop\/wp-json\/wp\/v2\/media\/49030"}],"wp:attachment":[{"href":"https:\/\/all-pets.de\/shop\/wp-json\/wp\/v2\/media?parent=49029"}],"wp:term":[{"taxonomy":"product_cat","embeddable":true,"href":"https:\/\/all-pets.de\/shop\/wp-json\/wp\/v2\/product_cat?post=49029"},{"taxonomy":"product_tag","embeddable":true,"href":"https:\/\/all-pets.de\/shop\/wp-json\/wp\/v2\/product_tag?post=49029"}],"curies":[{"name":"wp","href":"https:\/\/api.w.org\/{rel}","templated":true}]}}