{"id":49241,"date":"2023-12-12T12:30:20","date_gmt":"2023-12-12T11:30:20","guid":{"rendered":"https:\/\/pet-shopping.de\/shop\/produkt\/trixie-kuschelbett-sunny-rund-35-cm\/"},"modified":"2023-12-12T12:30:25","modified_gmt":"2023-12-12T11:30:25","slug":"trixie-kuschelbett-sunny-rund-35-cm","status":"publish","type":"product","link":"https:\/\/all-pets.de\/shop\/produkt\/trixie-kuschelbett-sunny-rund-35-cm\/","title":{"rendered":"Trixie Kuschelbett Sunny rund &#8211; 35 cm"},"content":{"rendered":"<div class=\"mb-3 row\">\n<div class=\"col\">\n<div class=\"description\">\n<ul>\n<li>Kurzhaar-Pl\u00fcsch\/Pl\u00fcsch<\/li>\n<li>Polyester-Bezug<\/li>\n<li>Polyestervlies-F\u00fcllung<\/li>\n<li>fest integriertes Kissen verhindert das Verrutschen<\/li>\n<li>rutschfester Boden<\/li>\n<li>waschbar bei 40\u00b0C<\/li>\n<li>geeignet z.B. f\u00fcr Kaninchen<\/li>\n<li>Ma\u00dfe: ca. \u00f8 35 \u00d7 13 cm<\/li>\n<li>Farbe: bunt\/grau<\/li>\n<\/ul>\n<\/div>\n<\/div>\n<\/div>\n","protected":false},"excerpt":{"rendered":"<p>Kurzhaar-Pl\u00fcsch\/Pl\u00fcsch Polyester-Bezug Polyestervlies-F\u00fcllung fest integriertes Kissen verhindert das Verrutschen rutschfester Boden waschbar bei 40\u00b0C geeignet z.B. f\u00fcr Kaninchen Ma\u00dfe: ca. \u00f8 35 \u00d7 13 cm Farbe: bunt\/grau<\/p>\n","protected":false},"featured_media":49242,"comment_status":"closed","ping_status":"open","template":"","meta":[],"product_cat":[13841],"product_tag":[],"class_list":{"0":"post-49241","1":"product","2":"type-product","3":"status-publish","4":"has-post-thumbnail","6":"product_cat-betten-haengematten","8":"first","9":"instock","10":"taxable","11":"shipping-taxable","12":"purchasable","13":"product-type-simple"},"_links":{"self":[{"href":"https:\/\/all-pets.de\/shop\/wp-json\/wp\/v2\/product\/49241","targetHints":{"allow":["GET"]}}],"collection":[{"href":"https:\/\/all-pets.de\/shop\/wp-json\/wp\/v2\/product"}],"about":[{"href":"https:\/\/all-pets.de\/shop\/wp-json\/wp\/v2\/types\/product"}],"replies":[{"embeddable":true,"href":"https:\/\/all-pets.de\/shop\/wp-json\/wp\/v2\/comments?post=49241"}],"wp:featuredmedia":[{"embeddable":true,"href":"https:\/\/all-pets.de\/shop\/wp-json\/wp\/v2\/media\/49242"}],"wp:attachment":[{"href":"https:\/\/all-pets.de\/shop\/wp-json\/wp\/v2\/media?parent=49241"}],"wp:term":[{"taxonomy":"product_cat","embeddable":true,"href":"https:\/\/all-pets.de\/shop\/wp-json\/wp\/v2\/product_cat?post=49241"},{"taxonomy":"product_tag","embeddable":true,"href":"https:\/\/all-pets.de\/shop\/wp-json\/wp\/v2\/product_tag?post=49241"}],"curies":[{"name":"wp","href":"https:\/\/api.w.org\/{rel}","templated":true}]}}