{"id":49259,"date":"2023-12-12T12:30:27","date_gmt":"2023-12-12T11:30:27","guid":{"rendered":"https:\/\/pet-shopping.de\/shop\/produkt\/brit-care-cat-snack-urinary-50g\/"},"modified":"2023-12-12T12:30:30","modified_gmt":"2023-12-12T11:30:30","slug":"brit-care-cat-snack-urinary-50g","status":"publish","type":"product","link":"https:\/\/all-pets.de\/shop\/produkt\/brit-care-cat-snack-urinary-50g\/","title":{"rendered":"Brit Care Cat Snack Urinary 50g"},"content":{"rendered":"<p>Erg\u00e4nzungsfuttermittel f\u00fcr Katzen.<\/p>\n<p>Funktionale Snacks zur Unterst\u00fctzung der Harngesundheit f\u00fcr sterilisierte Katzen. Mit Preiselbeeren, Rosmarin und Vitamin C.<\/p>\n<p>\u2022\u00a0zur individuellen Unterst\u00fctzung des Wohlbefindens<br \/>\u2022\u00a0die schmackhafte Belohnung<br \/>\u2022\u00a0getreidefrei<\/p>\n<p>Zusammensetzung<br \/>Truthahnprotein (26 %), gelbe Erbsen, pflanzliches Glycerin, hydrolisiertes H\u00fchnerprotein (10 %), hydrolisierte H\u00fchnerleber (7 %), Erbsenprotein, Kollagen (4 %), getrocknete Cranberries (2 %), getrockneter Rosmarin (1 %), Natriumchlorid (1 %).<\/p>\n<p>Analytische Bestandteile<br \/>Rohprotein 29 %, Rohfett 7 %, Rohasche 8 %, Rohfaser 1 %, Feuchtigkeit 17 %, Calcium 1,6 %, Phosphor 1,2 %, Natrium 1,3 %, Magnesium 0,03 %, Omega-3 0,20 %, Omega-6 0,70 %.<\/p>\n<p>Ern\u00e4hrungsphysiologische Bestandteile je kg<br \/>L-Carnitin(3a910) 1000 mg, Vitamin C (3a312) 100 mg. Enth\u00e4lt EU-zugelassene Konservierungsstoffe: Zitronens\u00e4ure (E 330), DL-\u00c4pfels\u00e4ure (E 296).<\/p>\n<p>Idealerweise aus der Hand als Belohnung und Leckerli f\u00fcr deine Katze servieren, um Momente des gegenseitigen Wohlbefindens und der Ruhe zu genie\u00dfen. Vergiss nicht, eine Schale mit frischem Wasser f\u00fcr deine Katze bereitzustellen.<\/p>\n","protected":false},"excerpt":{"rendered":"<p>Erg\u00e4nzungsfuttermittel f\u00fcr Katzen. Funktionale Snacks zur Unterst\u00fctzung der Harngesundheit f\u00fcr sterilisierte Katzen. Mit Preiselbeeren, Rosmarin und Vitamin C. \u2022\u00a0zur individuellen Unterst\u00fctzung des Wohlbefindens\u2022\u00a0die schmackhafte Belohnung\u2022\u00a0getreidefrei ZusammensetzungTruthahnprotein (26 %), gelbe Erbsen, pflanzliches Glycerin, hydrolisiertes H\u00fchnerprotein (10 %), hydrolisierte H\u00fchnerleber (7 %), Erbsenprotein, Kollagen (4 %), getrocknete Cranberries (2 %), getrockneter Rosmarin (1 %), Natriumchlorid (1 %). [&hellip;]<\/p>\n","protected":false},"featured_media":49260,"comment_status":"closed","ping_status":"open","template":"","meta":[],"product_cat":[15198],"product_tag":[],"class_list":{"0":"post-49259","1":"product","2":"type-product","3":"status-publish","4":"has-post-thumbnail","6":"product_cat-brit-care-cat","8":"first","9":"instock","10":"taxable","11":"shipping-taxable","12":"purchasable","13":"product-type-simple"},"_links":{"self":[{"href":"https:\/\/all-pets.de\/shop\/wp-json\/wp\/v2\/product\/49259","targetHints":{"allow":["GET"]}}],"collection":[{"href":"https:\/\/all-pets.de\/shop\/wp-json\/wp\/v2\/product"}],"about":[{"href":"https:\/\/all-pets.de\/shop\/wp-json\/wp\/v2\/types\/product"}],"replies":[{"embeddable":true,"href":"https:\/\/all-pets.de\/shop\/wp-json\/wp\/v2\/comments?post=49259"}],"wp:featuredmedia":[{"embeddable":true,"href":"https:\/\/all-pets.de\/shop\/wp-json\/wp\/v2\/media\/49260"}],"wp:attachment":[{"href":"https:\/\/all-pets.de\/shop\/wp-json\/wp\/v2\/media?parent=49259"}],"wp:term":[{"taxonomy":"product_cat","embeddable":true,"href":"https:\/\/all-pets.de\/shop\/wp-json\/wp\/v2\/product_cat?post=49259"},{"taxonomy":"product_tag","embeddable":true,"href":"https:\/\/all-pets.de\/shop\/wp-json\/wp\/v2\/product_tag?post=49259"}],"curies":[{"name":"wp","href":"https:\/\/api.w.org\/{rel}","templated":true}]}}