{"id":49265,"date":"2023-12-12T12:30:31","date_gmt":"2023-12-12T11:30:31","guid":{"rendered":"https:\/\/pet-shopping.de\/shop\/produkt\/brit-care-cat-snack-superfruits-salmon-100g\/"},"modified":"2023-12-12T12:30:32","modified_gmt":"2023-12-12T11:30:32","slug":"brit-care-cat-snack-superfruits-salmon-100g","status":"publish","type":"product","link":"https:\/\/all-pets.de\/shop\/produkt\/brit-care-cat-snack-superfruits-salmon-100g\/","title":{"rendered":"Brit Care Cat Snack Superfruits &#8211; Salmon 100g"},"content":{"rendered":"<p>Erg\u00e4nzungsfuttermittel f\u00fcr Katzen.<\/p>\n<p>Knusprige Superfood-Snackauswahl mit Lachs, Hagebutte und Cranberries.<\/p>\n<p>\u2022\u00a0in der praktischen Snackdose<br \/>\u2022\u00a0mit Fr\u00fcchten und wertvollen Vitaminen<br \/>\u2022\u00a0abgestimmt auf die individuellen Bed\u00fcrfnisse von erwachsenen Katzen<\/p>\n<p>Zusammensetzung<br \/>Lachsmehl (40%), gelbe Erbsen, hydrolisiertes H\u00fchnerprotein (8%), S\u00fc\u00dfkartoffeln, H\u00fchnerfett (stabilisiert mit Tocopherolen, 6%), Tapiokast\u00e4rke, Cranberries (4%), Hagebutten (4%), hydrolisierte H\u00fchnerleber, Lachs\u00f6l (2%), Leinsamen (1%), Natriumchlorid.<\/p>\n<p>Analytische Bestandteile<br \/>Rohprotein 35,0 %, Rohfett 12,0 %, Rohasche 8,8 %, Rohfaser 2,0 %, Feuchtigkeit 10,0 %, Kalzium 1,2 %, Phosphor 1,0 %, Natrium 1,2 %.<\/p>\n<p>Idealerweise aus der Hand als Belohnung und Leckerli f\u00fcr deine Katze servieren, um Momente des gegenseitigen Wohlbefindens und der Ruhe zu genie\u00dfen. Vergiss nicht, eine Schale mit frischem Wasser f\u00fcr deine Katze bereitzustellen.<\/p>\n","protected":false},"excerpt":{"rendered":"<p>Erg\u00e4nzungsfuttermittel f\u00fcr Katzen. Knusprige Superfood-Snackauswahl mit Lachs, Hagebutte und Cranberries. \u2022\u00a0in der praktischen Snackdose\u2022\u00a0mit Fr\u00fcchten und wertvollen Vitaminen\u2022\u00a0abgestimmt auf die individuellen Bed\u00fcrfnisse von erwachsenen Katzen ZusammensetzungLachsmehl (40%), gelbe Erbsen, hydrolisiertes H\u00fchnerprotein (8%), S\u00fc\u00dfkartoffeln, H\u00fchnerfett (stabilisiert mit Tocopherolen, 6%), Tapiokast\u00e4rke, Cranberries (4%), Hagebutten (4%), hydrolisierte H\u00fchnerleber, Lachs\u00f6l (2%), Leinsamen (1%), Natriumchlorid. Analytische BestandteileRohprotein 35,0 %, Rohfett [&hellip;]<\/p>\n","protected":false},"featured_media":49266,"comment_status":"closed","ping_status":"open","template":"","meta":[],"product_cat":[15198],"product_tag":[],"class_list":{"0":"post-49265","1":"product","2":"type-product","3":"status-publish","4":"has-post-thumbnail","6":"product_cat-brit-care-cat","8":"first","9":"instock","10":"taxable","11":"shipping-taxable","12":"purchasable","13":"product-type-simple"},"_links":{"self":[{"href":"https:\/\/all-pets.de\/shop\/wp-json\/wp\/v2\/product\/49265","targetHints":{"allow":["GET"]}}],"collection":[{"href":"https:\/\/all-pets.de\/shop\/wp-json\/wp\/v2\/product"}],"about":[{"href":"https:\/\/all-pets.de\/shop\/wp-json\/wp\/v2\/types\/product"}],"replies":[{"embeddable":true,"href":"https:\/\/all-pets.de\/shop\/wp-json\/wp\/v2\/comments?post=49265"}],"wp:featuredmedia":[{"embeddable":true,"href":"https:\/\/all-pets.de\/shop\/wp-json\/wp\/v2\/media\/49266"}],"wp:attachment":[{"href":"https:\/\/all-pets.de\/shop\/wp-json\/wp\/v2\/media?parent=49265"}],"wp:term":[{"taxonomy":"product_cat","embeddable":true,"href":"https:\/\/all-pets.de\/shop\/wp-json\/wp\/v2\/product_cat?post=49265"},{"taxonomy":"product_tag","embeddable":true,"href":"https:\/\/all-pets.de\/shop\/wp-json\/wp\/v2\/product_tag?post=49265"}],"curies":[{"name":"wp","href":"https:\/\/api.w.org\/{rel}","templated":true}]}}