{"id":49277,"date":"2023-12-12T12:30:31","date_gmt":"2023-12-12T11:30:31","guid":{"rendered":"https:\/\/pet-shopping.de\/shop\/produkt\/brit-care-cat-pb-fillets-in-gravy-ente-85g\/"},"modified":"2023-12-12T12:30:34","modified_gmt":"2023-12-12T11:30:34","slug":"brit-care-cat-pb-fillets-in-gravy-ente-85g","status":"publish","type":"product","link":"https:\/\/all-pets.de\/shop\/produkt\/brit-care-cat-pb-fillets-in-gravy-ente-85g\/","title":{"rendered":"Brit Care Cat PB Fillets in Gravy &#8211; Ente 85g"},"content":{"rendered":"<p>Brit Care Cat Pouch Fillets in Gravy for Adult Cats with Hearty Duck<br \/>Filets in So\u00dfe mit herzhafter Ente, angereichert mit Sanddorn und Kapuzinerkresse.<\/p>\n<p>Superpremium-Nassfutter ohne Getreide f\u00fcr ausgewachsene Katzen.<\/p>\n<p>Als Alleinfutter oder auch als leckere Erg\u00e4nzung zum Trockenfutter f\u00fcr zus\u00e4tzliche Abwechslung und Geschmack.<br \/>&#8211; Getreidefreie Rezeptur<br \/>&#8211; 85% Fleischanteil in den Filets<br \/>&#8211; Geschmacklich ansprechend<br \/>&#8211; Nat\u00fcrliche Antioxidantien: Rosmarin-Extrakt<\/p>\n<p>Zusammensetzung: 85% Fleisch in Filets (62 Huhn, 15% Leber, 8% Ente), Br\u00fche, 1% Sanddorn, 0,5% Kapuzinerkresse, Mineralien, Erbsenst\u00e4rke.<\/p>\n<p>Analytische Bestandteile: Rohprotein 8,5%, Rohfett 4,5%, Rohfasern 0,5%, Rohasche 2,0%, Feuchtigkeit 82,0%, Calcium 0,25%, Phosphor 0,2%, Natrium 0,3%.<\/p>\n<p>Nahrungserg\u00e4nzungsmittel pro 1 kg: Vitamin D3 (E671) 250 I.E., Vitamin E (3a700) 150 mg, Biotin (3a880) 0,5 mg, Zink (3b606) 12 mg, Mangan (3b502) 3 mg, Eisen (3b103) 10 mg, Kupfer (3b405) 0,4 mg, Jod (3b201) 0,7 mg, Taurin (3a370) 500 mg, L-Methionin (3c305) 2 000 mg.<\/p>\n<p>Enth\u00e4lt nat\u00fcrliche Antioxidantien: Tocopherol-Extrakte aus Pflanzen\u00f6l (1b306), Ascorbylpalmitat (1b304) und Rosmarin-Extrakt.<\/p>\n<p>F\u00fctterungsempfehlung: Die empfohlene Tagesdosis ist in der F\u00fctterungstabelle angegeben, kann aber je nach Alter, Aktivit\u00e4tsniveau und Umgebung Ihrer Katze variieren. Stellen Sie immer eine Schale mit frischem Wasser bereit. Servieren Sie das Futter bei Raumtemperatur. Wenn Sie das Futter f\u00fcr mehr Abwechslung und Geschmack servieren, achten Sie darauf, die empfohlene t\u00e4gliche Portionsgr\u00f6\u00dfe des normalen Futters Ihrer Katze entsprechend zu reduzieren. Nach dem \u00d6ffnen im K\u00fchlschrank aufbewahren.<\/p>\n<p>F\u00fctterungstabelle:<br \/>Gewicht der Katze (kg) \/ Pouches pro Tag <br \/>3 \/ 2<br \/>4\u20136 \/ 2-3<br \/>6\u20138 \/ 4-6<\/p>\n<p>Metabolisierbare Energie: 840 kcal\/kg.<\/p>\n","protected":false},"excerpt":{"rendered":"<p>Brit Care Cat Pouch Fillets in Gravy for Adult Cats with Hearty DuckFilets in So\u00dfe mit herzhafter Ente, angereichert mit Sanddorn und Kapuzinerkresse. Superpremium-Nassfutter ohne Getreide f\u00fcr ausgewachsene Katzen. Als Alleinfutter oder auch als leckere Erg\u00e4nzung zum Trockenfutter f\u00fcr zus\u00e4tzliche Abwechslung und Geschmack.&#8211; Getreidefreie Rezeptur&#8211; 85% Fleischanteil in den Filets&#8211; Geschmacklich ansprechend&#8211; Nat\u00fcrliche Antioxidantien: Rosmarin-Extrakt [&hellip;]<\/p>\n","protected":false},"featured_media":49278,"comment_status":"closed","ping_status":"open","template":"","meta":[],"product_cat":[15199],"product_tag":[],"class_list":{"0":"post-49277","1":"product","2":"type-product","3":"status-publish","4":"has-post-thumbnail","6":"product_cat-brit-care-cat-katzen-nassfutter","8":"first","9":"instock","10":"taxable","11":"shipping-taxable","12":"purchasable","13":"product-type-simple"},"_links":{"self":[{"href":"https:\/\/all-pets.de\/shop\/wp-json\/wp\/v2\/product\/49277","targetHints":{"allow":["GET"]}}],"collection":[{"href":"https:\/\/all-pets.de\/shop\/wp-json\/wp\/v2\/product"}],"about":[{"href":"https:\/\/all-pets.de\/shop\/wp-json\/wp\/v2\/types\/product"}],"replies":[{"embeddable":true,"href":"https:\/\/all-pets.de\/shop\/wp-json\/wp\/v2\/comments?post=49277"}],"wp:featuredmedia":[{"embeddable":true,"href":"https:\/\/all-pets.de\/shop\/wp-json\/wp\/v2\/media\/49278"}],"wp:attachment":[{"href":"https:\/\/all-pets.de\/shop\/wp-json\/wp\/v2\/media?parent=49277"}],"wp:term":[{"taxonomy":"product_cat","embeddable":true,"href":"https:\/\/all-pets.de\/shop\/wp-json\/wp\/v2\/product_cat?post=49277"},{"taxonomy":"product_tag","embeddable":true,"href":"https:\/\/all-pets.de\/shop\/wp-json\/wp\/v2\/product_tag?post=49277"}],"curies":[{"name":"wp","href":"https:\/\/api.w.org\/{rel}","templated":true}]}}