{"id":49349,"date":"2023-12-12T12:30:48","date_gmt":"2023-12-12T11:30:48","guid":{"rendered":"https:\/\/pet-shopping.de\/shop\/produkt\/procyon-antischling-napf-karotte\/"},"modified":"2023-12-12T12:30:50","modified_gmt":"2023-12-12T11:30:50","slug":"procyon-antischling-napf-karotte","status":"publish","type":"product","link":"https:\/\/all-pets.de\/shop\/produkt\/procyon-antischling-napf-karotte\/","title":{"rendered":"PROCYON Antischling-Napf Karotte"},"content":{"rendered":"<p>Mit dem Antischling-Napf Karotte vermeiden Sie ein zu schnelles Fressen und Schlingen bei Ihrem Hund.<\/p>\n<p>Der Napf hat Gesamtma\u00dfe von ca. 20,5 x 12,5 cm und besteht aus stabilem Kunststoff. Dadurch dass Ihr Hund sich sein Essen aus den Unterteilungen des Napfes herausfischen muss, frisst er langsamer und entspannter und wird gleichzeitig geistig gef\u00f6rdert und trainiert.<\/p>\n<p>Der Antischling-Napf Karotte ist mit Antirutsch-F\u00fc\u00dfen ausgestattet, um einen sicheren Stand zu gew\u00e4hrleisten.<\/p>\n","protected":false},"excerpt":{"rendered":"<p>Mit dem Antischling-Napf Karotte vermeiden Sie ein zu schnelles Fressen und Schlingen bei Ihrem Hund. Der Napf hat Gesamtma\u00dfe von ca. 20,5 x 12,5 cm und besteht aus stabilem Kunststoff. Dadurch dass Ihr Hund sich sein Essen aus den Unterteilungen des Napfes herausfischen muss, frisst er langsamer und entspannter und wird gleichzeitig geistig gef\u00f6rdert und [&hellip;]<\/p>\n","protected":false},"featured_media":49350,"comment_status":"closed","ping_status":"open","template":"","meta":[],"product_cat":[14361],"product_tag":[],"class_list":{"0":"post-49349","1":"product","2":"type-product","3":"status-publish","4":"has-post-thumbnail","6":"product_cat-futter-wassernaepfe-hundenaepfe-traenken","8":"first","9":"instock","10":"taxable","11":"shipping-taxable","12":"purchasable","13":"product-type-simple"},"_links":{"self":[{"href":"https:\/\/all-pets.de\/shop\/wp-json\/wp\/v2\/product\/49349","targetHints":{"allow":["GET"]}}],"collection":[{"href":"https:\/\/all-pets.de\/shop\/wp-json\/wp\/v2\/product"}],"about":[{"href":"https:\/\/all-pets.de\/shop\/wp-json\/wp\/v2\/types\/product"}],"replies":[{"embeddable":true,"href":"https:\/\/all-pets.de\/shop\/wp-json\/wp\/v2\/comments?post=49349"}],"wp:featuredmedia":[{"embeddable":true,"href":"https:\/\/all-pets.de\/shop\/wp-json\/wp\/v2\/media\/49350"}],"wp:attachment":[{"href":"https:\/\/all-pets.de\/shop\/wp-json\/wp\/v2\/media?parent=49349"}],"wp:term":[{"taxonomy":"product_cat","embeddable":true,"href":"https:\/\/all-pets.de\/shop\/wp-json\/wp\/v2\/product_cat?post=49349"},{"taxonomy":"product_tag","embeddable":true,"href":"https:\/\/all-pets.de\/shop\/wp-json\/wp\/v2\/product_tag?post=49349"}],"curies":[{"name":"wp","href":"https:\/\/api.w.org\/{rel}","templated":true}]}}