{"id":49452,"date":"2023-12-12T12:31:07","date_gmt":"2023-12-12T11:31:07","guid":{"rendered":"https:\/\/pet-shopping.de\/shop\/produkt\/trixie-junior-salmon-clouds-40g\/"},"modified":"2023-12-12T12:31:13","modified_gmt":"2023-12-12T11:31:13","slug":"trixie-junior-salmon-clouds-40g","status":"publish","type":"product","link":"https:\/\/all-pets.de\/shop\/produkt\/trixie-junior-salmon-clouds-40g\/","title":{"rendered":"Trixie Junior Salmon Clouds &#8211; 40g"},"content":{"rendered":"<ul>\n<li>mit Lachs und Huhn<\/li>\n<li>Fischgehalt 55 %, Fleischgehalt 20 %<\/li>\n<li>glutenfrei<\/li>\n<li>ohne Zuckerzusatz<\/li>\n<li>Inhalt: 40g<\/li>\n<\/ul>\n<p><\/p>\n<p>Zusammensetzung: Lachs (55 %), H\u00fchnerfleisch (20 %), Sojaprotein, Kartoffelst\u00e4rke, Glycerin, Salz | glutenfreie Rezeptur | 0 % Zuckerzusatz | K\u00fchl und trocken lagern.<\/p>\n","protected":false},"excerpt":{"rendered":"<p>mit Lachs und Huhn Fischgehalt 55 %, Fleischgehalt 20 % glutenfrei ohne Zuckerzusatz Inhalt: 40g Zusammensetzung: Lachs (55 %), H\u00fchnerfleisch (20 %), Sojaprotein, Kartoffelst\u00e4rke, Glycerin, Salz | glutenfreie Rezeptur | 0 % Zuckerzusatz | K\u00fchl und trocken lagern.<\/p>\n","protected":false},"featured_media":49453,"comment_status":"closed","ping_status":"open","template":"","meta":[],"product_cat":[14070],"product_tag":[],"class_list":{"0":"post-49452","1":"product","2":"type-product","3":"status-publish","4":"has-post-thumbnail","6":"product_cat-trixie-katzensnacks","8":"first","9":"instock","10":"taxable","11":"shipping-taxable","12":"purchasable","13":"product-type-simple"},"_links":{"self":[{"href":"https:\/\/all-pets.de\/shop\/wp-json\/wp\/v2\/product\/49452","targetHints":{"allow":["GET"]}}],"collection":[{"href":"https:\/\/all-pets.de\/shop\/wp-json\/wp\/v2\/product"}],"about":[{"href":"https:\/\/all-pets.de\/shop\/wp-json\/wp\/v2\/types\/product"}],"replies":[{"embeddable":true,"href":"https:\/\/all-pets.de\/shop\/wp-json\/wp\/v2\/comments?post=49452"}],"wp:featuredmedia":[{"embeddable":true,"href":"https:\/\/all-pets.de\/shop\/wp-json\/wp\/v2\/media\/49453"}],"wp:attachment":[{"href":"https:\/\/all-pets.de\/shop\/wp-json\/wp\/v2\/media?parent=49452"}],"wp:term":[{"taxonomy":"product_cat","embeddable":true,"href":"https:\/\/all-pets.de\/shop\/wp-json\/wp\/v2\/product_cat?post=49452"},{"taxonomy":"product_tag","embeddable":true,"href":"https:\/\/all-pets.de\/shop\/wp-json\/wp\/v2\/product_tag?post=49452"}],"curies":[{"name":"wp","href":"https:\/\/api.w.org\/{rel}","templated":true}]}}