{"id":49505,"date":"2023-12-12T12:31:21","date_gmt":"2023-12-12T11:31:21","guid":{"rendered":"https:\/\/pet-shopping.de\/shop\/produkt\/trixie-agility-set-fuer-zwergkaninchen-und-ratten\/"},"modified":"2023-12-12T12:31:25","modified_gmt":"2023-12-12T11:31:25","slug":"trixie-agility-set-fuer-zwergkaninchen-und-ratten","status":"publish","type":"product","link":"https:\/\/all-pets.de\/shop\/produkt\/trixie-agility-set-fuer-zwergkaninchen-und-ratten\/","title":{"rendered":"Trixie Agility Set f\u00fcr Zwergkaninchen und Ratten"},"content":{"rendered":"<div class=\"mb-3 row\">\n<div class=\"col\">\n<ul>\n<li>\n<ul>\n<ul>\n<li>h\u00f6henverstellbare Hindernisse erm\u00f6glichen einen einfachen Trainingseinstieg<\/li>\n<li>artgerechte Besch\u00e4ftigung und geistige Herausforderung<\/li>\n<li>Ring: 28 \u00d7 26 \u00d7 11 cm, Ring innen: \u00f8 16,5 cm<\/li>\n<li>H\u00fcrde: 28 \u00d7 26 \u00d7 11 cm (min. Sprungh\u00f6he 12 cm)<\/li>\n<li>Holz, unbehandelt\/Weide<\/li>\n<li>inkl. Trainingsanleitung<\/li>\n<li>tierschutzkonform nach \u00a7 18 (AT)<\/li>\n<li>Ma\u00dfe: ca. 28 \u00d7 26 \u00d7 11 cm<\/li>\n<li>f\u00fcr z. B.: Ratten, Zwergkaninchen<\/li>\n<\/ul>\n<\/ul>\n<\/li>\n<\/ul>\n<\/div>\n<\/div>\n","protected":false},"excerpt":{"rendered":"<p>h\u00f6henverstellbare Hindernisse erm\u00f6glichen einen einfachen Trainingseinstieg artgerechte Besch\u00e4ftigung und geistige Herausforderung Ring: 28 \u00d7 26 \u00d7 11 cm, Ring innen: \u00f8 16,5 cm H\u00fcrde: 28 \u00d7 26 \u00d7 11 cm (min. Sprungh\u00f6he 12 cm) Holz, unbehandelt\/Weide inkl. Trainingsanleitung tierschutzkonform nach \u00a7 18 (AT) Ma\u00dfe: ca. 28 \u00d7 26 \u00d7 11 cm f\u00fcr z. B.: Ratten, [&hellip;]<\/p>\n","protected":false},"featured_media":49506,"comment_status":"closed","ping_status":"open","template":"","meta":[],"product_cat":[13745],"product_tag":[],"class_list":{"0":"post-49505","1":"product","2":"type-product","3":"status-publish","4":"has-post-thumbnail","6":"product_cat-spiel-sport","8":"first","9":"instock","10":"taxable","11":"shipping-taxable","12":"purchasable","13":"product-type-simple"},"_links":{"self":[{"href":"https:\/\/all-pets.de\/shop\/wp-json\/wp\/v2\/product\/49505","targetHints":{"allow":["GET"]}}],"collection":[{"href":"https:\/\/all-pets.de\/shop\/wp-json\/wp\/v2\/product"}],"about":[{"href":"https:\/\/all-pets.de\/shop\/wp-json\/wp\/v2\/types\/product"}],"replies":[{"embeddable":true,"href":"https:\/\/all-pets.de\/shop\/wp-json\/wp\/v2\/comments?post=49505"}],"wp:featuredmedia":[{"embeddable":true,"href":"https:\/\/all-pets.de\/shop\/wp-json\/wp\/v2\/media\/49506"}],"wp:attachment":[{"href":"https:\/\/all-pets.de\/shop\/wp-json\/wp\/v2\/media?parent=49505"}],"wp:term":[{"taxonomy":"product_cat","embeddable":true,"href":"https:\/\/all-pets.de\/shop\/wp-json\/wp\/v2\/product_cat?post=49505"},{"taxonomy":"product_tag","embeddable":true,"href":"https:\/\/all-pets.de\/shop\/wp-json\/wp\/v2\/product_tag?post=49505"}],"curies":[{"name":"wp","href":"https:\/\/api.w.org\/{rel}","templated":true}]}}