{"id":49546,"date":"2023-12-12T12:31:32","date_gmt":"2023-12-12T11:31:32","guid":{"rendered":"https:\/\/pet-shopping.de\/shop\/produkt\/trixie-auffahrplatte-zum-anleinen\/"},"modified":"2023-12-12T12:31:33","modified_gmt":"2023-12-12T11:31:33","slug":"trixie-auffahrplatte-zum-anleinen","status":"publish","type":"product","link":"https:\/\/all-pets.de\/shop\/produkt\/trixie-auffahrplatte-zum-anleinen\/","title":{"rendered":"Trixie Auffahrplatte zum Anleinen"},"content":{"rendered":"<ul>\n<li>stabile und sichere Anleinm\u00f6glichkeit am Auto<\/li>\n<li>rostfreier Edelstahl<\/li>\n<li>Ma\u00dfe: ca. 12 \u00d7 26 cm<\/li>\n<\/ul>\n","protected":false},"excerpt":{"rendered":"<p>stabile und sichere Anleinm\u00f6glichkeit am Auto rostfreier Edelstahl Ma\u00dfe: ca. 12 \u00d7 26 cm<\/p>\n","protected":false},"featured_media":49547,"comment_status":"closed","ping_status":"open","template":"","meta":[],"product_cat":[15232],"product_tag":[],"class_list":{"0":"post-49546","1":"product","2":"type-product","3":"status-publish","4":"has-post-thumbnail","6":"product_cat-hofleinen-haus-hof-hofleinenhundewelt-leinen-halsbaender-leinen-autozubehoerhundewelt","8":"first","9":"instock","10":"taxable","11":"shipping-taxable","12":"purchasable","13":"product-type-simple"},"_links":{"self":[{"href":"https:\/\/all-pets.de\/shop\/wp-json\/wp\/v2\/product\/49546","targetHints":{"allow":["GET"]}}],"collection":[{"href":"https:\/\/all-pets.de\/shop\/wp-json\/wp\/v2\/product"}],"about":[{"href":"https:\/\/all-pets.de\/shop\/wp-json\/wp\/v2\/types\/product"}],"replies":[{"embeddable":true,"href":"https:\/\/all-pets.de\/shop\/wp-json\/wp\/v2\/comments?post=49546"}],"wp:featuredmedia":[{"embeddable":true,"href":"https:\/\/all-pets.de\/shop\/wp-json\/wp\/v2\/media\/49547"}],"wp:attachment":[{"href":"https:\/\/all-pets.de\/shop\/wp-json\/wp\/v2\/media?parent=49546"}],"wp:term":[{"taxonomy":"product_cat","embeddable":true,"href":"https:\/\/all-pets.de\/shop\/wp-json\/wp\/v2\/product_cat?post=49546"},{"taxonomy":"product_tag","embeddable":true,"href":"https:\/\/all-pets.de\/shop\/wp-json\/wp\/v2\/product_tag?post=49546"}],"curies":[{"name":"wp","href":"https:\/\/api.w.org\/{rel}","templated":true}]}}