{"id":49550,"date":"2023-12-12T12:31:32","date_gmt":"2023-12-12T11:31:32","guid":{"rendered":"https:\/\/pet-shopping.de\/shop\/produkt\/trixie-rucksack-tasche-tara-2-in-1\/"},"modified":"2023-12-12T12:31:34","modified_gmt":"2023-12-12T11:31:34","slug":"trixie-rucksack-tasche-tara-2-in-1","status":"publish","type":"product","link":"https:\/\/all-pets.de\/shop\/produkt\/trixie-rucksack-tasche-tara-2-in-1\/","title":{"rendered":"Trixie Rucksack &#038; Tasche Tara 2 in 1"},"content":{"rendered":"<div class=\"mb-3 row\">\n<div class=\"col\">\n<ul>\n<li>\n<ul>\n<ul>\n<li>bei Nutzung als Tasche k\u00f6nnen die Schulterriemen verstaut werden<\/li>\n<li>Schnalle verhindert ungewolltes \u00d6ffnen der Rei\u00dfverschl\u00fcsse<\/li>\n<li>besonders formstabil<\/li>\n<li>von oben zu \u00f6ffnen<\/li>\n<li>mit Au\u00dfentasche<\/li>\n<li>mit integrierter Kurzleine<\/li>\n<li>Polyester<\/li>\n<li>geeignet f\u00fcr Tiere bis zu: 7 kg<\/li>\n<li>Ma\u00dfe: 25 \u00d7 38 \u00d7 50 cm<\/li>\n<li>Farbe: grau\/blau<\/li>\n<\/ul>\n<\/ul>\n<\/li>\n<\/ul>\n<\/div>\n<\/div>\n","protected":false},"excerpt":{"rendered":"<p>bei Nutzung als Tasche k\u00f6nnen die Schulterriemen verstaut werden Schnalle verhindert ungewolltes \u00d6ffnen der Rei\u00dfverschl\u00fcsse besonders formstabil von oben zu \u00f6ffnen mit Au\u00dfentasche mit integrierter Kurzleine Polyester geeignet f\u00fcr Tiere bis zu: 7 kg Ma\u00dfe: 25 \u00d7 38 \u00d7 50 cm Farbe: grau\/blau<\/p>\n","protected":false},"featured_media":49551,"comment_status":"closed","ping_status":"open","template":"","meta":[],"product_cat":[14751],"product_tag":[],"class_list":{"0":"post-49550","1":"product","2":"type-product","3":"status-publish","4":"has-post-thumbnail","6":"product_cat-hundetaschen","8":"first","9":"instock","10":"taxable","11":"shipping-taxable","12":"purchasable","13":"product-type-simple"},"_links":{"self":[{"href":"https:\/\/all-pets.de\/shop\/wp-json\/wp\/v2\/product\/49550","targetHints":{"allow":["GET"]}}],"collection":[{"href":"https:\/\/all-pets.de\/shop\/wp-json\/wp\/v2\/product"}],"about":[{"href":"https:\/\/all-pets.de\/shop\/wp-json\/wp\/v2\/types\/product"}],"replies":[{"embeddable":true,"href":"https:\/\/all-pets.de\/shop\/wp-json\/wp\/v2\/comments?post=49550"}],"wp:featuredmedia":[{"embeddable":true,"href":"https:\/\/all-pets.de\/shop\/wp-json\/wp\/v2\/media\/49551"}],"wp:attachment":[{"href":"https:\/\/all-pets.de\/shop\/wp-json\/wp\/v2\/media?parent=49550"}],"wp:term":[{"taxonomy":"product_cat","embeddable":true,"href":"https:\/\/all-pets.de\/shop\/wp-json\/wp\/v2\/product_cat?post=49550"},{"taxonomy":"product_tag","embeddable":true,"href":"https:\/\/all-pets.de\/shop\/wp-json\/wp\/v2\/product_tag?post=49550"}],"curies":[{"name":"wp","href":"https:\/\/api.w.org\/{rel}","templated":true}]}}