{"id":49554,"date":"2023-12-12T12:31:32","date_gmt":"2023-12-12T11:31:32","guid":{"rendered":"https:\/\/pet-shopping.de\/shop\/produkt\/beeztees-eco-hundespielzeug-octopus-okki-geraeuschlos\/"},"modified":"2023-12-12T12:31:34","modified_gmt":"2023-12-12T11:31:34","slug":"beeztees-eco-hundespielzeug-octopus-okki-geraeuschlos","status":"publish","type":"product","link":"https:\/\/all-pets.de\/shop\/produkt\/beeztees-eco-hundespielzeug-octopus-okki-geraeuschlos\/","title":{"rendered":"Beeztees Eco Hundespielzeug Octopus Okki &#8211; ger\u00e4uschlos"},"content":{"rendered":"<p>Das Beeztees Hundespielzeug Octopus Okki eignet sich f\u00fcr stundenlangen Spiel- und Kuschelspa\u00df. Dieses Hundekuscheltier ist wunderbar weich. Wenn Sie dieses Kuscheltier in den Hundek\u00e4fig oder Hundekorb legen, kann sich Ihr Hund toll daran anschmiegen. Octopus Okki ist 100% aus recyceltem Material hergestellt. Au\u00dferdem ist dies ein Hundespielzeug ohne Squeaker. <\/p>\n<p>&#8211; Recyceltem Material <\/p>\n<p>&#8211; Ohne Squeaker <\/p>\n<p>&#8211; Herrlich weich <\/p>\n<p>&#8211; Ma\u00dfe: ca. 26 x 13 x 13 cm<\/p>\n","protected":false},"excerpt":{"rendered":"<p>Das Beeztees Hundespielzeug Octopus Okki eignet sich f\u00fcr stundenlangen Spiel- und Kuschelspa\u00df. Dieses Hundekuscheltier ist wunderbar weich. Wenn Sie dieses Kuscheltier in den Hundek\u00e4fig oder Hundekorb legen, kann sich Ihr Hund toll daran anschmiegen. Octopus Okki ist 100% aus recyceltem Material hergestellt. Au\u00dferdem ist dies ein Hundespielzeug ohne Squeaker. &#8211; Recyceltem Material &#8211; Ohne Squeaker [&hellip;]<\/p>\n","protected":false},"featured_media":49555,"comment_status":"closed","ping_status":"open","template":"","meta":[],"product_cat":[13803],"product_tag":[],"class_list":{"0":"post-49554","1":"product","2":"type-product","3":"status-publish","4":"has-post-thumbnail","6":"product_cat-nachhaltiges-hundespielzeug","8":"first","9":"instock","10":"taxable","11":"shipping-taxable","12":"purchasable","13":"product-type-simple"},"_links":{"self":[{"href":"https:\/\/all-pets.de\/shop\/wp-json\/wp\/v2\/product\/49554","targetHints":{"allow":["GET"]}}],"collection":[{"href":"https:\/\/all-pets.de\/shop\/wp-json\/wp\/v2\/product"}],"about":[{"href":"https:\/\/all-pets.de\/shop\/wp-json\/wp\/v2\/types\/product"}],"replies":[{"embeddable":true,"href":"https:\/\/all-pets.de\/shop\/wp-json\/wp\/v2\/comments?post=49554"}],"wp:featuredmedia":[{"embeddable":true,"href":"https:\/\/all-pets.de\/shop\/wp-json\/wp\/v2\/media\/49555"}],"wp:attachment":[{"href":"https:\/\/all-pets.de\/shop\/wp-json\/wp\/v2\/media?parent=49554"}],"wp:term":[{"taxonomy":"product_cat","embeddable":true,"href":"https:\/\/all-pets.de\/shop\/wp-json\/wp\/v2\/product_cat?post=49554"},{"taxonomy":"product_tag","embeddable":true,"href":"https:\/\/all-pets.de\/shop\/wp-json\/wp\/v2\/product_tag?post=49554"}],"curies":[{"name":"wp","href":"https:\/\/api.w.org\/{rel}","templated":true}]}}