{"id":49567,"date":"2023-12-12T12:31:32","date_gmt":"2023-12-12T11:31:32","guid":{"rendered":"https:\/\/pet-shopping.de\/shop\/produkt\/trixie-tasche-alfie-21-x-30-x-43-cm\/"},"modified":"2023-12-12T12:31:38","modified_gmt":"2023-12-12T11:31:38","slug":"trixie-tasche-alfie-21-x-30-x-43-cm","status":"publish","type":"product","link":"https:\/\/all-pets.de\/shop\/produkt\/trixie-tasche-alfie-21-x-30-x-43-cm\/","title":{"rendered":"Trixie Tasche Alfie &#8211; 21 \u00d7 30 \u00d7 43 cm"},"content":{"rendered":"<div class=\"mb-3 row\">\n<div class=\"col\">\n<ul>\n<li>\n<ul>\n<ul>\n<li>Kunstfell-Einsatz, herausnehmbar<\/li>\n<li>von oben zu \u00f6ffnen<\/li>\n<li>mit Au\u00dfentasche<\/li>\n<li>mit integrierter Kurzleine<\/li>\n<li>Polyester<\/li>\n<li>Farbe: grau<\/li>\n<li>f\u00fcr Tiere bis zu 7 kg<\/li>\n<li>Ma\u00dfe: ca. 21 \u00d7 30 \u00d7 43 cm<\/li>\n<\/ul>\n<\/ul>\n<\/li>\n<\/ul>\n<\/div>\n<\/div>\n","protected":false},"excerpt":{"rendered":"<p>Kunstfell-Einsatz, herausnehmbar von oben zu \u00f6ffnen mit Au\u00dfentasche mit integrierter Kurzleine Polyester Farbe: grau f\u00fcr Tiere bis zu 7 kg Ma\u00dfe: ca. 21 \u00d7 30 \u00d7 43 cm<\/p>\n","protected":false},"featured_media":49568,"comment_status":"closed","ping_status":"open","template":"","meta":[],"product_cat":[14751],"product_tag":[],"class_list":{"0":"post-49567","1":"product","2":"type-product","3":"status-publish","4":"has-post-thumbnail","6":"product_cat-hundetaschen","8":"first","9":"instock","10":"taxable","11":"shipping-taxable","12":"purchasable","13":"product-type-simple"},"_links":{"self":[{"href":"https:\/\/all-pets.de\/shop\/wp-json\/wp\/v2\/product\/49567","targetHints":{"allow":["GET"]}}],"collection":[{"href":"https:\/\/all-pets.de\/shop\/wp-json\/wp\/v2\/product"}],"about":[{"href":"https:\/\/all-pets.de\/shop\/wp-json\/wp\/v2\/types\/product"}],"replies":[{"embeddable":true,"href":"https:\/\/all-pets.de\/shop\/wp-json\/wp\/v2\/comments?post=49567"}],"wp:featuredmedia":[{"embeddable":true,"href":"https:\/\/all-pets.de\/shop\/wp-json\/wp\/v2\/media\/49568"}],"wp:attachment":[{"href":"https:\/\/all-pets.de\/shop\/wp-json\/wp\/v2\/media?parent=49567"}],"wp:term":[{"taxonomy":"product_cat","embeddable":true,"href":"https:\/\/all-pets.de\/shop\/wp-json\/wp\/v2\/product_cat?post=49567"},{"taxonomy":"product_tag","embeddable":true,"href":"https:\/\/all-pets.de\/shop\/wp-json\/wp\/v2\/product_tag?post=49567"}],"curies":[{"name":"wp","href":"https:\/\/api.w.org\/{rel}","templated":true}]}}