{"id":49600,"date":"2023-12-12T12:31:48","date_gmt":"2023-12-12T11:31:48","guid":{"rendered":"https:\/\/pet-shopping.de\/shop\/produkt\/trixie-kratzpappe-dreieckig\/"},"modified":"2023-12-12T12:31:48","modified_gmt":"2023-12-12T11:31:48","slug":"trixie-kratzpappe-dreieckig","status":"publish","type":"product","link":"https:\/\/all-pets.de\/shop\/produkt\/trixie-kratzpappe-dreieckig\/","title":{"rendered":"Trixie Kratzpappe &#8211; dreieckig"},"content":{"rendered":"<ul>\n<li>mit 2 Spielb\u00e4llen (Kunststoff)<\/li>\n<li>mit Catnip<\/li>\n<li>Ma\u00dfe: ca. 36 \u00d7 5 \u00d7 36\/36 cm<\/li>\n<li>Farbe: grau<\/li>\n<\/ul>\n","protected":false},"excerpt":{"rendered":"<p>mit 2 Spielb\u00e4llen (Kunststoff) mit Catnip Ma\u00dfe: ca. 36 \u00d7 5 \u00d7 36\/36 cm Farbe: grau<\/p>\n","protected":false},"featured_media":49601,"comment_status":"closed","ping_status":"open","template":"","meta":[],"product_cat":[14595],"product_tag":[],"class_list":{"0":"post-49600","1":"product","2":"type-product","3":"status-publish","4":"has-post-thumbnail","6":"product_cat-kratzbretter-artikel-kratzbaeume-moebel","8":"first","9":"instock","10":"taxable","11":"shipping-taxable","12":"purchasable","13":"product-type-simple"},"_links":{"self":[{"href":"https:\/\/all-pets.de\/shop\/wp-json\/wp\/v2\/product\/49600","targetHints":{"allow":["GET"]}}],"collection":[{"href":"https:\/\/all-pets.de\/shop\/wp-json\/wp\/v2\/product"}],"about":[{"href":"https:\/\/all-pets.de\/shop\/wp-json\/wp\/v2\/types\/product"}],"replies":[{"embeddable":true,"href":"https:\/\/all-pets.de\/shop\/wp-json\/wp\/v2\/comments?post=49600"}],"wp:featuredmedia":[{"embeddable":true,"href":"https:\/\/all-pets.de\/shop\/wp-json\/wp\/v2\/media\/49601"}],"wp:attachment":[{"href":"https:\/\/all-pets.de\/shop\/wp-json\/wp\/v2\/media?parent=49600"}],"wp:term":[{"taxonomy":"product_cat","embeddable":true,"href":"https:\/\/all-pets.de\/shop\/wp-json\/wp\/v2\/product_cat?post=49600"},{"taxonomy":"product_tag","embeddable":true,"href":"https:\/\/all-pets.de\/shop\/wp-json\/wp\/v2\/product_tag?post=49600"}],"curies":[{"name":"wp","href":"https:\/\/api.w.org\/{rel}","templated":true}]}}