{"id":49604,"date":"2023-12-12T12:31:48","date_gmt":"2023-12-12T11:31:48","guid":{"rendered":"https:\/\/pet-shopping.de\/shop\/produkt\/trixie-trinkbrunnen-flower\/"},"modified":"2023-12-12T12:31:49","modified_gmt":"2023-12-12T11:31:49","slug":"trixie-trinkbrunnen-flower","status":"publish","type":"product","link":"https:\/\/all-pets.de\/shop\/produkt\/trixie-trinkbrunnen-flower\/","title":{"rendered":"Trixie Trinkbrunnen Flower"},"content":{"rendered":"<div class=\"mb-3 row\">\n<div class=\"col\">\n<ul>\n<li>\n<ul>\n<ul>\n<li>F\u00fcllstandsanzeige zur besseren Inhaltskontrolle<\/li>\n<li>reichert das Wasser mit Sauerstoff an<\/li>\n<li>k\u00fchlt nat\u00fcrlich durch Wasserzirkulation<\/li>\n<li>Filter sorgt f\u00fcr bessere Wasserqualit\u00e4t<\/li>\n<li>Pumpe, austauschbar<\/li>\n<li>mit USB- und Netzstecker<\/li>\n<li>passender Ersatzfilter: Artikel 24447<\/li>\n<li>Kunststoff<\/li>\n<li>Ma\u00dfe: ca. 2 l \/ 18,5 \u00d7 13 \u00d7 18,5 cm<\/li>\n<li>Farbe: wei\u00df\/grau<\/li>\n<\/ul>\n<\/ul>\n<\/li>\n<\/ul>\n<\/div>\n<\/div>\n","protected":false},"excerpt":{"rendered":"<p>F\u00fcllstandsanzeige zur besseren Inhaltskontrolle reichert das Wasser mit Sauerstoff an k\u00fchlt nat\u00fcrlich durch Wasserzirkulation Filter sorgt f\u00fcr bessere Wasserqualit\u00e4t Pumpe, austauschbar mit USB- und Netzstecker passender Ersatzfilter: Artikel 24447 Kunststoff Ma\u00dfe: ca. 2 l \/ 18,5 \u00d7 13 \u00d7 18,5 cm Farbe: wei\u00df\/grau<\/p>\n","protected":false},"featured_media":49605,"comment_status":"closed","ping_status":"open","template":"","meta":[],"product_cat":[13904],"product_tag":[],"class_list":{"0":"post-49604","1":"product","2":"type-product","3":"status-publish","4":"has-post-thumbnail","6":"product_cat-futterspender-traenken-hundenaepfe-traenken-katzentraenken-trinkbrunnenhundewelt","8":"first","9":"instock","10":"taxable","11":"shipping-taxable","12":"purchasable","13":"product-type-simple"},"_links":{"self":[{"href":"https:\/\/all-pets.de\/shop\/wp-json\/wp\/v2\/product\/49604","targetHints":{"allow":["GET"]}}],"collection":[{"href":"https:\/\/all-pets.de\/shop\/wp-json\/wp\/v2\/product"}],"about":[{"href":"https:\/\/all-pets.de\/shop\/wp-json\/wp\/v2\/types\/product"}],"replies":[{"embeddable":true,"href":"https:\/\/all-pets.de\/shop\/wp-json\/wp\/v2\/comments?post=49604"}],"wp:featuredmedia":[{"embeddable":true,"href":"https:\/\/all-pets.de\/shop\/wp-json\/wp\/v2\/media\/49605"}],"wp:attachment":[{"href":"https:\/\/all-pets.de\/shop\/wp-json\/wp\/v2\/media?parent=49604"}],"wp:term":[{"taxonomy":"product_cat","embeddable":true,"href":"https:\/\/all-pets.de\/shop\/wp-json\/wp\/v2\/product_cat?post=49604"},{"taxonomy":"product_tag","embeddable":true,"href":"https:\/\/all-pets.de\/shop\/wp-json\/wp\/v2\/product_tag?post=49604"}],"curies":[{"name":"wp","href":"https:\/\/api.w.org\/{rel}","templated":true}]}}