{"id":49681,"date":"2023-12-12T12:32:00","date_gmt":"2023-12-12T11:32:00","guid":{"rendered":"https:\/\/pet-shopping.de\/shop\/produkt\/lebon-hundebett-balou-plus-100-x-80cm\/"},"modified":"2023-12-12T12:32:05","modified_gmt":"2023-12-12T11:32:05","slug":"lebon-hundebett-balou-plus-100-x-80cm","status":"publish","type":"product","link":"https:\/\/all-pets.de\/shop\/produkt\/lebon-hundebett-balou-plus-100-x-80cm\/","title":{"rendered":"Lebon Hundebett Balou Plus &#8211; 100 x 80cm"},"content":{"rendered":"<p>Dieses orthop\u00e4dische Hundebett Balou PLUS hat die besondere Eigenschaft des Memory Effekt (Visco- bzw. Memory Foam). Der orthop\u00e4dische Liegekern passt sich dem K\u00f6rper des Hundes an und entlastet somit alle sehr beanspruchten Druckstellen. Nach kurzer Zeit nimmt das Material seine Ursprungsform wieder an. Pr\u00e4ventiv bei jungen oder bereits \u00e4lteren Hunden bietet die zus\u00e4tzliche Visco-elastische Auflage die perfekte Beschaffenheit, f\u00fcr einen erholsamen und gesunden Schlaf.<\/p>\n<p>\u00a0\u00a0\u00a0 EXTRA DICKE Liegefl\u00e4che aus Visco-elastischer Auflage &#038; st\u00fctzendem Komfortschaum<br \/>\u00a0\u00a0\u00a0 Entlastet Gelenke, Wirbels\u00e4ule, Muskeln, B\u00e4nder und Sehnen<br \/>\u00a0\u00a0\u00a0 Optimale und punktgenaue Druckentlastung empfindlicher Stellen<br \/>\u00a0\u00a0\u00a0 Sehr gut geeignet zur Vorbeugung und Schmerzlinderung<br \/>\u00a0\u00a0\u00a0 Passt sich der K\u00f6rperform und Liegeposition Ihres Hundes an<br \/>\u00a0\u00a0\u00a0 Durch die K\u00f6rperw\u00e4rme des Hundes entsteht der \u201eMEMORY EFFEKT\u201c<br \/>\u00a0\u00a0\u00a0 Optimaler Schlaf und Entspannung f\u00fcr alle Hunde<br \/>\u00a0\u00a0\u00a0 Der erh\u00f6hte Rand sorgt f\u00fcr Geborgenheit und Sicherheit<br \/>\u00a0\u00a0\u00a0 Durch den gepolsterten Rand entsteht eine ergonomische Form und Liegeposition<br \/>\u00a0\u00a0\u00a0 Ihr Hund kann seinen Kopf ideal leicht erh\u00f6ht ablegen und entspannen<\/p>\n<p>Hochwertiger Bezug waschbar bis 90 GRAD:<\/p>\n<p>\u00a0\u00a0\u00a0 Abt\u00f6tung von Milben, Bakterien, Viren, Pilzen und Parasiten<br \/>\u00a0\u00a0\u00a0 Beseitigung von K\u00f6rperfett und Talg (Entfernt Ger\u00fcche vom Bett)<br \/>\u00a0\u00a0\u00a0 Beseitigung von hartn\u00e4ckigen Schmutz und Flecken<br \/>\u00a0\u00a0\u00a0 Wir empfehlen \u00f6fter eine W\u00e4sche bis 60 GRAD (Schonen Sie die Umwelt und verzichten auf h\u00f6here Temperaturen beim Waschen) 90 Grad sind nicht immer zwingend notwendig.<\/p>\n<p>Material<br \/>Obermaterial: Polyester<br \/>Untermaterial \/ Unterboden: Nylon<br \/>Innenteil \/ Kern: Orthop\u00e4disches Memory Foam (Viscose)<\/p>\n<p>Ma\u00dfe: 100x80x24 cm <\/p>\n<p>Innenfl\u00e4che: 80\u00d760 cm <\/p>\n<p>Farbe: Grau<\/p>\n","protected":false},"excerpt":{"rendered":"<p>Dieses orthop\u00e4dische Hundebett Balou PLUS hat die besondere Eigenschaft des Memory Effekt (Visco- bzw. Memory Foam). Der orthop\u00e4dische Liegekern passt sich dem K\u00f6rper des Hundes an und entlastet somit alle sehr beanspruchten Druckstellen. Nach kurzer Zeit nimmt das Material seine Ursprungsform wieder an. Pr\u00e4ventiv bei jungen oder bereits \u00e4lteren Hunden bietet die zus\u00e4tzliche Visco-elastische Auflage [&hellip;]<\/p>\n","protected":false},"featured_media":49682,"comment_status":"closed","ping_status":"open","template":"","meta":[],"product_cat":[15113],"product_tag":[],"class_list":{"0":"post-49681","1":"product","2":"type-product","3":"status-publish","4":"has-post-thumbnail","6":"product_cat-hundebetten-hundekissen-betten-koerbe","8":"first","9":"instock","10":"taxable","11":"shipping-taxable","12":"purchasable","13":"product-type-simple"},"_links":{"self":[{"href":"https:\/\/all-pets.de\/shop\/wp-json\/wp\/v2\/product\/49681","targetHints":{"allow":["GET"]}}],"collection":[{"href":"https:\/\/all-pets.de\/shop\/wp-json\/wp\/v2\/product"}],"about":[{"href":"https:\/\/all-pets.de\/shop\/wp-json\/wp\/v2\/types\/product"}],"replies":[{"embeddable":true,"href":"https:\/\/all-pets.de\/shop\/wp-json\/wp\/v2\/comments?post=49681"}],"wp:featuredmedia":[{"embeddable":true,"href":"https:\/\/all-pets.de\/shop\/wp-json\/wp\/v2\/media\/49682"}],"wp:attachment":[{"href":"https:\/\/all-pets.de\/shop\/wp-json\/wp\/v2\/media?parent=49681"}],"wp:term":[{"taxonomy":"product_cat","embeddable":true,"href":"https:\/\/all-pets.de\/shop\/wp-json\/wp\/v2\/product_cat?post=49681"},{"taxonomy":"product_tag","embeddable":true,"href":"https:\/\/all-pets.de\/shop\/wp-json\/wp\/v2\/product_tag?post=49681"}],"curies":[{"name":"wp","href":"https:\/\/api.w.org\/{rel}","templated":true}]}}