{"id":49813,"date":"2023-12-12T12:32:30","date_gmt":"2023-12-12T11:32:30","guid":{"rendered":"https:\/\/pet-shopping.de\/shop\/produkt\/trixie-be-nordic-salmon-balls-500g\/"},"modified":"2023-12-12T12:32:35","modified_gmt":"2023-12-12T11:32:35","slug":"trixie-be-nordic-salmon-balls-500g","status":"publish","type":"product","link":"https:\/\/all-pets.de\/shop\/produkt\/trixie-be-nordic-salmon-balls-500g\/","title":{"rendered":"Trixie BE NORDIC Salmon Balls &#8211; 500g"},"content":{"rendered":"<div class=\"mb-3 row\">\n<div class=\"col\">\n<div class=\"description\">\n<ul>\n<li>mit Lachs<\/li>\n<li>Fischgehalt 67 %<\/li>\n<li>mit nat\u00fcrlichen Omega-3- und Omega-6-Fetts\u00e4uren<\/li>\n<li>glutenfrei<\/li>\n<li>ohne Zuckerzusatz<\/li>\n<\/ul>\n<div class=\"infotextWrap\">Aus dem Verkauf der Serie unterst\u00fctzt TRIXIE Meeresschutzprojekte und leistet damit einen Beitrag zum Natur- und Artenschutz.<\/div>\n<div class=\"infotextWrap\"><\/div>\n<div class=\"infotextWrap\">Zusammensetzung: Lachs (67 %), Fleisch und tierische Nebenerzeugnisse, Propylenglycol | glutenfreie Rezeptur | 0 % Zuckerzusatz | K\u00fchl und trocken lagern.<\/div>\n<div class=\"infotextWrap\"><\/div>\n<div class=\"infotextWrap\">Analytischer Bestandteil: <\/div>\n<div class=\"infotextWrap\"><\/div>\n<div class=\"infotextWrap\">\n<table class=\"mb-0 analysis-values-and-ingredientsTable table table-sm table-striped\">\n<tbody>\n<tr>\n<td class=\"title text-start align-top\"><span>Fettgehalt<\/span><\/td>\n<td class=\"value-field text-nowrap text-end align-top\"><span class=\"value me-1\">11.0<\/span><span class=\"unit-of-measure\">%<\/span><\/td>\n<\/tr>\n<tr>\n<td class=\"title text-start align-top\"><span>Feuchtegehalt<\/span><\/td>\n<td class=\"value-field text-nowrap text-end align-top\"><span class=\"value me-1\">18.0<\/span><span class=\"unit-of-measure\">%<\/span><\/td>\n<\/tr>\n<tr>\n<td class=\"title text-start align-top\"><span>Protein<\/span><\/td>\n<td class=\"value-field text-nowrap text-end align-top\"><span class=\"value me-1\">47.0<\/span><span class=\"unit-of-measure\">%<\/span><\/td>\n<\/tr>\n<tr>\n<td class=\"title text-start align-top\"><span>Rohasche<\/span><\/td>\n<td class=\"value-field text-nowrap text-end align-top\"><span class=\"value me-1\">13.0<\/span><span class=\"unit-of-measure\">%<\/span><\/td>\n<\/tr>\n<\/tbody>\n<\/table>\n<\/div>\n<\/div>\n<\/div>\n<\/div>\n","protected":false},"excerpt":{"rendered":"<p>mit Lachs Fischgehalt 67 % mit nat\u00fcrlichen Omega-3- und Omega-6-Fetts\u00e4uren glutenfrei ohne Zuckerzusatz Aus dem Verkauf der Serie unterst\u00fctzt TRIXIE Meeresschutzprojekte und leistet damit einen Beitrag zum Natur- und Artenschutz. Zusammensetzung: Lachs (67 %), Fleisch und tierische Nebenerzeugnisse, Propylenglycol | glutenfreie Rezeptur | 0 % Zuckerzusatz | K\u00fchl und trocken lagern. Analytischer Bestandteil: Fettgehalt 11.0% [&hellip;]<\/p>\n","protected":false},"featured_media":49814,"comment_status":"closed","ping_status":"open","template":"","meta":[],"product_cat":[15271],"product_tag":[],"class_list":{"0":"post-49813","1":"product","2":"type-product","3":"status-publish","4":"has-post-thumbnail","6":"product_cat-neue-hundeartikel-trixiehundewelt-hundesnacks","8":"first","9":"instock","10":"taxable","11":"shipping-taxable","12":"purchasable","13":"product-type-simple"},"_links":{"self":[{"href":"https:\/\/all-pets.de\/shop\/wp-json\/wp\/v2\/product\/49813","targetHints":{"allow":["GET"]}}],"collection":[{"href":"https:\/\/all-pets.de\/shop\/wp-json\/wp\/v2\/product"}],"about":[{"href":"https:\/\/all-pets.de\/shop\/wp-json\/wp\/v2\/types\/product"}],"replies":[{"embeddable":true,"href":"https:\/\/all-pets.de\/shop\/wp-json\/wp\/v2\/comments?post=49813"}],"wp:featuredmedia":[{"embeddable":true,"href":"https:\/\/all-pets.de\/shop\/wp-json\/wp\/v2\/media\/49814"}],"wp:attachment":[{"href":"https:\/\/all-pets.de\/shop\/wp-json\/wp\/v2\/media?parent=49813"}],"wp:term":[{"taxonomy":"product_cat","embeddable":true,"href":"https:\/\/all-pets.de\/shop\/wp-json\/wp\/v2\/product_cat?post=49813"},{"taxonomy":"product_tag","embeddable":true,"href":"https:\/\/all-pets.de\/shop\/wp-json\/wp\/v2\/product_tag?post=49813"}],"curies":[{"name":"wp","href":"https:\/\/api.w.org\/{rel}","templated":true}]}}