{"id":49896,"date":"2023-12-12T12:32:52","date_gmt":"2023-12-12T11:32:52","guid":{"rendered":"https:\/\/pet-shopping.de\/shop\/produkt\/trixie-licknsnack-ball\/"},"modified":"2023-12-12T12:32:55","modified_gmt":"2023-12-12T11:32:55","slug":"trixie-licknsnack-ball","status":"publish","type":"product","link":"https:\/\/all-pets.de\/shop\/produkt\/trixie-licknsnack-ball\/","title":{"rendered":"Trixie Lick&#8217;n&#8217;Snack Ball"},"content":{"rendered":"<div class=\"mb-3 row\">\n<div class=\"col\">\n<div class=\"description\">\n<ul>\n<li>Schlecken beruhigt und sorgt f\u00fcr Ruhephasen<\/li>\n<li>geringe Aufnahmemenge von Snacks bei langer Besch\u00e4ftigungsdauer<\/li>\n<li>mit gr\u00f6\u00dferen Leckerbissen bef\u00fcllbar<\/li>\n<li>seitliche Rillen optimal f\u00fcr z. B. Leberwurst geeignet<\/li>\n<li>zur Befestigung an glatten Oberfl\u00e4chen<\/li>\n<li>einfache Anbringung durch Saugnapf<\/li>\n<li>Kunststoff\/TPR<\/li>\n<li>tierschutzkonform nach \u00a7 18 (AT)<\/li>\n<li>Ma\u00dfe: ca. \u00f8 8\/12 cm \u00d7 13 cm<\/li>\n<\/ul>\n<p><\/p>\n<p>Ist dein Hund unruhig oder gestresst in ungewohnten Situationen? Der Lick&#8217;n&#8217;Snack Ball schafft Abhilfe: Du kannst das Spielzeug mit verschiedenen Leckereien bef\u00fcllen, die sich dein Vierbeiner durch Schlecken erarbeiten soll. Dieser Vorgang sorgt daf\u00fcr, dass er abgelenkt ist und sein Stresspegel sinkt. Im Inneren bietet der Ball Platz f\u00fcr gr\u00f6\u00dfere Snacks, die seitlichen Rillen eignen sich dagegen hervorragend f\u00fcr Leberwurst oder andere Pasten.<\/p>\n<p>Mithilfe des Saugnapfes kannst du das Spielzeug ganz einfach an allen glatten Oberfl\u00e4chen anbringen, so dass dein Hund ganz in Ruhe schlecken darf. Achte darauf, dass du das Snack-Spielzeug regelm\u00e4\u00dfig reinigst, damit dein Vierbeiner lange Freude an ihm hat.<\/p>\n<\/div>\n<\/div>\n<\/div>\n","protected":false},"excerpt":{"rendered":"<p>Schlecken beruhigt und sorgt f\u00fcr Ruhephasen geringe Aufnahmemenge von Snacks bei langer Besch\u00e4ftigungsdauer mit gr\u00f6\u00dferen Leckerbissen bef\u00fcllbar seitliche Rillen optimal f\u00fcr z. B. Leberwurst geeignet zur Befestigung an glatten Oberfl\u00e4chen einfache Anbringung durch Saugnapf Kunststoff\/TPR tierschutzkonform nach \u00a7 18 (AT) Ma\u00dfe: ca. \u00f8 8\/12 cm \u00d7 13 cm Ist dein Hund unruhig oder gestresst in [&hellip;]<\/p>\n","protected":false},"featured_media":49897,"comment_status":"closed","ping_status":"open","template":"","meta":[],"product_cat":[15303],"product_tag":[],"class_list":{"0":"post-49896","1":"product","2":"type-product","3":"status-publish","4":"has-post-thumbnail","6":"product_cat-neue-hundeartikel-intelligenzhundewelt-hundespielzeug-sport","8":"first","9":"instock","10":"taxable","11":"shipping-taxable","12":"purchasable","13":"product-type-simple"},"_links":{"self":[{"href":"https:\/\/all-pets.de\/shop\/wp-json\/wp\/v2\/product\/49896","targetHints":{"allow":["GET"]}}],"collection":[{"href":"https:\/\/all-pets.de\/shop\/wp-json\/wp\/v2\/product"}],"about":[{"href":"https:\/\/all-pets.de\/shop\/wp-json\/wp\/v2\/types\/product"}],"replies":[{"embeddable":true,"href":"https:\/\/all-pets.de\/shop\/wp-json\/wp\/v2\/comments?post=49896"}],"wp:featuredmedia":[{"embeddable":true,"href":"https:\/\/all-pets.de\/shop\/wp-json\/wp\/v2\/media\/49897"}],"wp:attachment":[{"href":"https:\/\/all-pets.de\/shop\/wp-json\/wp\/v2\/media?parent=49896"}],"wp:term":[{"taxonomy":"product_cat","embeddable":true,"href":"https:\/\/all-pets.de\/shop\/wp-json\/wp\/v2\/product_cat?post=49896"},{"taxonomy":"product_tag","embeddable":true,"href":"https:\/\/all-pets.de\/shop\/wp-json\/wp\/v2\/product_tag?post=49896"}],"curies":[{"name":"wp","href":"https:\/\/api.w.org\/{rel}","templated":true}]}}