{"id":50110,"date":"2023-12-12T12:33:50","date_gmt":"2023-12-12T11:33:50","guid":{"rendered":"https:\/\/pet-shopping.de\/shop\/produkt\/karlie-flamingo-furmaster-entfilzungsharke-10-cm\/"},"modified":"2023-12-12T12:33:50","modified_gmt":"2023-12-12T11:33:50","slug":"karlie-flamingo-furmaster-entfilzungsharke-10-cm","status":"publish","type":"product","link":"https:\/\/all-pets.de\/shop\/produkt\/karlie-flamingo-furmaster-entfilzungsharke-10-cm\/","title":{"rendered":"Karlie Flamingo Furmaster Entfilzungsharke &#8211; 10 cm"},"content":{"rendered":"<p>Diese Furmaster Entfilzungsharke von Karlie Flamingo ist f\u00fcr kurz- und langhaarige Hunde geeignet.<\/p>\n<p>Sie k\u00f6nnen mit dieser Harke schnell und einfach St\u00fccke losen Unterfells entfernen. Benutzen Sie die Harke vor dem Baden oder Abduschen Ihres Hundes. Reinigen Sie die Entfilzungsharke regelm\u00e4\u00dfig mit Wasser und einer antiseptischen L\u00f6sung, um das Bakterienwachstum zu verhindern. Danach lassen Sie sie gut trocknen.<\/p>\n<p>L\u00e4nge: ca. 15 cm<br \/> Breite der Klinge: 10 cm<\/p>\n","protected":false},"excerpt":{"rendered":"<p>Diese Furmaster Entfilzungsharke von Karlie Flamingo ist f\u00fcr kurz- und langhaarige Hunde geeignet. Sie k\u00f6nnen mit dieser Harke schnell und einfach St\u00fccke losen Unterfells entfernen. Benutzen Sie die Harke vor dem Baden oder Abduschen Ihres Hundes. Reinigen Sie die Entfilzungsharke regelm\u00e4\u00dfig mit Wasser und einer antiseptischen L\u00f6sung, um das Bakterienwachstum zu verhindern. Danach lassen Sie [&hellip;]<\/p>\n","protected":false},"featured_media":1235,"comment_status":"closed","ping_status":"open","template":"","meta":[],"product_cat":[14126],"product_tag":[],"class_list":{"0":"post-50110","1":"product","2":"type-product","3":"status-publish","4":"has-post-thumbnail","6":"product_cat-trimmer-scheren","8":"first","9":"instock","10":"taxable","11":"shipping-taxable","12":"purchasable","13":"product-type-simple"},"_links":{"self":[{"href":"https:\/\/all-pets.de\/shop\/wp-json\/wp\/v2\/product\/50110","targetHints":{"allow":["GET"]}}],"collection":[{"href":"https:\/\/all-pets.de\/shop\/wp-json\/wp\/v2\/product"}],"about":[{"href":"https:\/\/all-pets.de\/shop\/wp-json\/wp\/v2\/types\/product"}],"replies":[{"embeddable":true,"href":"https:\/\/all-pets.de\/shop\/wp-json\/wp\/v2\/comments?post=50110"}],"wp:featuredmedia":[{"embeddable":true,"href":"https:\/\/all-pets.de\/shop\/wp-json\/wp\/v2\/media\/1235"}],"wp:attachment":[{"href":"https:\/\/all-pets.de\/shop\/wp-json\/wp\/v2\/media?parent=50110"}],"wp:term":[{"taxonomy":"product_cat","embeddable":true,"href":"https:\/\/all-pets.de\/shop\/wp-json\/wp\/v2\/product_cat?post=50110"},{"taxonomy":"product_tag","embeddable":true,"href":"https:\/\/all-pets.de\/shop\/wp-json\/wp\/v2\/product_tag?post=50110"}],"curies":[{"name":"wp","href":"https:\/\/api.w.org\/{rel}","templated":true}]}}