{"id":50184,"date":"2023-12-12T12:34:06","date_gmt":"2023-12-12T11:34:06","guid":{"rendered":"https:\/\/pet-shopping.de\/shop\/produkt\/nerf-dog-trax-tire-squeak-ball-small\/"},"modified":"2023-12-12T12:34:07","modified_gmt":"2023-12-12T11:34:07","slug":"nerf-dog-trax-tire-squeak-ball-small","status":"publish","type":"product","link":"https:\/\/all-pets.de\/shop\/produkt\/nerf-dog-trax-tire-squeak-ball-small\/","title":{"rendered":"NERF DOG Trax Tire Squeak Ball &#8211; Small"},"content":{"rendered":"<p>Die NERF DOG Hundespielzeuge vereinen optimales und funktionales Design mit speziellen Materialien, die eine intensive Nutzung \u00fcber einen langen Zeitraum erlauben.<\/p>\n<p>Der Trax Tire Sqeck Ball ist ein Gummiball mit animierenden Quietsch-Ger\u00e4uschen und einem Reifenprofil, welches einmal komplett um den Ball geht. <\/p>\n<p>Gr\u00f6\u00dfe Small: ca. 6,4 cm<br \/> Farbe: Gr\u00fcn oder Blau <br \/> Eine Farbwahl ist leider nicht m\u00f6glich, da die Farbe je nach Lagerbestand gew\u00e4hlt wird.<\/p>\n","protected":false},"excerpt":{"rendered":"<p>Die NERF DOG Hundespielzeuge vereinen optimales und funktionales Design mit speziellen Materialien, die eine intensive Nutzung \u00fcber einen langen Zeitraum erlauben. Der Trax Tire Sqeck Ball ist ein Gummiball mit animierenden Quietsch-Ger\u00e4uschen und einem Reifenprofil, welches einmal komplett um den Ball geht. Gr\u00f6\u00dfe Small: ca. 6,4 cm Farbe: Gr\u00fcn oder Blau Eine Farbwahl ist leider [&hellip;]<\/p>\n","protected":false},"featured_media":1764,"comment_status":"closed","ping_status":"open","template":"","meta":[],"product_cat":[14197],"product_tag":[],"class_list":{"0":"post-50184","1":"product","2":"type-product","3":"status-publish","4":"has-post-thumbnail","6":"product_cat-squeeker-hundespielzeug-sport-hundebaellehundewelt","8":"first","9":"instock","10":"taxable","11":"shipping-taxable","12":"purchasable","13":"product-type-simple"},"_links":{"self":[{"href":"https:\/\/all-pets.de\/shop\/wp-json\/wp\/v2\/product\/50184","targetHints":{"allow":["GET"]}}],"collection":[{"href":"https:\/\/all-pets.de\/shop\/wp-json\/wp\/v2\/product"}],"about":[{"href":"https:\/\/all-pets.de\/shop\/wp-json\/wp\/v2\/types\/product"}],"replies":[{"embeddable":true,"href":"https:\/\/all-pets.de\/shop\/wp-json\/wp\/v2\/comments?post=50184"}],"wp:featuredmedia":[{"embeddable":true,"href":"https:\/\/all-pets.de\/shop\/wp-json\/wp\/v2\/media\/1764"}],"wp:attachment":[{"href":"https:\/\/all-pets.de\/shop\/wp-json\/wp\/v2\/media?parent=50184"}],"wp:term":[{"taxonomy":"product_cat","embeddable":true,"href":"https:\/\/all-pets.de\/shop\/wp-json\/wp\/v2\/product_cat?post=50184"},{"taxonomy":"product_tag","embeddable":true,"href":"https:\/\/all-pets.de\/shop\/wp-json\/wp\/v2\/product_tag?post=50184"}],"curies":[{"name":"wp","href":"https:\/\/api.w.org\/{rel}","templated":true}]}}