{"id":50215,"date":"2023-12-12T12:34:13","date_gmt":"2023-12-12T11:34:13","guid":{"rendered":"https:\/\/pet-shopping.de\/shop\/produkt\/karlie-flamingo-groome-2in1-borsten-und-zupfbuerste-gross\/"},"modified":"2023-12-12T12:34:13","modified_gmt":"2023-12-12T11:34:13","slug":"karlie-flamingo-groome-2in1-borsten-und-zupfbuerste-gross","status":"publish","type":"product","link":"https:\/\/all-pets.de\/shop\/produkt\/karlie-flamingo-groome-2in1-borsten-und-zupfbuerste-gross\/","title":{"rendered":"Karlie Flamingo Groo&#8217;me 2in1 Borsten- und Zupfb\u00fcrste &#8211; Gro\u00df"},"content":{"rendered":"<p>Diese 2in1 B\u00fcrste dient auf der einen Seite als Borsten- und auf der anderen Seite als Zupfb\u00fcrste und ist so eine tolle Komplettl\u00f6sung zur Fellpflege.<\/p>\n<p>Die Borsten verleihen dem Fell ein strahlend gl\u00e4nzendes Aussehen, die Zupfb\u00fcrste entfernt Staub, Schmutz, lose Haare und Unterwolle. Dank der antistatischen Eigenschaften geht das B\u00fcrsten einfacher und schneller.<\/p>\n<p>Farbe: Schwarz-Grau<br \/> Ma\u00dfe: ca. 23,5 x 7 cm (LxB)<\/p>\n","protected":false},"excerpt":{"rendered":"<p>Diese 2in1 B\u00fcrste dient auf der einen Seite als Borsten- und auf der anderen Seite als Zupfb\u00fcrste und ist so eine tolle Komplettl\u00f6sung zur Fellpflege. Die Borsten verleihen dem Fell ein strahlend gl\u00e4nzendes Aussehen, die Zupfb\u00fcrste entfernt Staub, Schmutz, lose Haare und Unterwolle. Dank der antistatischen Eigenschaften geht das B\u00fcrsten einfacher und schneller. Farbe: Schwarz-Grau [&hellip;]<\/p>\n","protected":false},"featured_media":2590,"comment_status":"closed","ping_status":"open","template":"","meta":[],"product_cat":[14112],"product_tag":[],"class_list":{"0":"post-50215","1":"product","2":"type-product","3":"status-publish","4":"has-post-thumbnail","6":"product_cat-hundebuersten-striegel-fellpflege-pflege-gesundheit-hundewelt","8":"first","9":"instock","10":"taxable","11":"shipping-taxable","12":"purchasable","13":"product-type-simple"},"_links":{"self":[{"href":"https:\/\/all-pets.de\/shop\/wp-json\/wp\/v2\/product\/50215","targetHints":{"allow":["GET"]}}],"collection":[{"href":"https:\/\/all-pets.de\/shop\/wp-json\/wp\/v2\/product"}],"about":[{"href":"https:\/\/all-pets.de\/shop\/wp-json\/wp\/v2\/types\/product"}],"replies":[{"embeddable":true,"href":"https:\/\/all-pets.de\/shop\/wp-json\/wp\/v2\/comments?post=50215"}],"wp:featuredmedia":[{"embeddable":true,"href":"https:\/\/all-pets.de\/shop\/wp-json\/wp\/v2\/media\/2590"}],"wp:attachment":[{"href":"https:\/\/all-pets.de\/shop\/wp-json\/wp\/v2\/media?parent=50215"}],"wp:term":[{"taxonomy":"product_cat","embeddable":true,"href":"https:\/\/all-pets.de\/shop\/wp-json\/wp\/v2\/product_cat?post=50215"},{"taxonomy":"product_tag","embeddable":true,"href":"https:\/\/all-pets.de\/shop\/wp-json\/wp\/v2\/product_tag?post=50215"}],"curies":[{"name":"wp","href":"https:\/\/api.w.org\/{rel}","templated":true}]}}