{"id":50284,"date":"2023-12-12T12:34:28","date_gmt":"2023-12-12T11:34:28","guid":{"rendered":"https:\/\/pet-shopping.de\/shop\/produkt\/trixie-wechseleinlagen-fuer-schutzhoeschen-10-stueck-xs-s-s-m\/"},"modified":"2023-12-12T12:34:28","modified_gmt":"2023-12-12T11:34:28","slug":"trixie-wechseleinlagen-fuer-schutzhoeschen-10-stueck-xs-s-s-m","status":"publish","type":"product","link":"https:\/\/all-pets.de\/shop\/produkt\/trixie-wechseleinlagen-fuer-schutzhoeschen-10-stueck-xs-s-s-m\/","title":{"rendered":"Trixie Wechseleinlagen f\u00fcr Schutzh\u00f6schen &#8211; 10 St\u00fcck &#8211; XS, S, S-M"},"content":{"rendered":"<p>Die Wechseleinlagen eignen sich f\u00fcr alle Trixie Schutzh\u00f6schen. <\/p>\n<p>Inhalt: 10 St\u00fcck<\/p>\n<p>Geeignet f\u00fcr Schutzh\u00f6schen Gr\u00f6\u00dfe XS, S, S-M<\/p>\n","protected":false},"excerpt":{"rendered":"<p>Die Wechseleinlagen eignen sich f\u00fcr alle Trixie Schutzh\u00f6schen. Inhalt: 10 St\u00fcck Geeignet f\u00fcr Schutzh\u00f6schen Gr\u00f6\u00dfe XS, S, S-M<\/p>\n","protected":false},"featured_media":4988,"comment_status":"closed","ping_status":"open","template":"","meta":[],"product_cat":[15311],"product_tag":[],"class_list":{"0":"post-50284","1":"product","2":"type-product","3":"status-publish","4":"has-post-thumbnail","6":"product_cat-hundetoiletten-hygiene-pflege-gesundheit-hundewelt","8":"first","9":"instock","10":"taxable","11":"shipping-taxable","12":"purchasable","13":"product-type-simple"},"_links":{"self":[{"href":"https:\/\/all-pets.de\/shop\/wp-json\/wp\/v2\/product\/50284","targetHints":{"allow":["GET"]}}],"collection":[{"href":"https:\/\/all-pets.de\/shop\/wp-json\/wp\/v2\/product"}],"about":[{"href":"https:\/\/all-pets.de\/shop\/wp-json\/wp\/v2\/types\/product"}],"replies":[{"embeddable":true,"href":"https:\/\/all-pets.de\/shop\/wp-json\/wp\/v2\/comments?post=50284"}],"wp:featuredmedia":[{"embeddable":true,"href":"https:\/\/all-pets.de\/shop\/wp-json\/wp\/v2\/media\/4988"}],"wp:attachment":[{"href":"https:\/\/all-pets.de\/shop\/wp-json\/wp\/v2\/media?parent=50284"}],"wp:term":[{"taxonomy":"product_cat","embeddable":true,"href":"https:\/\/all-pets.de\/shop\/wp-json\/wp\/v2\/product_cat?post=50284"},{"taxonomy":"product_tag","embeddable":true,"href":"https:\/\/all-pets.de\/shop\/wp-json\/wp\/v2\/product_tag?post=50284"}],"curies":[{"name":"wp","href":"https:\/\/api.w.org\/{rel}","templated":true}]}}