{"id":50432,"date":"2023-12-12T12:35:03","date_gmt":"2023-12-12T11:35:03","guid":{"rendered":"https:\/\/pet-shopping.de\/shop\/produkt\/karlie-knisterndes-latexspielzeug-einhorn\/"},"modified":"2023-12-12T12:35:04","modified_gmt":"2023-12-12T11:35:04","slug":"karlie-knisterndes-latexspielzeug-einhorn","status":"publish","type":"product","link":"https:\/\/all-pets.de\/shop\/produkt\/karlie-knisterndes-latexspielzeug-einhorn\/","title":{"rendered":"Karlie Knisterndes Latexspielzeug &#8211; Einhorn"},"content":{"rendered":"<div class=\"data item content\" id=\"product.info.description\" data-role=\"content\" aria-labelledby=\"tab-label-product.info.description\" role=\"tabpanel\" aria-hidden=\"false\">\n<div class=\"product attribute description\">\n<div class=\"value\">\n<p>Die Latexspielzeuge in Form eines Einhorns hat eine Plastikflasche im Inneren. Diese knistert, wenn der Hund auf das Spielzeug bei\u00dft. Das animiert zum weiterem Spielen und sorgt f\u00fcr eine Menge Spa\u00df. Zudem machen die Spielzeuge auch optisch einen tollen Eindruck.<\/p>\n<p>Gr\u00f6\u00dfe: ca. 6,5 x 19,5 cm (Durchmesser x L\u00e4nge)<\/p>\n<\/div>\n<\/div>\n<\/div>\n","protected":false},"excerpt":{"rendered":"<p>Die Latexspielzeuge in Form eines Einhorns hat eine Plastikflasche im Inneren. Diese knistert, wenn der Hund auf das Spielzeug bei\u00dft. Das animiert zum weiterem Spielen und sorgt f\u00fcr eine Menge Spa\u00df. Zudem machen die Spielzeuge auch optisch einen tollen Eindruck. Gr\u00f6\u00dfe: ca. 6,5 x 19,5 cm (Durchmesser x L\u00e4nge)<\/p>\n","protected":false},"featured_media":5851,"comment_status":"closed","ping_status":"open","template":"","meta":[],"product_cat":[14191],"product_tag":[],"class_list":{"0":"post-50432","1":"product","2":"type-product","3":"status-publish","4":"has-post-thumbnail","6":"product_cat-weitere-spielzeuge-hundespielzeug-sport","8":"first","9":"instock","10":"taxable","11":"shipping-taxable","12":"purchasable","13":"product-type-simple"},"_links":{"self":[{"href":"https:\/\/all-pets.de\/shop\/wp-json\/wp\/v2\/product\/50432","targetHints":{"allow":["GET"]}}],"collection":[{"href":"https:\/\/all-pets.de\/shop\/wp-json\/wp\/v2\/product"}],"about":[{"href":"https:\/\/all-pets.de\/shop\/wp-json\/wp\/v2\/types\/product"}],"replies":[{"embeddable":true,"href":"https:\/\/all-pets.de\/shop\/wp-json\/wp\/v2\/comments?post=50432"}],"wp:featuredmedia":[{"embeddable":true,"href":"https:\/\/all-pets.de\/shop\/wp-json\/wp\/v2\/media\/5851"}],"wp:attachment":[{"href":"https:\/\/all-pets.de\/shop\/wp-json\/wp\/v2\/media?parent=50432"}],"wp:term":[{"taxonomy":"product_cat","embeddable":true,"href":"https:\/\/all-pets.de\/shop\/wp-json\/wp\/v2\/product_cat?post=50432"},{"taxonomy":"product_tag","embeddable":true,"href":"https:\/\/all-pets.de\/shop\/wp-json\/wp\/v2\/product_tag?post=50432"}],"curies":[{"name":"wp","href":"https:\/\/api.w.org\/{rel}","templated":true}]}}