{"id":50657,"date":"2023-12-12T12:36:06","date_gmt":"2023-12-12T11:36:06","guid":{"rendered":"https:\/\/pet-shopping.de\/shop\/produkt\/karlie-rondo-halsband-genaeht-natur-schwarz-22-mm-32-cm\/"},"modified":"2023-12-12T12:36:06","modified_gmt":"2023-12-12T11:36:06","slug":"karlie-rondo-halsband-genaeht-natur-schwarz-22-mm-32-cm","status":"publish","type":"product","link":"https:\/\/all-pets.de\/shop\/produkt\/karlie-rondo-halsband-genaeht-natur-schwarz-22-mm-32-cm\/","title":{"rendered":"Karlie RONDO Halsband gen\u00e4ht &#8211; Natur\/Schwarz &#8211; 22 mm, 32 cm"},"content":{"rendered":"<div>Die Halsb\u00e4nder, Leinen und Geschirre der RONDO-Produktreihe von Karlie bestehen aus echtem Leder und stammen aus deutscher Herstellung. Genau das macht die RONDO-Artikel besonders strapazierf\u00e4hig und langlebig. \u00a0<\/div>\n<div>\u00a0<\/div>\n<p> Dieses schlichte, aber schicke Lederhalsband ist schwarz unterlegt, gen\u00e4ht und mit einem Zierreifel versehen. Die Beschl\u00e4ge sind selbstverst\u00e4ndlich verchromt.<\/p>\n","protected":false},"excerpt":{"rendered":"<p>Die Halsb\u00e4nder, Leinen und Geschirre der RONDO-Produktreihe von Karlie bestehen aus echtem Leder und stammen aus deutscher Herstellung. Genau das macht die RONDO-Artikel besonders strapazierf\u00e4hig und langlebig. \u00a0 \u00a0 Dieses schlichte, aber schicke Lederhalsband ist schwarz unterlegt, gen\u00e4ht und mit einem Zierreifel versehen. Die Beschl\u00e4ge sind selbstverst\u00e4ndlich verchromt.<\/p>\n","protected":false},"featured_media":6891,"comment_status":"closed","ping_status":"open","template":"","meta":[],"product_cat":[13790],"product_tag":[],"class_list":{"0":"post-50657","1":"product","2":"type-product","3":"status-publish","4":"has-post-thumbnail","6":"product_cat-lederhalsbaender","8":"first","9":"instock","10":"taxable","11":"shipping-taxable","12":"purchasable","13":"product-type-simple"},"_links":{"self":[{"href":"https:\/\/all-pets.de\/shop\/wp-json\/wp\/v2\/product\/50657","targetHints":{"allow":["GET"]}}],"collection":[{"href":"https:\/\/all-pets.de\/shop\/wp-json\/wp\/v2\/product"}],"about":[{"href":"https:\/\/all-pets.de\/shop\/wp-json\/wp\/v2\/types\/product"}],"replies":[{"embeddable":true,"href":"https:\/\/all-pets.de\/shop\/wp-json\/wp\/v2\/comments?post=50657"}],"wp:featuredmedia":[{"embeddable":true,"href":"https:\/\/all-pets.de\/shop\/wp-json\/wp\/v2\/media\/6891"}],"wp:attachment":[{"href":"https:\/\/all-pets.de\/shop\/wp-json\/wp\/v2\/media?parent=50657"}],"wp:term":[{"taxonomy":"product_cat","embeddable":true,"href":"https:\/\/all-pets.de\/shop\/wp-json\/wp\/v2\/product_cat?post=50657"},{"taxonomy":"product_tag","embeddable":true,"href":"https:\/\/all-pets.de\/shop\/wp-json\/wp\/v2\/product_tag?post=50657"}],"curies":[{"name":"wp","href":"https:\/\/api.w.org\/{rel}","templated":true}]}}