{"id":50751,"date":"2023-12-12T12:36:22","date_gmt":"2023-12-12T11:36:22","guid":{"rendered":"https:\/\/pet-shopping.de\/shop\/produkt\/pet-star-relaxx-kissen-rund-70-cm-rot\/"},"modified":"2023-12-12T12:36:23","modified_gmt":"2023-12-12T11:36:23","slug":"pet-star-relaxx-kissen-rund-70-cm-rot","status":"publish","type":"product","link":"https:\/\/all-pets.de\/shop\/produkt\/pet-star-relaxx-kissen-rund-70-cm-rot\/","title":{"rendered":"Pet-Star RELAXX Kissen &#8211; Rund, 70 cm &#8211; Rot"},"content":{"rendered":"<p>Das Besondere an den Relaxx\u00ae Hundekissen ist die k\u00f6rpergerechte F\u00fcllung. Sie besteht aus hochwertigen EPS-Perlen. Diese finden in gleicher Qualit\u00e4t zum Beispiel auch in Stillkissen oder im therapeutischen Bereich ihre Anwendung. <\/p>\n<p> Dank dieser Perlen passt sich das Kissen optimal der K\u00f6rperform Ihres Tieres an. Gleichzeitig wirkt die F\u00fcllung w\u00e4rmer\u00fcckstrahlend, isolierend, antiallergisch und ist absolut hygienisch. <\/p>\n<p> Aber Achtung: EPS ist nicht gleich EPS. Wir verwenden ausschlie\u00dflich neue 2 bis 4 mm Perlen in eine Qualit\u00e4t von 20 g\/L. Andere Anbieter benutzen h\u00e4ufig gemahlenes Recycling-Material, schlechtere Qualit\u00e4ten oder auch einfach nur zu wenige Perlen. Da hat Ihr Tier dann nach kurzer Zeit ein platt gelegenes Kissen, das auch schon mal nach Fisch riechen kann, wenn die F\u00fcllung beispielsweise aus einer Fischkiste recycelt wurde. Letztes wird Ihren Hund aber wom\u00f6glich gar nicht st\u00f6ren. Vergleichen Sie daher nicht nur den Preis! <\/p>\n<p>Die Perlen befinden sich in einem atmungsaktiven Inlett mit Rei\u00dfverschlu\u00df (Sie k\u00f6nnen also auch einmal nachf\u00fcllen oder austauschen). Dieses Inlett steckt dann wiederum in der Au\u00dfenh\u00fclle aus hochwertiger und extra stabiler spezialbeschichteter Kunstfaser. Mehrere attraktive Farben stehen zur Auswahl. <\/p>\n<p> Sie reinigen das Kissen durch einfaches feuchtes Abwischen oder durch Handw\u00e4sche der H\u00fclle bis 30\u00b0C. <\/p>\n<p> Ihr Hund verdient nur das Beste: Relaxx\u00ae, ein Markenprodukt von Pet-Star\u00ae.<\/p>\n","protected":false},"excerpt":{"rendered":"<p>Das Besondere an den Relaxx\u00ae Hundekissen ist die k\u00f6rpergerechte F\u00fcllung. Sie besteht aus hochwertigen EPS-Perlen. Diese finden in gleicher Qualit\u00e4t zum Beispiel auch in Stillkissen oder im therapeutischen Bereich ihre Anwendung. Dank dieser Perlen passt sich das Kissen optimal der K\u00f6rperform Ihres Tieres an. Gleichzeitig wirkt die F\u00fcllung w\u00e4rmer\u00fcckstrahlend, isolierend, antiallergisch und ist absolut hygienisch. [&hellip;]<\/p>\n","protected":false},"featured_media":7970,"comment_status":"closed","ping_status":"open","template":"","meta":[],"product_cat":[15113],"product_tag":[],"class_list":{"0":"post-50751","1":"product","2":"type-product","3":"status-publish","4":"has-post-thumbnail","6":"product_cat-hundebetten-hundekissen-betten-koerbe","8":"first","9":"instock","10":"taxable","11":"shipping-taxable","12":"purchasable","13":"product-type-simple"},"_links":{"self":[{"href":"https:\/\/all-pets.de\/shop\/wp-json\/wp\/v2\/product\/50751","targetHints":{"allow":["GET"]}}],"collection":[{"href":"https:\/\/all-pets.de\/shop\/wp-json\/wp\/v2\/product"}],"about":[{"href":"https:\/\/all-pets.de\/shop\/wp-json\/wp\/v2\/types\/product"}],"replies":[{"embeddable":true,"href":"https:\/\/all-pets.de\/shop\/wp-json\/wp\/v2\/comments?post=50751"}],"wp:featuredmedia":[{"embeddable":true,"href":"https:\/\/all-pets.de\/shop\/wp-json\/wp\/v2\/media\/7970"}],"wp:attachment":[{"href":"https:\/\/all-pets.de\/shop\/wp-json\/wp\/v2\/media?parent=50751"}],"wp:term":[{"taxonomy":"product_cat","embeddable":true,"href":"https:\/\/all-pets.de\/shop\/wp-json\/wp\/v2\/product_cat?post=50751"},{"taxonomy":"product_tag","embeddable":true,"href":"https:\/\/all-pets.de\/shop\/wp-json\/wp\/v2\/product_tag?post=50751"}],"curies":[{"name":"wp","href":"https:\/\/api.w.org\/{rel}","templated":true}]}}