{"id":50756,"date":"2023-12-12T12:36:24","date_gmt":"2023-12-12T11:36:24","guid":{"rendered":"https:\/\/pet-shopping.de\/shop\/produkt\/trixie-kratzbaum-madrid-grau\/"},"modified":"2023-12-12T12:36:24","modified_gmt":"2023-12-12T11:36:24","slug":"trixie-kratzbaum-madrid-grau","status":"publish","type":"product","link":"https:\/\/all-pets.de\/shop\/produkt\/trixie-kratzbaum-madrid-grau\/","title":{"rendered":"Trixie Kratzbaum MADRID &#8211; Grau"},"content":{"rendered":"<p>Die Trixie Dream World Kratzb\u00e4ume bieten einen idealen Spiel- und Ruheplatz f\u00fcr Katzen jeden Alters und sch\u00fctzen Ihre M\u00f6bel und Teppiche vor den nat\u00fcrlichen Kratzgewohnheiten Ihres Stubentigers. Die St\u00e4mme der Kratzb\u00e4ume sind mit Natursisal umwickelt, Liegeplatten, Mulden und H\u00f6hlen mit weichem Pl\u00fcsch bezogen.<\/p>\n<p>Der deckenhohe Trixie Dream World Kratzbaum Madrid ist durch seinen Deckenspanner f\u00fcr R\u00e4ume von 245 cm bis 270 cm Deckenh\u00f6he geeignet. <\/p>\n<p>Insgesamt besteht er aus einer Bodenplatte,13 Sisal-St\u00e4mmen, einer H\u00f6hle, 2 Liegemulden,4 Liegeplatten, einer Spielrolle und dem Deckenspanner.<\/p>\n<p>Die Liegemulde wird durch einen Metall-Rahmen verst\u00e4rkt und die Liegeplatten, sowie die H\u00f6hle, sind komplett mit Pl\u00fcsch ausgestattet.<\/p>\n<p>Gesamth\u00f6he: 245 &#8211; 270 cm <br \/> Bodenplatte:68 x44cm<br \/> St\u00e4mme:9 cm Durchmesser<br \/> H\u00f6hle: 51 x37\/37 x 30cm<br \/> Liegemulden: <br \/> 1. 37 x37 cm<br \/> 2.40 cm Durchmesser<br \/> 4 Liegeplatten: <br \/> 1. 41 x 41 cm <br \/> 2. 37 x 37 cm (3 St\u00fcck)<br \/> Spielrolle:23 cm Durchmesser \/26 cm<\/p>\n<p>Farbe: Platingrau<\/p>\n","protected":false},"excerpt":{"rendered":"<p>Die Trixie Dream World Kratzb\u00e4ume bieten einen idealen Spiel- und Ruheplatz f\u00fcr Katzen jeden Alters und sch\u00fctzen Ihre M\u00f6bel und Teppiche vor den nat\u00fcrlichen Kratzgewohnheiten Ihres Stubentigers. Die St\u00e4mme der Kratzb\u00e4ume sind mit Natursisal umwickelt, Liegeplatten, Mulden und H\u00f6hlen mit weichem Pl\u00fcsch bezogen. Der deckenhohe Trixie Dream World Kratzbaum Madrid ist durch seinen Deckenspanner f\u00fcr [&hellip;]<\/p>\n","protected":false},"featured_media":8006,"comment_status":"closed","ping_status":"open","template":"","meta":[],"product_cat":[15425],"product_tag":[],"class_list":{"0":"post-50756","1":"product","2":"type-product","3":"status-publish","4":"has-post-thumbnail","6":"product_cat-kratzbaeume-moebel-deckenhohekatzenwelt","8":"first","9":"instock","10":"taxable","11":"shipping-taxable","12":"purchasable","13":"product-type-simple"},"_links":{"self":[{"href":"https:\/\/all-pets.de\/shop\/wp-json\/wp\/v2\/product\/50756","targetHints":{"allow":["GET"]}}],"collection":[{"href":"https:\/\/all-pets.de\/shop\/wp-json\/wp\/v2\/product"}],"about":[{"href":"https:\/\/all-pets.de\/shop\/wp-json\/wp\/v2\/types\/product"}],"replies":[{"embeddable":true,"href":"https:\/\/all-pets.de\/shop\/wp-json\/wp\/v2\/comments?post=50756"}],"wp:featuredmedia":[{"embeddable":true,"href":"https:\/\/all-pets.de\/shop\/wp-json\/wp\/v2\/media\/8006"}],"wp:attachment":[{"href":"https:\/\/all-pets.de\/shop\/wp-json\/wp\/v2\/media?parent=50756"}],"wp:term":[{"taxonomy":"product_cat","embeddable":true,"href":"https:\/\/all-pets.de\/shop\/wp-json\/wp\/v2\/product_cat?post=50756"},{"taxonomy":"product_tag","embeddable":true,"href":"https:\/\/all-pets.de\/shop\/wp-json\/wp\/v2\/product_tag?post=50756"}],"curies":[{"name":"wp","href":"https:\/\/api.w.org\/{rel}","templated":true}]}}