{"id":50760,"date":"2023-12-12T12:36:24","date_gmt":"2023-12-12T11:36:24","guid":{"rendered":"https:\/\/pet-shopping.de\/shop\/produkt\/karlie-action-ball-fussball-125-cm\/"},"modified":"2023-12-12T12:36:25","modified_gmt":"2023-12-12T11:36:25","slug":"karlie-action-ball-fussball-125-cm","status":"publish","type":"product","link":"https:\/\/all-pets.de\/shop\/produkt\/karlie-action-ball-fussball-125-cm\/","title":{"rendered":"Karlie ACTION BALL Fu\u00dfball &#8211; 12,5 cm"},"content":{"rendered":"<p>KARLIE ACTION BALL &#8211; die Weltneuheit! Von Hundetrainern empfohlen und weltweit patentiert, verbindet diese neue Spielart Mensch und Tier spielerisch \u00fcber Stunden im gemeinsamen Spiel und Spa\u00df. Die besonders artgerechte Konstruktion erm\u00f6glicht jedem Hund ein festes und sicheres Zupacken.Auch der mitspielende Hunde-Besitzer kann den Ball so jeder Zeit schnell greifen.<\/p>\n<p>Durchmesser: ca. 12,5 cm<\/p>\n","protected":false},"excerpt":{"rendered":"<p>KARLIE ACTION BALL &#8211; die Weltneuheit! Von Hundetrainern empfohlen und weltweit patentiert, verbindet diese neue Spielart Mensch und Tier spielerisch \u00fcber Stunden im gemeinsamen Spiel und Spa\u00df. Die besonders artgerechte Konstruktion erm\u00f6glicht jedem Hund ein festes und sicheres Zupacken.Auch der mitspielende Hunde-Besitzer kann den Ball so jeder Zeit schnell greifen. Durchmesser: ca. 12,5 cm<\/p>\n","protected":false},"featured_media":8067,"comment_status":"closed","ping_status":"open","template":"","meta":[],"product_cat":[13769],"product_tag":[],"class_list":{"0":"post-50760","1":"product","2":"type-product","3":"status-publish","4":"has-post-thumbnail","6":"product_cat-hundebaelle","8":"first","9":"instock","10":"taxable","11":"shipping-taxable","12":"purchasable","13":"product-type-simple"},"_links":{"self":[{"href":"https:\/\/all-pets.de\/shop\/wp-json\/wp\/v2\/product\/50760","targetHints":{"allow":["GET"]}}],"collection":[{"href":"https:\/\/all-pets.de\/shop\/wp-json\/wp\/v2\/product"}],"about":[{"href":"https:\/\/all-pets.de\/shop\/wp-json\/wp\/v2\/types\/product"}],"replies":[{"embeddable":true,"href":"https:\/\/all-pets.de\/shop\/wp-json\/wp\/v2\/comments?post=50760"}],"wp:featuredmedia":[{"embeddable":true,"href":"https:\/\/all-pets.de\/shop\/wp-json\/wp\/v2\/media\/8067"}],"wp:attachment":[{"href":"https:\/\/all-pets.de\/shop\/wp-json\/wp\/v2\/media?parent=50760"}],"wp:term":[{"taxonomy":"product_cat","embeddable":true,"href":"https:\/\/all-pets.de\/shop\/wp-json\/wp\/v2\/product_cat?post=50760"},{"taxonomy":"product_tag","embeddable":true,"href":"https:\/\/all-pets.de\/shop\/wp-json\/wp\/v2\/product_tag?post=50760"}],"curies":[{"name":"wp","href":"https:\/\/api.w.org\/{rel}","templated":true}]}}