{"id":50761,"date":"2023-12-12T12:36:24","date_gmt":"2023-12-12T11:36:24","guid":{"rendered":"https:\/\/pet-shopping.de\/shop\/produkt\/karlie-anti-zug-halfter-mastercontrol-groesse-1\/"},"modified":"2023-12-12T12:36:25","modified_gmt":"2023-12-12T11:36:25","slug":"karlie-anti-zug-halfter-mastercontrol-groesse-1","status":"publish","type":"product","link":"https:\/\/all-pets.de\/shop\/produkt\/karlie-anti-zug-halfter-mastercontrol-groesse-1\/","title":{"rendered":"Karlie Anti-Zug-Halfter MASTERCONTROL &#8211; Gr\u00f6\u00dfe 1"},"content":{"rendered":"<p>Erziehung und Kontrolle &#8211; leicht gemacht!<br \/> &#8211; Kein unkontrolliertes Ziehen mehr<br \/> &#8211; Stressfreie Spazierg\u00e4nge<br \/> &#8211; Schonend f\u00fcr Mensch und Tier<br \/> &#8211; Erleichtert das F\u00fchren und Erziehen des Hundes<br \/> &#8211; Farbe: Schwarz<br \/> &#8211; Gr\u00f6\u00dfe 1: Schnauzenumfang max. ca. 20 cm z.B. f\u00fcr Yorkshire Terrier<\/p>\n","protected":false},"excerpt":{"rendered":"<p>Erziehung und Kontrolle &#8211; leicht gemacht! &#8211; Kein unkontrolliertes Ziehen mehr &#8211; Stressfreie Spazierg\u00e4nge &#8211; Schonend f\u00fcr Mensch und Tier &#8211; Erleichtert das F\u00fchren und Erziehen des Hundes &#8211; Farbe: Schwarz &#8211; Gr\u00f6\u00dfe 1: Schnauzenumfang max. ca. 20 cm z.B. f\u00fcr Yorkshire Terrier<\/p>\n","protected":false},"featured_media":8093,"comment_status":"closed","ping_status":"open","template":"","meta":[],"product_cat":[15426],"product_tag":[],"class_list":{"0":"post-50761","1":"product","2":"type-product","3":"status-publish","4":"has-post-thumbnail","6":"product_cat-erziehungs-hilfen","8":"first","9":"instock","10":"taxable","11":"shipping-taxable","12":"purchasable","13":"product-type-simple"},"_links":{"self":[{"href":"https:\/\/all-pets.de\/shop\/wp-json\/wp\/v2\/product\/50761","targetHints":{"allow":["GET"]}}],"collection":[{"href":"https:\/\/all-pets.de\/shop\/wp-json\/wp\/v2\/product"}],"about":[{"href":"https:\/\/all-pets.de\/shop\/wp-json\/wp\/v2\/types\/product"}],"replies":[{"embeddable":true,"href":"https:\/\/all-pets.de\/shop\/wp-json\/wp\/v2\/comments?post=50761"}],"wp:featuredmedia":[{"embeddable":true,"href":"https:\/\/all-pets.de\/shop\/wp-json\/wp\/v2\/media\/8093"}],"wp:attachment":[{"href":"https:\/\/all-pets.de\/shop\/wp-json\/wp\/v2\/media?parent=50761"}],"wp:term":[{"taxonomy":"product_cat","embeddable":true,"href":"https:\/\/all-pets.de\/shop\/wp-json\/wp\/v2\/product_cat?post=50761"},{"taxonomy":"product_tag","embeddable":true,"href":"https:\/\/all-pets.de\/shop\/wp-json\/wp\/v2\/product_tag?post=50761"}],"curies":[{"name":"wp","href":"https:\/\/api.w.org\/{rel}","templated":true}]}}