{"id":50814,"date":"2023-12-12T12:36:36","date_gmt":"2023-12-12T11:36:36","guid":{"rendered":"https:\/\/pet-shopping.de\/shop\/produkt\/karlie-senior-dog-toy-ball-mit-seil-15-cm\/"},"modified":"2023-12-12T12:36:37","modified_gmt":"2023-12-12T11:36:37","slug":"karlie-senior-dog-toy-ball-mit-seil-15-cm","status":"publish","type":"product","link":"https:\/\/all-pets.de\/shop\/produkt\/karlie-senior-dog-toy-ball-mit-seil-15-cm\/","title":{"rendered":"Karlie SENIOR DOG TOY Ball mit Seil &#8211; 15 cm"},"content":{"rendered":"<p>SENIOR DOG TOY<\/p>\n<p>Senior-Spielzeug unterst\u00fctzt diesen Anspruch mit: DOGNIP nat\u00fcrlicher Duft der Hunde positiv best\u00e4rkt und zum Spielen animiert. Vollverdauliche Ger\u00e4uschrassel. Ausgesuchte Materialien, die zahnschonend und besonders sicher sind. Extra Ma\u00dfe, auch f\u00fcr kleine und gro\u00dfe Hunde gut erkennbares Spielzeug.<\/p>\n","protected":false},"excerpt":{"rendered":"<p>SENIOR DOG TOY Senior-Spielzeug unterst\u00fctzt diesen Anspruch mit: DOGNIP nat\u00fcrlicher Duft der Hunde positiv best\u00e4rkt und zum Spielen animiert. Vollverdauliche Ger\u00e4uschrassel. Ausgesuchte Materialien, die zahnschonend und besonders sicher sind. Extra Ma\u00dfe, auch f\u00fcr kleine und gro\u00dfe Hunde gut erkennbares Spielzeug.<\/p>\n","protected":false},"featured_media":8743,"comment_status":"closed","ping_status":"open","template":"","meta":[],"product_cat":[15433],"product_tag":[],"class_list":{"0":"post-50814","1":"product","2":"type-product","3":"status-publish","4":"has-post-thumbnail","6":"product_cat-senioren-spielzeug","8":"first","9":"instock","10":"taxable","11":"shipping-taxable","12":"purchasable","13":"product-type-simple"},"_links":{"self":[{"href":"https:\/\/all-pets.de\/shop\/wp-json\/wp\/v2\/product\/50814","targetHints":{"allow":["GET"]}}],"collection":[{"href":"https:\/\/all-pets.de\/shop\/wp-json\/wp\/v2\/product"}],"about":[{"href":"https:\/\/all-pets.de\/shop\/wp-json\/wp\/v2\/types\/product"}],"replies":[{"embeddable":true,"href":"https:\/\/all-pets.de\/shop\/wp-json\/wp\/v2\/comments?post=50814"}],"wp:featuredmedia":[{"embeddable":true,"href":"https:\/\/all-pets.de\/shop\/wp-json\/wp\/v2\/media\/8743"}],"wp:attachment":[{"href":"https:\/\/all-pets.de\/shop\/wp-json\/wp\/v2\/media?parent=50814"}],"wp:term":[{"taxonomy":"product_cat","embeddable":true,"href":"https:\/\/all-pets.de\/shop\/wp-json\/wp\/v2\/product_cat?post=50814"},{"taxonomy":"product_tag","embeddable":true,"href":"https:\/\/all-pets.de\/shop\/wp-json\/wp\/v2\/product_tag?post=50814"}],"curies":[{"name":"wp","href":"https:\/\/api.w.org\/{rel}","templated":true}]}}