{"id":51054,"date":"2023-12-12T12:37:25","date_gmt":"2023-12-12T11:37:25","guid":{"rendered":"https:\/\/pet-shopping.de\/shop\/produkt\/trixie-hundewindeln-fuer-rueden-s-m\/"},"modified":"2023-12-12T12:37:26","modified_gmt":"2023-12-12T11:37:26","slug":"trixie-hundewindeln-fuer-rueden-s-m","status":"publish","type":"product","link":"https:\/\/all-pets.de\/shop\/produkt\/trixie-hundewindeln-fuer-rueden-s-m\/","title":{"rendered":"Trixie Hundewindeln f\u00fcr R\u00fcden &#8211; S-M"},"content":{"rendered":"<p>Bei den Trixie Hundewindeln speziell f\u00fcr R\u00fcden handelt es sich um Bauchbinden, die f\u00fcr Hygiene bei Inkontinenz, nach Operationen und auf Reisen sorgen. <\/p>\n<p>Die Einwegwindeln sind besonders saugf\u00e4hig und durch ein Gummiband und Klebeverschl\u00fcsse gut zu fixieren. <\/p>\n<p>Inhalt: 12 St\u00fcck<br \/> Gr\u00f6\u00dfe S-M: Taillenumfang ca. 30-46 cm<\/p>\n","protected":false},"excerpt":{"rendered":"<p>Bei den Trixie Hundewindeln speziell f\u00fcr R\u00fcden handelt es sich um Bauchbinden, die f\u00fcr Hygiene bei Inkontinenz, nach Operationen und auf Reisen sorgen. Die Einwegwindeln sind besonders saugf\u00e4hig und durch ein Gummiband und Klebeverschl\u00fcsse gut zu fixieren. Inhalt: 12 St\u00fcck Gr\u00f6\u00dfe S-M: Taillenumfang ca. 30-46 cm<\/p>\n","protected":false},"featured_media":16564,"comment_status":"closed","ping_status":"open","template":"","meta":[],"product_cat":[15311],"product_tag":[],"class_list":{"0":"post-51054","1":"product","2":"type-product","3":"status-publish","4":"has-post-thumbnail","6":"product_cat-hundetoiletten-hygiene-pflege-gesundheit-hundewelt","8":"first","9":"instock","10":"taxable","11":"shipping-taxable","12":"purchasable","13":"product-type-simple"},"_links":{"self":[{"href":"https:\/\/all-pets.de\/shop\/wp-json\/wp\/v2\/product\/51054","targetHints":{"allow":["GET"]}}],"collection":[{"href":"https:\/\/all-pets.de\/shop\/wp-json\/wp\/v2\/product"}],"about":[{"href":"https:\/\/all-pets.de\/shop\/wp-json\/wp\/v2\/types\/product"}],"replies":[{"embeddable":true,"href":"https:\/\/all-pets.de\/shop\/wp-json\/wp\/v2\/comments?post=51054"}],"wp:featuredmedia":[{"embeddable":true,"href":"https:\/\/all-pets.de\/shop\/wp-json\/wp\/v2\/media\/16564"}],"wp:attachment":[{"href":"https:\/\/all-pets.de\/shop\/wp-json\/wp\/v2\/media?parent=51054"}],"wp:term":[{"taxonomy":"product_cat","embeddable":true,"href":"https:\/\/all-pets.de\/shop\/wp-json\/wp\/v2\/product_cat?post=51054"},{"taxonomy":"product_tag","embeddable":true,"href":"https:\/\/all-pets.de\/shop\/wp-json\/wp\/v2\/product_tag?post=51054"}],"curies":[{"name":"wp","href":"https:\/\/api.w.org\/{rel}","templated":true}]}}