{"id":51164,"date":"2023-12-12T12:37:50","date_gmt":"2023-12-12T11:37:50","guid":{"rendered":"https:\/\/pet-shopping.de\/shop\/produkt\/ebi-petit-wasserspielzeug-coco-fuer-welpen-gelb\/"},"modified":"2023-12-12T12:37:50","modified_gmt":"2023-12-12T11:37:50","slug":"ebi-petit-wasserspielzeug-coco-fuer-welpen-gelb","status":"publish","type":"product","link":"https:\/\/all-pets.de\/shop\/produkt\/ebi-petit-wasserspielzeug-coco-fuer-welpen-gelb\/","title":{"rendered":"EBI Petit Wasserspielzeug Coco f\u00fcr Welpen &#8211; Gelb"},"content":{"rendered":"<p>&#8211; Schmerzlinderndes und erfrischendes Wasserspielzeug<br \/> &#8211; Strapazierf\u00e4higer elastischer TPE-Gummi und aufsaugende Schw\u00e4mme<br \/> &#8211; Ist f\u00fcr K\u00fchlschrank und Sp\u00fclmaschine geeignet<br \/> &#8211; Ergonomisches Design &#038; sichtbare Farbe<br \/> &#8211; F\u00fcr Welpen und kleine Hunde<br \/> &#8211; Gr\u00f6\u00dfe: ca. 12 x 6 x 6 cm<br \/> &#8211; Farbe: Gelb<\/p>\n<p>Coco von PETIT ist ein Outdoor-Wasserspielzeug f\u00fcr kleine und energiegeladene Hunde. Der hochelastische Gummi\u00fcberzug regt den Hund zum Kauen an und der weiche Schwamm sorgt f\u00fcr noch intensiveres Spielvergn\u00fcgen. Wenn Sie das Spielzeug Coco ins Wasser legen, saugen sich die Schw\u00e4mme mit Wasser voll und wenn der Hund das Spielzeug kaut, flie\u00dft das Wasser in seinen Mund. Das mit Wasser angesaugte Spielzeug kann auch in den K\u00fchlschrank gelegt werden, um es an sonnigen Sommertagen zu einem erfrischend k\u00fchlen Spielzeug zu machen oder um Zahnschmerzen zu lindern. Die Pastellfarbe des Spielzeugs Coco ist eine der wenigen Farben, die Hunde wahrnehmen k\u00f6nnen.<\/p>\n","protected":false},"excerpt":{"rendered":"<p>&#8211; Schmerzlinderndes und erfrischendes Wasserspielzeug &#8211; Strapazierf\u00e4higer elastischer TPE-Gummi und aufsaugende Schw\u00e4mme &#8211; Ist f\u00fcr K\u00fchlschrank und Sp\u00fclmaschine geeignet &#8211; Ergonomisches Design &#038; sichtbare Farbe &#8211; F\u00fcr Welpen und kleine Hunde &#8211; Gr\u00f6\u00dfe: ca. 12 x 6 x 6 cm &#8211; Farbe: Gelb Coco von PETIT ist ein Outdoor-Wasserspielzeug f\u00fcr kleine und energiegeladene Hunde. Der [&hellip;]<\/p>\n","protected":false},"featured_media":17195,"comment_status":"closed","ping_status":"open","template":"","meta":[],"product_cat":[15480],"product_tag":[],"class_list":{"0":"post-51164","1":"product","2":"type-product","3":"status-publish","4":"has-post-thumbnail","6":"product_cat-aqua-spielzeug-hundespielzeug-sport-puppy-spielzeughundewelt","8":"first","9":"instock","10":"taxable","11":"shipping-taxable","12":"purchasable","13":"product-type-simple"},"_links":{"self":[{"href":"https:\/\/all-pets.de\/shop\/wp-json\/wp\/v2\/product\/51164","targetHints":{"allow":["GET"]}}],"collection":[{"href":"https:\/\/all-pets.de\/shop\/wp-json\/wp\/v2\/product"}],"about":[{"href":"https:\/\/all-pets.de\/shop\/wp-json\/wp\/v2\/types\/product"}],"replies":[{"embeddable":true,"href":"https:\/\/all-pets.de\/shop\/wp-json\/wp\/v2\/comments?post=51164"}],"wp:featuredmedia":[{"embeddable":true,"href":"https:\/\/all-pets.de\/shop\/wp-json\/wp\/v2\/media\/17195"}],"wp:attachment":[{"href":"https:\/\/all-pets.de\/shop\/wp-json\/wp\/v2\/media?parent=51164"}],"wp:term":[{"taxonomy":"product_cat","embeddable":true,"href":"https:\/\/all-pets.de\/shop\/wp-json\/wp\/v2\/product_cat?post=51164"},{"taxonomy":"product_tag","embeddable":true,"href":"https:\/\/all-pets.de\/shop\/wp-json\/wp\/v2\/product_tag?post=51164"}],"curies":[{"name":"wp","href":"https:\/\/api.w.org\/{rel}","templated":true}]}}